{"id":32,"date":"2021-05-04T19:07:38","date_gmt":"2021-05-04T17:07:38","guid":{"rendered":"http:\/\/qzrstudio.com\/redos\/?post_type=activity&#038;p=32"},"modified":"2025-04-03T17:41:52","modified_gmt":"2025-04-03T15:41:52","slug":"nome-dellevento","status":"publish","type":"activity","link":"https:\/\/qzrstudio.com\/redos\/en\/attivita\/nome-dellevento\/","title":{"rendered":"Allestimento dello studiolo Del Taja di Agostino Fantastici"},"content":{"rendered":"\n<p class=\"is-style-big\"><\/p>\n\n\n\n<p><\/p>\n\n\n\n\n<p><strong>Il 12 luglio 2021 \u00e8 stato presentato, dopo un attento restauro condotto da Simone Chiarugi<\/strong>,&nbsp;<strong>l\u2019allestimento permanente della libreria che Agostino Fantastici disegn\u00f2 per lo \u201cstudiolo\u201d del nobile Giulio del Taja all\u2019interno del palazzo di famiglia di via Montanini<\/strong>. La libreria, una raffinata e originale opera di ebanisteria realizzata tra il 1824 e il 1825, \u00e8 dal 2006 di propriet\u00e0 della Fondazione Monte dei Paschi di Siena che l\u2019ha concessa in comodato d\u2019uso alla Biblioteca comunale degli Intronati.<\/p>\n\n\n\n<p>La libreria in legno di cipresso, noce, ciliegio, bosso e palissandro fu disegnata da Agostino Fantastici e costruita dal falegname Venanzio di Girolamo Baroni tra 1824 e 1825 su incarico dell\u2019aristocratico senese Giulio del Taja. Il mobile arredava in origine lo studio del nobiluomo nel palazzo familiare in via dei Montanini 53-63 a Siena. Al momento della vendita dell\u2019immobile da parte degli eredi, negli anni Cinquanta del Novecento, fu trasferita e adattata in un ambiente della Villa del Serraglio, in localit\u00e0 Monteliscai, di propriet\u00e0 della medesima famiglia. Transitata infine sul mercato antiquario divenne di propriet\u00e0 della Fondazione del Monte dei Paschi di Siena nel 2006. Concessa da quest\u2019ultima in comodato d\u2019uso alla Biblioteca comunale degli Intronati (che conserva peraltro alcuni manoscritti e un ricco corpus di disegni di Fantastici, oltre ai libri d\u2019arte che egli stesso volle lasciarvi per lascito testamentario), la libreria \u00e8 stata restaurata e rimontata \u2013 adattandola all\u2019ambiente appositamente individuato \u2013 in modo da essere sia goduta come oggetto d\u2019arte, sia utilizzata per quella che \u00e8 da sempre la sua funzione precipua.<\/p>\n\n\n\n<p>Il restauro e la ricomposizione sono stati progettati ed eseguiti \u2013 sotto la sorveglianza della Soprintendenza Archeologia, Belle Arti e Paesaggio per le province di Siena, Arezzo e Grosseto \u2013 da Simone Chiarugi, tra i massimi conoscitori, tanto come studioso quanto come restauratore, dell\u2019opera degli ebanisti e intagliatori toscani del secolo XIX. Il progetto illuminotecnico e la fornitura dei corpi illuminanti sono di Rimani s.r.l., che ha contribuito all\u2019impresa attraverso una sponsorizzazione tecnica.<\/p>\n\n\n\n<p>L\u2019opera \u00e8 caratterizzata dall\u2019utilizzo, insieme al noce, del legno di cipresso, un materiale che diventer\u00e0 \u2013 a causa dei raffinati effetti pittorici \u2013 un tratto distintivo delle realizzazioni di Fantastici.<\/p>\n\n\n\n<p>Il pavimento \u00e8 composto da quattro grandi pannelli in cipresso con intarsi di noce e di palissandro a formare un ornato geometrico mistilineo; sui quattro lati sono disposte le pareti che ospitano gli sportelli e le scaffalature, dipinte a tempera e spartite da sottili colonne terminanti con alti capitelli decorati da motivi fitomorfi. Per tutto il perimetro della stanza, corre un fregio sul quale sono state applicate, in ordine, le lettere dell\u2019alfabeto che servivano per la classificazione dei volumi.<\/p>\n\n\n\n<p>Sotto il pavimento \u00e8 inscritta la data \u201c1824\u201d, mentre sul retro di una delle scaffalature lasci\u00f2 memoria di s\u00e9 l\u2019artigiano che esegu\u00ec l\u2019opera: \u201cVenanzio figlio di Girolamo Baroni Fallegname di Buon Convento fece il presente Lavoro sotto la direzione del Sig.r Agostino Fantastici Ingenniere ordinato dall\u2019Ill.mo Sig.r Giulio del Taja l\u2019anno 1825\u201d.<\/p>\n\n\n\n<p>\u201c\u00c8 stata un\u2019operazione realizzata in collaborazione con la Fondazione Monte dei Paschi \u2013 ha detto il sindaco Luigi De Mossi \u2013 che ringrazio per averci che ci ha messo a disposizione questo manufatto che arricchisce la nostra Biblioteca. La qualit\u00e0 del restauro \u00e8 di altissimo livello \u2013 prosegue il sindaco \u2013 un grazie particolare va al restauratore, al presidente, al direttore e al consiglio della Biblioteca per l\u2019ottimo lavoro svolto. Fantastici \u00e8 stato un grande architetto-ingegnere che nel nostro territorio ha fatto moltissime importanti operazioni, ha lavorato al Teatro dei Rinnovati e al Teatro dei Rozzi. Anche le inferriate del Santa Maria della Scala sembra siano state realizzate proprio su disegno di Fantastici, inferriate che vorremmo presto riportare al loro splendore\u201d.<\/p>\n\n\n\n<p><a><\/a>\u201cLa libreria realizzata da Agostino Fantastici fa parte dal 2006 della collezione opere d\u2019arte della Fondazione Mps che \u00e8 interamente \u201cvincolata in collezione\u201d dal 2009 \u2013 ha spiegato il presidente della Fondazione Mps, Carlo Rossi \u2013 In un\u2019ottica di massima valorizzazione delle nostre opere abbiamo deciso, in accordo con il Comune di Siena, di collocarla in comodato d\u2019uso gratuito presso la Biblioteca Comunale, luogo di elezione per la raffinata e originale opera. Questa collocazione \u2013 continua Rossi \u2013 garantisce da un lato la migliore contestualizzazione in termini di spazi per ricreare l\u2019opera, cos\u00ec come fu concepita dall\u2019architetto Fantastici, dall\u2019altro persegue il nostro obiettivo di rendere fruibile e accessibile il nostro patrimonio artistico alla cittadinanza. L\u2019opera \u00e8 stata rimontata ed esposta al pubblico una sola volta, nel 1992, in occasione della mostra \u201cAgostino Fantastici architetto senese 1782-1845 organizzata dal Comune di Siena. &nbsp;La presentazione di questa mattina assume una rilevanza artistica e conoscitiva e costituisce il primo di una serie di approfondimenti culturali, di concerto con l\u2019Istituzione, per la valorizzazione del bene\u201d.<\/p>\n\n\n\t<div class=\"qzr-dynamic-blocks\" data-block=\"collapsable-panels\">\r\n\t\t\t<\/div>\r\n\t\n","protected":false},"featured_media":458,"template":"","class_list":["post-32","activity","type-activity","status-publish","has-post-thumbnail","hentry"],"yoast_head":"<!-- This site is optimized with the Yoast SEO plugin v24.8.1 - https:\/\/yoast.com\/wordpress\/plugins\/seo\/ -->\n<title>Allestimento dello studiolo Del Taja di Agostino Fantastici - ReDoS<\/title>\n<meta name=\"robots\" content=\"noindex, follow, max-snippet:-1, max-image-preview:large, max-video-preview:-1\" \/>\n<meta property=\"og:locale\" content=\"en_US\" \/>\n<meta property=\"og:type\" content=\"article\" \/>\n<meta property=\"og:title\" content=\"Allestimento dello studiolo Del Taja di Agostino Fantastici - ReDoS\" \/>\n<meta property=\"og:url\" content=\"https:\/\/qzrstudio.com\/redos\/attivita\/nome-dellevento\/\" \/>\n<meta property=\"og:site_name\" content=\"ReDoS\" \/>\n<meta property=\"article:modified_time\" content=\"2025-04-03T15:41:52+00:00\" \/>\n<meta property=\"og:image\" content=\"https:\/\/qzrstudio.com\/redos\/wp-content\/uploads\/2021\/05\/DSC_2320-copia.jpg\" \/>\n\t<meta property=\"og:image:width\" content=\"1920\" \/>\n\t<meta property=\"og:image:height\" content=\"520\" \/>\n\t<meta property=\"og:image:type\" content=\"image\/jpeg\" \/>\n<meta name=\"twitter:card\" content=\"summary_large_image\" \/>\n<meta name=\"twitter:label1\" content=\"Est. reading time\" \/>\n\t<meta name=\"twitter:data1\" content=\"4 minutes\" \/>\n<script type=\"application\/ld+json\" class=\"yoast-schema-graph\">{\"@context\":\"https:\/\/schema.org\",\"@graph\":[{\"@type\":\"WebPage\",\"@id\":\"https:\/\/qzrstudio.com\/redos\/attivita\/nome-dellevento\/\",\"url\":\"https:\/\/qzrstudio.com\/redos\/attivita\/nome-dellevento\/\",\"name\":\"Allestimento dello studiolo Del Taja di Agostino Fantastici - ReDoS\",\"isPartOf\":{\"@id\":\"https:\/\/qzrstudio.com\/redos\/#website\"},\"primaryImageOfPage\":{\"@id\":\"https:\/\/qzrstudio.com\/redos\/attivita\/nome-dellevento\/#primaryimage\"},\"image\":{\"@id\":\"https:\/\/qzrstudio.com\/redos\/attivita\/nome-dellevento\/#primaryimage\"},\"thumbnailUrl\":\"https:\/\/qzrstudio.com\/redos\/wp-content\/uploads\/2021\/05\/DSC_2320-copia.jpg\",\"datePublished\":\"2021-05-04T17:07:38+00:00\",\"dateModified\":\"2025-04-03T15:41:52+00:00\",\"breadcrumb\":{\"@id\":\"https:\/\/qzrstudio.com\/redos\/attivita\/nome-dellevento\/#breadcrumb\"},\"inLanguage\":\"en-US\",\"potentialAction\":[{\"@type\":\"ReadAction\",\"target\":[\"https:\/\/qzrstudio.com\/redos\/attivita\/nome-dellevento\/\"]}]},{\"@type\":\"ImageObject\",\"inLanguage\":\"en-US\",\"@id\":\"https:\/\/qzrstudio.com\/redos\/attivita\/nome-dellevento\/#primaryimage\",\"url\":\"https:\/\/qzrstudio.com\/redos\/wp-content\/uploads\/2021\/05\/DSC_2320-copia.jpg\",\"contentUrl\":\"https:\/\/qzrstudio.com\/redos\/wp-content\/uploads\/2021\/05\/DSC_2320-copia.jpg\",\"width\":1920,\"height\":520},{\"@type\":\"BreadcrumbList\",\"@id\":\"https:\/\/qzrstudio.com\/redos\/attivita\/nome-dellevento\/#breadcrumb\",\"itemListElement\":[{\"@type\":\"ListItem\",\"position\":1,\"name\":\"Home\",\"item\":\"https:\/\/qzrstudio.com\/redos\/en\/\"},{\"@type\":\"ListItem\",\"position\":2,\"name\":\"Attivit\u00e0\",\"item\":\"https:\/\/qzrstudio.com\/redos\/attivita\/\"},{\"@type\":\"ListItem\",\"position\":3,\"name\":\"Allestimento dello studiolo Del Taja di Agostino Fantastici\"}]},{\"@type\":\"WebSite\",\"@id\":\"https:\/\/qzrstudio.com\/redos\/#website\",\"url\":\"https:\/\/qzrstudio.com\/redos\/\",\"name\":\"ReDoS\",\"description\":\"Rete Documentaria Senese\",\"potentialAction\":[{\"@type\":\"SearchAction\",\"target\":{\"@type\":\"EntryPoint\",\"urlTemplate\":\"https:\/\/qzrstudio.com\/redos\/?s={search_term_string}\"},\"query-input\":{\"@type\":\"PropertyValueSpecification\",\"valueRequired\":true,\"valueName\":\"search_term_string\"}}],\"inLanguage\":\"en-US\"}]}<\/script>\n<!-- \/ Yoast SEO plugin. -->","yoast_head_json":{"title":"Allestimento dello studiolo Del Taja di Agostino Fantastici - ReDoS","robots":{"index":"noindex","follow":"follow","max-snippet":"max-snippet:-1","max-image-preview":"max-image-preview:large","max-video-preview":"max-video-preview:-1"},"og_locale":"en_US","og_type":"article","og_title":"Allestimento dello studiolo Del Taja di Agostino Fantastici - ReDoS","og_url":"https:\/\/qzrstudio.com\/redos\/attivita\/nome-dellevento\/","og_site_name":"ReDoS","article_modified_time":"2025-04-03T15:41:52+00:00","og_image":[{"width":1920,"height":520,"url":"https:\/\/qzrstudio.com\/redos\/wp-content\/uploads\/2021\/05\/DSC_2320-copia.jpg","type":"image\/jpeg"}],"twitter_card":"summary_large_image","twitter_misc":{"Est. reading time":"4 minutes"},"schema":{"@context":"https:\/\/schema.org","@graph":[{"@type":"WebPage","@id":"https:\/\/qzrstudio.com\/redos\/attivita\/nome-dellevento\/","url":"https:\/\/qzrstudio.com\/redos\/attivita\/nome-dellevento\/","name":"Allestimento dello studiolo Del Taja di Agostino Fantastici - ReDoS","isPartOf":{"@id":"https:\/\/qzrstudio.com\/redos\/#website"},"primaryImageOfPage":{"@id":"https:\/\/qzrstudio.com\/redos\/attivita\/nome-dellevento\/#primaryimage"},"image":{"@id":"https:\/\/qzrstudio.com\/redos\/attivita\/nome-dellevento\/#primaryimage"},"thumbnailUrl":"https:\/\/qzrstudio.com\/redos\/wp-content\/uploads\/2021\/05\/DSC_2320-copia.jpg","datePublished":"2021-05-04T17:07:38+00:00","dateModified":"2025-04-03T15:41:52+00:00","breadcrumb":{"@id":"https:\/\/qzrstudio.com\/redos\/attivita\/nome-dellevento\/#breadcrumb"},"inLanguage":"en-US","potentialAction":[{"@type":"ReadAction","target":["https:\/\/qzrstudio.com\/redos\/attivita\/nome-dellevento\/"]}]},{"@type":"ImageObject","inLanguage":"en-US","@id":"https:\/\/qzrstudio.com\/redos\/attivita\/nome-dellevento\/#primaryimage","url":"https:\/\/qzrstudio.com\/redos\/wp-content\/uploads\/2021\/05\/DSC_2320-copia.jpg","contentUrl":"https:\/\/qzrstudio.com\/redos\/wp-content\/uploads\/2021\/05\/DSC_2320-copia.jpg","width":1920,"height":520},{"@type":"BreadcrumbList","@id":"https:\/\/qzrstudio.com\/redos\/attivita\/nome-dellevento\/#breadcrumb","itemListElement":[{"@type":"ListItem","position":1,"name":"Home","item":"https:\/\/qzrstudio.com\/redos\/en\/"},{"@type":"ListItem","position":2,"name":"Attivit\u00e0","item":"https:\/\/qzrstudio.com\/redos\/attivita\/"},{"@type":"ListItem","position":3,"name":"Allestimento dello studiolo Del Taja di Agostino Fantastici"}]},{"@type":"WebSite","@id":"https:\/\/qzrstudio.com\/redos\/#website","url":"https:\/\/qzrstudio.com\/redos\/","name":"ReDoS","description":"Rete Documentaria Senese","potentialAction":[{"@type":"SearchAction","target":{"@type":"EntryPoint","urlTemplate":"https:\/\/qzrstudio.com\/redos\/?s={search_term_string}"},"query-input":{"@type":"PropertyValueSpecification","valueRequired":true,"valueName":"search_term_string"}}],"inLanguage":"en-US"}]}},"_links":{"self":[{"href":"https:\/\/qzrstudio.com\/redos\/en\/wp-json\/wp\/v2\/activity\/32","targetHints":{"allow":["GET"]}}],"collection":[{"href":"https:\/\/qzrstudio.com\/redos\/en\/wp-json\/wp\/v2\/activity"}],"about":[{"href":"https:\/\/qzrstudio.com\/redos\/en\/wp-json\/wp\/v2\/types\/activity"}],"wp:featuredmedia":[{"embeddable":true,"href":"https:\/\/qzrstudio.com\/redos\/en\/wp-json\/wp\/v2\/media\/458"}],"wp:attachment":[{"href":"https:\/\/qzrstudio.com\/redos\/en\/wp-json\/wp\/v2\/media?parent=32"}],"curies":[{"name":"wp","href":"https:\/\/api.w.org\/{rel}","templated":true}]}}

<p class="is-style-big"></p>



<p></p>




<p><strong>Il 12 luglio 2021 è stato presentato, dopo un attento restauro condotto da Simone Chiarugi</strong>,&nbsp;<strong>l’allestimento permanente della libreria che Agostino Fantastici disegnò per lo “studiolo” del nobile Giulio del Taja all’interno del palazzo di famiglia di via Montanini</strong>. La libreria, una raffinata e originale opera di ebanisteria realizzata tra il 1824 e il 1825, è dal 2006 di proprietà della Fondazione Monte dei Paschi di Siena che l’ha concessa in comodato d’uso alla Biblioteca comunale degli Intronati.</p>



<p>La libreria in legno di cipresso, noce, ciliegio, bosso e palissandro fu disegnata da Agostino Fantastici e costruita dal falegname Venanzio di Girolamo Baroni tra 1824 e 1825 su incarico dell’aristocratico senese Giulio del Taja. Il mobile arredava in origine lo studio del nobiluomo nel palazzo familiare in via dei Montanini 53-63 a Siena. Al momento della vendita dell’immobile da parte degli eredi, negli anni Cinquanta del Novecento, fu trasferita e adattata in un ambiente della Villa del Serraglio, in località Monteliscai, di proprietà della medesima famiglia. Transitata infine sul mercato antiquario divenne di proprietà della Fondazione del Monte dei Paschi di Siena nel 2006. Concessa da quest’ultima in comodato d’uso alla Biblioteca comunale degli Intronati (che conserva peraltro alcuni manoscritti e un ricco corpus di disegni di Fantastici, oltre ai libri d’arte che egli stesso volle lasciarvi per lascito testamentario), la libreria è stata restaurata e rimontata – adattandola all’ambiente appositamente individuato – in modo da essere sia goduta come oggetto d’arte, sia utilizzata per quella che è da sempre la sua funzione precipua.</p>



<p>Il restauro e la ricomposizione sono stati progettati ed eseguiti – sotto la sorveglianza della Soprintendenza Archeologia, Belle Arti e Paesaggio per le province di Siena, Arezzo e Grosseto – da Simone Chiarugi, tra i massimi conoscitori, tanto come studioso quanto come restauratore, dell’opera degli ebanisti e intagliatori toscani del secolo XIX. Il progetto illuminotecnico e la fornitura dei corpi illuminanti sono di Rimani s.r.l., che ha contribuito all’impresa attraverso una sponsorizzazione tecnica.</p>



<p>L’opera è caratterizzata dall’utilizzo, insieme al noce, del legno di cipresso, un materiale che diventerà – a causa dei raffinati effetti pittorici – un tratto distintivo delle realizzazioni di Fantastici.</p>



<p>Il pavimento è composto da quattro grandi pannelli in cipresso con intarsi di noce e di palissandro a formare un ornato geometrico mistilineo; sui quattro lati sono disposte le pareti che ospitano gli sportelli e le scaffalature, dipinte a tempera e spartite da sottili colonne terminanti con alti capitelli decorati da motivi fitomorfi. Per tutto il perimetro della stanza, corre un fregio sul quale sono state applicate, in ordine, le lettere dell’alfabeto che servivano per la classificazione dei volumi.</p>



<p>Sotto il pavimento è inscritta la data “1824”, mentre sul retro di una delle scaffalature lasciò memoria di sé l’artigiano che eseguì l’opera: “Venanzio figlio di Girolamo Baroni Fallegname di Buon Convento fece il presente Lavoro sotto la direzione del Sig.r Agostino Fantastici Ingenniere ordinato dall’Ill.mo Sig.r Giulio del Taja l’anno 1825”.</p>



<p>“È stata un’operazione realizzata in collaborazione con la Fondazione Monte dei Paschi – ha detto il sindaco Luigi De Mossi – che ringrazio per averci che ci ha messo a disposizione questo manufatto che arricchisce la nostra Biblioteca. La qualità del restauro è di altissimo livello – prosegue il sindaco – un grazie particolare va al restauratore, al presidente, al direttore e al consiglio della Biblioteca per l’ottimo lavoro svolto. Fantastici è stato un grande architetto-ingegnere che nel nostro territorio ha fatto moltissime importanti operazioni, ha lavorato al Teatro dei Rinnovati e al Teatro dei Rozzi. Anche le inferriate del Santa Maria della Scala sembra siano state realizzate proprio su disegno di Fantastici, inferriate che vorremmo presto riportare al loro splendore”.</p>



<p><a></a>“La libreria realizzata da Agostino Fantastici fa parte dal 2006 della collezione opere d’arte della Fondazione Mps che è interamente “vincolata in collezione” dal 2009 – ha spiegato il presidente della Fondazione Mps, Carlo Rossi – In un’ottica di massima valorizzazione delle nostre opere abbiamo deciso, in accordo con il Comune di Siena, di collocarla in comodato d’uso gratuito presso la Biblioteca Comunale, luogo di elezione per la raffinata e originale opera. Questa collocazione – continua Rossi – garantisce da un lato la migliore contestualizzazione in termini di spazi per ricreare l’opera, così come fu concepita dall’architetto Fantastici, dall’altro persegue il nostro obiettivo di rendere fruibile e accessibile il nostro patrimonio artistico alla cittadinanza. L’opera è stata rimontata ed esposta al pubblico una sola volta, nel 1992, in occasione della mostra “Agostino Fantastici architetto senese 1782-1845 organizzata dal Comune di Siena. &nbsp;La presentazione di questa mattina assume una rilevanza artistica e conoscitiva e costituisce il primo di una serie di approfondimenti culturali, di concerto con l’Istituzione, per la valorizzazione del bene”.</p>


	<div class="qzr-dynamic-blocks" data-block="collapsable-panels">
			</div>

<!-- This site is optimized with the Yoast SEO plugin v24.8.1 - https://yoast.com/wordpress/plugins/seo/ -->
<title>Allestimento dello studiolo Del Taja di Agostino Fantastici - ReDoS</title>
<meta name="robots" content="noindex, follow, max-snippet:-1, max-image-preview:large, max-video-preview:-1" />
<meta property="og:locale" content="en_US" />
<meta property="og:type" content="article" />
<meta property="og:title" content="Allestimento dello studiolo Del Taja di Agostino Fantastici - ReDoS" />
<meta property="og:url" content="https://qzrstudio.com/redos/attivita/nome-dellevento/" />
<meta property="og:site_name" content="ReDoS" />
<meta property="article:modified_time" content="2025-04-03T15:41:52+00:00" />
<meta property="og:image" content="https://qzrstudio.com/redos/wp-content/uploads/2021/05/DSC_2320-copia.jpg" />
	<meta property="og:image:width" content="1920" />
	<meta property="og:image:height" content="520" />
	<meta property="og:image:type" content="image/jpeg" />
<meta name="twitter:card" content="summary_large_image" />
<meta name="twitter:label1" content="Est. reading time" />
	<meta name="twitter:data1" content="4 minutes" />
<script type="application/ld+json" class="yoast-schema-graph">{"@context":"https://schema.org","@graph":[{"@type":"WebPage","@id":"https://qzrstudio.com/redos/attivita/nome-dellevento/","url":"https://qzrstudio.com/redos/attivita/nome-dellevento/","name":"Allestimento dello studiolo Del Taja di Agostino Fantastici - ReDoS","isPartOf":{"@id":"https://qzrstudio.com/redos/#website"},"primaryImageOfPage":{"@id":"https://qzrstudio.com/redos/attivita/nome-dellevento/#primaryimage"},"image":{"@id":"https://qzrstudio.com/redos/attivita/nome-dellevento/#primaryimage"},"thumbnailUrl":"https://qzrstudio.com/redos/wp-content/uploads/2021/05/DSC_2320-copia.jpg","datePublished":"2021-05-04T17:07:38+00:00","dateModified":"2025-04-03T15:41:52+00:00","breadcrumb":{"@id":"https://qzrstudio.com/redos/attivita/nome-dellevento/#breadcrumb"},"inLanguage":"en-US","potentialAction":[{"@type":"ReadAction","target":["https://qzrstudio.com/redos/attivita/nome-dellevento/"]}]},{"@type":"ImageObject","inLanguage":"en-US","@id":"https://qzrstudio.com/redos/attivita/nome-dellevento/#primaryimage","url":"https://qzrstudio.com/redos/wp-content/uploads/2021/05/DSC_2320-copia.jpg","contentUrl":"https://qzrstudio.com/redos/wp-content/uploads/2021/05/DSC_2320-copia.jpg","width":1920,"height":520},{"@type":"BreadcrumbList","@id":"https://qzrstudio.com/redos/attivita/nome-dellevento/#breadcrumb","itemListElement":[{"@type":"ListItem","position":1,"name":"Home","item":"https://qzrstudio.com/redos/en/"},{"@type":"ListItem","position":2,"name":"Attività","item":"https://qzrstudio.com/redos/attivita/"},{"@type":"ListItem","position":3,"name":"Allestimento dello studiolo Del Taja di Agostino Fantastici"}]},{"@type":"WebSite","@id":"https://qzrstudio.com/redos/#website","url":"https://qzrstudio.com/redos/","name":"ReDoS","description":"Rete Documentaria Senese","potentialAction":[{"@type":"SearchAction","target":{"@type":"EntryPoint","urlTemplate":"https://qzrstudio.com/redos/?s={search_term_string}"},"query-input":{"@type":"PropertyValueSpecification","valueRequired":true,"valueName":"search_term_string"}}],"inLanguage":"en-US"}]}</script>
<!-- / Yoast SEO plugin. -->

Attività
