{"id":504,"date":"2021-09-30T17:05:04","date_gmt":"2021-09-30T15:05:04","guid":{"rendered":"http:\/\/qzrstudio.com\/redos\/?post_type=archive&#038;p=504"},"modified":"2023-07-27T15:52:27","modified_gmt":"2023-07-27T13:52:27","slug":"archivio-comunale-di-colle-di-val-delsa","status":"publish","type":"archive","link":"https:\/\/qzrstudio.com\/redos\/en\/archivio\/archivio-comunale-di-colle-di-val-delsa\/","title":{"rendered":"Archivio storico comunale di Colle di Val d&#8217;Elsa"},"content":{"rendered":"\n<div class=\"wp-block-columns is-layout-flex wp-container-core-columns-is-layout-2 wp-block-columns-is-layout-flex\">\n<div class=\"wp-block-column is-layout-flow wp-block-column-is-layout-flow\" style=\"flex-basis:40%\"><\/div>\n\n\n\n<div class=\"wp-block-column is-layout-flow wp-block-column-is-layout-flow\">\n<div class=\"wp-block-columns is-layout-flex wp-container-core-columns-is-layout-1 wp-block-columns-is-layout-flex\">\n<div class=\"wp-block-column is-layout-flow wp-block-column-is-layout-flow\" style=\"flex-basis:50%\">\n<p>Via di Spugna, 78<\/p>\n\n\n\n<p>53034 Colle Val d\u2019Elsa<\/p>\n\n\n\n<p>0577 922065<\/p>\n\n\n\n<p><a href=\"mailto:biblioteca@comune.collevaldelsa.it\">email<\/a><\/p>\n<\/div>\n\n\n\n<div class=\"wp-block-column is-layout-flow wp-block-column-is-layout-flow\">\t\t<div class=\"qzr-dynamic-blocks\" data-template=\"alert\" data-type=\"timetables\">\r\n\t\t\t\n\n<p class=\"has-text-align-center\"><strong>aperto su appuntamento<\/strong><\/p>\n\n\t\t<\/div>\r\n\t<\/div>\n<\/div>\n<\/div>\n<\/div>\n\n\n<html><body><div class=\"wp-block-columns is-layout-flex wp-container-core-columns-is-layout-3 wp-block-columns-is-layout-flex\" data-border-bottom=\"1\">\n<div class=\"wp-block-column is-layout-flow wp-block-column-is-layout-flow\" style=\"flex-basis:40%\">\n<p class=\"is-style-label\">L&#8217;ARCHIVIO<\/p>\n<\/div>\n\n\n\n<div class=\"wp-block-column is-layout-flow wp-block-column-is-layout-flow\">\n<p>L&#8217;archivio preunitario (1199-1900), consistente di circa 2.500 unit\u00e0, \u00e8 stato depositato presso l&#8217;Archivio di Stato di Siena. L\u2019inventario \u00e8 articolato in \u201ccategorie\u201d, equivalenti alle attivit\u00e0 amministrative comunali (Comunit\u00e0 di Colle fino al 1776, cancelleria di Colle fino al 1808, Comunit\u00e0 restaurata di Colle -1814-1865-), cui seguono diverse serie di documenti di archivi \u201caggregati\u201d: Opera del Ss. Chiodo (1486-1865), Fraternita di San Iacopo in Piano (1586-1836), Circondario di acque e strade di Colle, Podesteria di Colle fino al 1772, Vicariato di Colle (1772-1808), Giudicatura di Pace di Colle (1808-1814), Vicariato di Colle (1814-1849), per concludere con le sezioni \u201cIstituzioni diverse\u201d, \u201cPergamene recuperate\u201d, \u201cMemorie storiche e letterarie\u201d, \u201cRaccolta di opere a stampa\u201d e \u201cCarte topografiche\u201d. L\u2019archivio postunitario, comprendente i documenti prodotti dal 1865 fino agli anni \u201950 del Novecento \u00e8 conservato all\u2019interno della Biblioteca comunale. Presso il comune, oltre alla documentazione postunitaria, si conservano gli archivi aggregati del conservatorio di San Pietro, dell&#8217;ospedale di San Lorenzo e dell&#8217;Istituto professionale Cennini. Vi si conservano inoltre gli archivi privati delle famiglie Ceramelli-Papiani e Serafini-Masson-Castellini e le carte di Vittorio Meoni. L&#8217;archivio comunale conserva infine la documentazione di due ditte private, la vetreria Boschi e la ditta di ceramiche Vulcania.<\/p>\n<\/div>\n<\/div>\n<\/body><\/html>\n\n<html><body><div class=\"wp-block-columns is-layout-flex wp-container-core-columns-is-layout-4 wp-block-columns-is-layout-flex\" data-border-bottom=\"1\">\n<div class=\"wp-block-column is-layout-flow wp-block-column-is-layout-flow\" style=\"flex-basis:40%\">\n<p class=\"is-style-label\">INVENTARI<\/p>\n<\/div>\n\n\n\n<div class=\"wp-block-column is-layout-flow wp-block-column-is-layout-flow\">\n<p><em>L\u2019archivio comunale di Colle di Val d\u2019Elsa. Inventario della Sezione storica<\/em>, a cura di Leonardo Mineo, Ministero per i beni e le attivit\u00e0 culturali Direzione generale per gli archivi. Siena 2007<\/p>\n<\/div>\n<\/div>\n<\/body><\/html>\n\n<html><body><div class=\"wp-block-columns is-layout-flex wp-container-core-columns-is-layout-5 wp-block-columns-is-layout-flex\" data-border-bottom=\"1\">\n<div class=\"wp-block-column is-layout-flow wp-block-column-is-layout-flow\" style=\"flex-basis:40%\">\n<p class=\"is-style-label\">COLLEGAMENTI ESTERNI<\/p>\n<\/div>\n\n\n\n<div class=\"wp-block-column is-layout-flow wp-block-column-is-layout-flow\">\n<p>L&#8217;Archivio \u00e8 descritto anche in <a href=\"https:\/\/siusa.archivi.beniculturali.it\/cgi-bin\/siusa\/pagina.pl?TipoPag=cons&amp;Chiave=10912\" target=\"_blank\" rel=\"noreferrer noopener\">SIUSA-Sistema informativo unificato per le Soprintendenze archivistiche<\/a> <\/p>\n\n\n\n<p>e in <a href=\"http:\/\/www301.regione.toscana.it\/bancadati\/sistemacultura\/index.xml\">Regione Toscana-Sistema Cultura<\/a><\/p>\n<\/div>\n<\/div>\n<\/body><\/html>\n\n","protected":false},"featured_media":909,"template":"","class_list":["post-504","archive","type-archive","status-publish","has-post-thumbnail","hentry"],"yoast_head":"<!-- This site is optimized with the Yoast SEO plugin v24.8.1 - https:\/\/yoast.com\/wordpress\/plugins\/seo\/ -->\n<title>Archivio storico comunale di Colle di Val d&#039;Elsa - ReDoS<\/title>\n<meta name=\"description\" content=\"L&#039;Archivio storico comunale di Colle di Val d&#039;Elsa fa parte di ReDoS, la Rete documentaria e bibliotecaria senese delle biblioteche, degli archivi e dei centri di documentazione dei Comuni della provincia di Siena\" \/>\n<meta name=\"robots\" content=\"noindex, follow, max-snippet:-1, max-image-preview:large, max-video-preview:-1\" \/>\n<meta property=\"og:locale\" content=\"en_US\" \/>\n<meta property=\"og:type\" content=\"article\" \/>\n<meta property=\"og:title\" content=\"Archivio storico comunale di Colle di Val d&#039;Elsa - ReDoS\" \/>\n<meta property=\"og:description\" content=\"L&#039;Archivio storico comunale di Colle di Val d&#039;Elsa fa parte di ReDoS, la Rete documentaria e bibliotecaria senese delle biblioteche, degli archivi e dei centri di documentazione dei Comuni della provincia di Siena\" \/>\n<meta property=\"og:url\" content=\"https:\/\/qzrstudio.com\/redos\/archivio\/archivio-comunale-di-colle-di-val-delsa\/\" \/>\n<meta property=\"og:site_name\" content=\"ReDoS\" \/>\n<meta property=\"article:modified_time\" content=\"2023-07-27T13:52:27+00:00\" \/>\n<meta property=\"og:image\" content=\"https:\/\/qzrstudio.com\/redos\/wp-content\/uploads\/2021\/09\/foto-repertorio-per-archivi.jpg\" \/>\n\t<meta property=\"og:image:width\" content=\"1919\" \/>\n\t<meta property=\"og:image:height\" content=\"780\" \/>\n\t<meta property=\"og:image:type\" content=\"image\/jpeg\" \/>\n<meta name=\"twitter:card\" content=\"summary_large_image\" \/>\n<meta name=\"twitter:label1\" content=\"Est. reading time\" \/>\n\t<meta name=\"twitter:data1\" content=\"2 minutes\" \/>\n<script type=\"application\/ld+json\" class=\"yoast-schema-graph\">{\"@context\":\"https:\/\/schema.org\",\"@graph\":[{\"@type\":\"WebPage\",\"@id\":\"https:\/\/qzrstudio.com\/redos\/archivio\/archivio-comunale-di-colle-di-val-delsa\/\",\"url\":\"https:\/\/qzrstudio.com\/redos\/archivio\/archivio-comunale-di-colle-di-val-delsa\/\",\"name\":\"Archivio storico comunale di Colle di Val d'Elsa - ReDoS\",\"isPartOf\":{\"@id\":\"https:\/\/qzrstudio.com\/redos\/#website\"},\"primaryImageOfPage\":{\"@id\":\"https:\/\/qzrstudio.com\/redos\/archivio\/archivio-comunale-di-colle-di-val-delsa\/#primaryimage\"},\"image\":{\"@id\":\"https:\/\/qzrstudio.com\/redos\/archivio\/archivio-comunale-di-colle-di-val-delsa\/#primaryimage\"},\"thumbnailUrl\":\"https:\/\/qzrstudio.com\/redos\/wp-content\/uploads\/2021\/09\/foto-repertorio-per-archivi.jpg\",\"datePublished\":\"2021-09-30T15:05:04+00:00\",\"dateModified\":\"2023-07-27T13:52:27+00:00\",\"description\":\"L'Archivio storico comunale di Colle di Val d'Elsa fa parte di ReDoS, la Rete documentaria e bibliotecaria senese delle biblioteche, degli archivi e dei centri di documentazione dei Comuni della provincia di Siena\",\"breadcrumb\":{\"@id\":\"https:\/\/qzrstudio.com\/redos\/archivio\/archivio-comunale-di-colle-di-val-delsa\/#breadcrumb\"},\"inLanguage\":\"en-US\",\"potentialAction\":[{\"@type\":\"ReadAction\",\"target\":[\"https:\/\/qzrstudio.com\/redos\/archivio\/archivio-comunale-di-colle-di-val-delsa\/\"]}]},{\"@type\":\"ImageObject\",\"inLanguage\":\"en-US\",\"@id\":\"https:\/\/qzrstudio.com\/redos\/archivio\/archivio-comunale-di-colle-di-val-delsa\/#primaryimage\",\"url\":\"https:\/\/qzrstudio.com\/redos\/wp-content\/uploads\/2021\/09\/foto-repertorio-per-archivi.jpg\",\"contentUrl\":\"https:\/\/qzrstudio.com\/redos\/wp-content\/uploads\/2021\/09\/foto-repertorio-per-archivi.jpg\",\"width\":1919,\"height\":780},{\"@type\":\"BreadcrumbList\",\"@id\":\"https:\/\/qzrstudio.com\/redos\/archivio\/archivio-comunale-di-colle-di-val-delsa\/#breadcrumb\",\"itemListElement\":[{\"@type\":\"ListItem\",\"position\":1,\"name\":\"Home\",\"item\":\"https:\/\/qzrstudio.com\/redos\/en\/\"},{\"@type\":\"ListItem\",\"position\":2,\"name\":\"Archivi\",\"item\":\"https:\/\/qzrstudio.com\/redos\/archivio\/\"},{\"@type\":\"ListItem\",\"position\":3,\"name\":\"Archivio storico comunale di Colle di Val d&#8217;Elsa\"}]},{\"@type\":\"WebSite\",\"@id\":\"https:\/\/qzrstudio.com\/redos\/#website\",\"url\":\"https:\/\/qzrstudio.com\/redos\/\",\"name\":\"ReDoS\",\"description\":\"Rete Documentaria Senese\",\"potentialAction\":[{\"@type\":\"SearchAction\",\"target\":{\"@type\":\"EntryPoint\",\"urlTemplate\":\"https:\/\/qzrstudio.com\/redos\/?s={search_term_string}\"},\"query-input\":{\"@type\":\"PropertyValueSpecification\",\"valueRequired\":true,\"valueName\":\"search_term_string\"}}],\"inLanguage\":\"en-US\"}]}<\/script>\n<!-- \/ Yoast SEO plugin. -->","yoast_head_json":{"title":"Archivio storico comunale di Colle di Val d'Elsa - ReDoS","description":"L'Archivio storico comunale di Colle di Val d'Elsa fa parte di ReDoS, la Rete documentaria e bibliotecaria senese delle biblioteche, degli archivi e dei centri di documentazione dei Comuni della provincia di Siena","robots":{"index":"noindex","follow":"follow","max-snippet":"max-snippet:-1","max-image-preview":"max-image-preview:large","max-video-preview":"max-video-preview:-1"},"og_locale":"en_US","og_type":"article","og_title":"Archivio storico comunale di Colle di Val d'Elsa - ReDoS","og_description":"L'Archivio storico comunale di Colle di Val d'Elsa fa parte di ReDoS, la Rete documentaria e bibliotecaria senese delle biblioteche, degli archivi e dei centri di documentazione dei Comuni della provincia di Siena","og_url":"https:\/\/qzrstudio.com\/redos\/archivio\/archivio-comunale-di-colle-di-val-delsa\/","og_site_name":"ReDoS","article_modified_time":"2023-07-27T13:52:27+00:00","og_image":[{"width":1919,"height":780,"url":"https:\/\/qzrstudio.com\/redos\/wp-content\/uploads\/2021\/09\/foto-repertorio-per-archivi.jpg","type":"image\/jpeg"}],"twitter_card":"summary_large_image","twitter_misc":{"Est. reading time":"2 minutes"},"schema":{"@context":"https:\/\/schema.org","@graph":[{"@type":"WebPage","@id":"https:\/\/qzrstudio.com\/redos\/archivio\/archivio-comunale-di-colle-di-val-delsa\/","url":"https:\/\/qzrstudio.com\/redos\/archivio\/archivio-comunale-di-colle-di-val-delsa\/","name":"Archivio storico comunale di Colle di Val d'Elsa - ReDoS","isPartOf":{"@id":"https:\/\/qzrstudio.com\/redos\/#website"},"primaryImageOfPage":{"@id":"https:\/\/qzrstudio.com\/redos\/archivio\/archivio-comunale-di-colle-di-val-delsa\/#primaryimage"},"image":{"@id":"https:\/\/qzrstudio.com\/redos\/archivio\/archivio-comunale-di-colle-di-val-delsa\/#primaryimage"},"thumbnailUrl":"https:\/\/qzrstudio.com\/redos\/wp-content\/uploads\/2021\/09\/foto-repertorio-per-archivi.jpg","datePublished":"2021-09-30T15:05:04+00:00","dateModified":"2023-07-27T13:52:27+00:00","description":"L'Archivio storico comunale di Colle di Val d'Elsa fa parte di ReDoS, la Rete documentaria e bibliotecaria senese delle biblioteche, degli archivi e dei centri di documentazione dei Comuni della provincia di Siena","breadcrumb":{"@id":"https:\/\/qzrstudio.com\/redos\/archivio\/archivio-comunale-di-colle-di-val-delsa\/#breadcrumb"},"inLanguage":"en-US","potentialAction":[{"@type":"ReadAction","target":["https:\/\/qzrstudio.com\/redos\/archivio\/archivio-comunale-di-colle-di-val-delsa\/"]}]},{"@type":"ImageObject","inLanguage":"en-US","@id":"https:\/\/qzrstudio.com\/redos\/archivio\/archivio-comunale-di-colle-di-val-delsa\/#primaryimage","url":"https:\/\/qzrstudio.com\/redos\/wp-content\/uploads\/2021\/09\/foto-repertorio-per-archivi.jpg","contentUrl":"https:\/\/qzrstudio.com\/redos\/wp-content\/uploads\/2021\/09\/foto-repertorio-per-archivi.jpg","width":1919,"height":780},{"@type":"BreadcrumbList","@id":"https:\/\/qzrstudio.com\/redos\/archivio\/archivio-comunale-di-colle-di-val-delsa\/#breadcrumb","itemListElement":[{"@type":"ListItem","position":1,"name":"Home","item":"https:\/\/qzrstudio.com\/redos\/en\/"},{"@type":"ListItem","position":2,"name":"Archivi","item":"https:\/\/qzrstudio.com\/redos\/archivio\/"},{"@type":"ListItem","position":3,"name":"Archivio storico comunale di Colle di Val d&#8217;Elsa"}]},{"@type":"WebSite","@id":"https:\/\/qzrstudio.com\/redos\/#website","url":"https:\/\/qzrstudio.com\/redos\/","name":"ReDoS","description":"Rete Documentaria Senese","potentialAction":[{"@type":"SearchAction","target":{"@type":"EntryPoint","urlTemplate":"https:\/\/qzrstudio.com\/redos\/?s={search_term_string}"},"query-input":{"@type":"PropertyValueSpecification","valueRequired":true,"valueName":"search_term_string"}}],"inLanguage":"en-US"}]}},"_links":{"self":[{"href":"https:\/\/qzrstudio.com\/redos\/en\/wp-json\/wp\/v2\/archive\/504","targetHints":{"allow":["GET"]}}],"collection":[{"href":"https:\/\/qzrstudio.com\/redos\/en\/wp-json\/wp\/v2\/archive"}],"about":[{"href":"https:\/\/qzrstudio.com\/redos\/en\/wp-json\/wp\/v2\/types\/archive"}],"wp:featuredmedia":[{"embeddable":true,"href":"https:\/\/qzrstudio.com\/redos\/en\/wp-json\/wp\/v2\/media\/909"}],"wp:attachment":[{"href":"https:\/\/qzrstudio.com\/redos\/en\/wp-json\/wp\/v2\/media?parent=504"}],"curies":[{"name":"wp","href":"https:\/\/api.w.org\/{rel}","templated":true}]}}

<div class="wp-block-columns is-layout-flex wp-container-core-columns-is-layout-2 wp-block-columns-is-layout-flex">
<div class="wp-block-column is-layout-flow wp-block-column-is-layout-flow" style="flex-basis:40%"></div>



<div class="wp-block-column is-layout-flow wp-block-column-is-layout-flow">
<div class="wp-block-columns is-layout-flex wp-container-core-columns-is-layout-1 wp-block-columns-is-layout-flex">
<div class="wp-block-column is-layout-flow wp-block-column-is-layout-flow" style="flex-basis:50%">
<p>Via di Spugna, 78</p>



<p>53034 Colle Val d’Elsa</p>



<p>0577 922065</p>



<p><a href="mailto:biblioteca@comune.collevaldelsa.it">email</a></p>
</div>



<div class="wp-block-column is-layout-flow wp-block-column-is-layout-flow">		<div class="qzr-dynamic-blocks" data-template="alert" data-type="timetables">
			

<p class="has-text-align-center"><strong>aperto su appuntamento</strong></p>

		</div>
	</div>
</div>
</div>
</div>


<html><body><div class="wp-block-columns is-layout-flex wp-container-core-columns-is-layout-3 wp-block-columns-is-layout-flex" data-border-bottom="1">
<div class="wp-block-column is-layout-flow wp-block-column-is-layout-flow" style="flex-basis:40%">
<p class="is-style-label">L&#8217;ARCHIVIO</p>
</div>



<div class="wp-block-column is-layout-flow wp-block-column-is-layout-flow">
<p>L&#8217;archivio preunitario (1199-1900), consistente di circa 2.500 unità, è stato depositato presso l&#8217;Archivio di Stato di Siena. L’inventario è articolato in “categorie”, equivalenti alle attività amministrative comunali (Comunità di Colle fino al 1776, cancelleria di Colle fino al 1808, Comunità restaurata di Colle -1814-1865-), cui seguono diverse serie di documenti di archivi “aggregati”: Opera del Ss. Chiodo (1486-1865), Fraternita di San Iacopo in Piano (1586-1836), Circondario di acque e strade di Colle, Podesteria di Colle fino al 1772, Vicariato di Colle (1772-1808), Giudicatura di Pace di Colle (1808-1814), Vicariato di Colle (1814-1849), per concludere con le sezioni “Istituzioni diverse”, “Pergamene recuperate”, “Memorie storiche e letterarie”, “Raccolta di opere a stampa” e “Carte topografiche”. L’archivio postunitario, comprendente i documenti prodotti dal 1865 fino agli anni ’50 del Novecento è conservato all’interno della Biblioteca comunale. Presso il comune, oltre alla documentazione postunitaria, si conservano gli archivi aggregati del conservatorio di San Pietro, dell&#8217;ospedale di San Lorenzo e dell&#8217;Istituto professionale Cennini. Vi si conservano inoltre gli archivi privati delle famiglie Ceramelli-Papiani e Serafini-Masson-Castellini e le carte di Vittorio Meoni. L&#8217;archivio comunale conserva infine la documentazione di due ditte private, la vetreria Boschi e la ditta di ceramiche Vulcania.</p>
</div>
</div>
</body></html>

<html><body><div class="wp-block-columns is-layout-flex wp-container-core-columns-is-layout-4 wp-block-columns-is-layout-flex" data-border-bottom="1">
<div class="wp-block-column is-layout-flow wp-block-column-is-layout-flow" style="flex-basis:40%">
<p class="is-style-label">INVENTARI</p>
</div>



<div class="wp-block-column is-layout-flow wp-block-column-is-layout-flow">
<p><em>L’archivio comunale di Colle di Val d’Elsa. Inventario della Sezione storica</em>, a cura di Leonardo Mineo, Ministero per i beni e le attività culturali Direzione generale per gli archivi. Siena 2007</p>
</div>
</div>
</body></html>

<html><body><div class="wp-block-columns is-layout-flex wp-container-core-columns-is-layout-5 wp-block-columns-is-layout-flex" data-border-bottom="1">
<div class="wp-block-column is-layout-flow wp-block-column-is-layout-flow" style="flex-basis:40%">
<p class="is-style-label">COLLEGAMENTI ESTERNI</p>
</div>



<div class="wp-block-column is-layout-flow wp-block-column-is-layout-flow">
<p>L&#8217;Archivio è descritto anche in <a href="https://siusa.archivi.beniculturali.it/cgi-bin/siusa/pagina.pl?TipoPag=cons&amp;Chiave=10912" target="_blank" rel="noreferrer noopener">SIUSA-Sistema informativo unificato per le Soprintendenze archivistiche</a> </p>



<p>e in <a href="http://www301.regione.toscana.it/bancadati/sistemacultura/index.xml">Regione Toscana-Sistema Cultura</a></p>
</div>
</div>
</body></html>
