{"id":507,"date":"2021-09-30T17:11:02","date_gmt":"2021-09-30T15:11:02","guid":{"rendered":"http:\/\/qzrstudio.com\/redos\/?post_type=archive&#038;p=507"},"modified":"2023-07-27T15:51:46","modified_gmt":"2023-07-27T13:51:46","slug":"archivio-storico-comunale-di-monteriggioni","status":"publish","type":"archive","link":"https:\/\/qzrstudio.com\/redos\/en\/archivio\/archivio-storico-comunale-di-monteriggioni\/","title":{"rendered":"Archivio storico comunale di Monteriggioni"},"content":{"rendered":"\n<div class=\"wp-block-columns is-layout-flex wp-container-core-columns-is-layout-2 wp-block-columns-is-layout-flex\">\n<div class=\"wp-block-column is-layout-flow wp-block-column-is-layout-flow\" style=\"flex-basis:40%\"><\/div>\n\n\n\n<div class=\"wp-block-column is-layout-flow wp-block-column-is-layout-flow\">\n<div class=\"wp-block-columns is-layout-flex wp-container-core-columns-is-layout-1 wp-block-columns-is-layout-flex\">\n<div class=\"wp-block-column is-layout-flow wp-block-column-is-layout-flow\" style=\"flex-basis:50%\">\n<p>Via Cama, 150<br>53035 Monteriggioni <\/p>\n\n\n\n<p>0577 306654<\/p>\n\n\n\n<p>\u00a0<a href=\"mailto:monteriggioni@comune.monteriggioni.si.it\">email<\/a><\/p>\n<\/div>\n\n\n\n<div class=\"wp-block-column is-layout-flow wp-block-column-is-layout-flow\">\t\t<div class=\"qzr-dynamic-blocks\" data-template=\"alert\" data-type=\"timetables\">\r\n\t\t\t\n\n<p class=\"has-text-align-center\"><strong>aperto su appuntamento<\/strong><\/p>\n\n\t\t<\/div>\r\n\t<\/div>\n<\/div>\n<\/div>\n<\/div>\n\n\n<html><body><div class=\"wp-block-columns is-layout-flex wp-container-core-columns-is-layout-3 wp-block-columns-is-layout-flex\" data-border-bottom=\"1\">\n<div class=\"wp-block-column is-layout-flow wp-block-column-is-layout-flow\" style=\"flex-basis:40%\">\n<p class=\"is-style-label\">L&#8217;ARCHIVIO<\/p>\n<\/div>\n\n\n\n<div class=\"wp-block-column is-layout-flow wp-block-column-is-layout-flow\">\n<p>Le prime informazioni relative all&#8217;Archivio di Monteriggioni si trovano in una relazione che il vicario Giuseppe Antonio Castelli invi\u00f2 a Firenze nel giugno del 1746, rispondendo a un&#8217;inchiesta sugli archivi del Granducato voluta dall&#8217;auditore Pompeo Neri. Nella risposta, dopo alcune notizie sull&#8217;origine del castello e sulla locale amministrazione della giustizia, il vicario accenna anche ai documenti conservati nell&#8217;archivio. Il Castelli si sofferma particolarmente su 15 libri da lui chiamati &#8220;Spogli&#8221;, di cui descrive con notevole precisione il contenuto \u2013 pur senza precisarne la datazione \u2013 e che possono essere identificati, almeno nella maggior parte, con i &#8220;Libri di Memorie&#8221;, che costituiscono la prima serie del presente inventario.<\/p>\n\n\n\n<p>Dopo queste prime indagini archivistiche, nel 1826, grazie a Teodosio Mocenni, viene redatto il pi\u00f9 antico inventario. Si tratta di un elenco sommario: le unit\u00e0 archivistiche non sono numerate, manca la descrizione esterna delle suddette unit\u00e0, la datazione non vi \u00e8 quasi mai annotata singolarmente e la divisone in serie \u00e8 approssimativa. Nel 1827 fu compilato un elenco pi\u00f9 dettagliato a cui ne seguir\u00e0 un terzo nel 1830. L\u2019inventario pi\u00f9 rilevante fu quello redatto da Giuseppe Maria Becattini nel 1852, utilizzato sino al 1865. Tutto il materiale preunitario non fu sottoposto a nessuna nuova inventariazione sino al suo deposito presso l\u2019archivio di Stato di Siena avvenuto l\u20198 dicembre 1922. L\u2019Archivio \u00e8 attualmente suddiviso in archivio preunitario, archivio postunitario e archivi aggregati. I documenti che costituiscono la sezione postunitaria sono stati riordinati nel 1975 seguendo i criteri di classificazione adottati dal Comune che distinguevano il materiale prodotto prima e dopo il 1906, anno in cui era stata applicata la normativa contenuta nella circolare ministeriale del 1 marzo 1897. Per questo motivo anche nel recente riordino, effettuato nel 1990, la documentazione \u00e8 stata strutturata in serie a numerazione chiusa per gli anni 1865-1906 e in serie &#8220;aperte&#8221; dal 1907.<\/p>\n<\/div>\n<\/div>\n<\/body><\/html>\n\n<html><body><div class=\"wp-block-columns is-layout-flex wp-container-core-columns-is-layout-4 wp-block-columns-is-layout-flex\" data-border-bottom=\"1\">\n<div class=\"wp-block-column is-layout-flow wp-block-column-is-layout-flow\" style=\"flex-basis:40%\">\n<p class=\"is-style-label\">INVENTARI<\/p>\n<\/div>\n\n\n\n<div class=\"wp-block-column is-layout-flow wp-block-column-is-layout-flow\">\n<p><em>L&#8217;Archivio comunale di Monteriggioni. Inventario della Sezione storica<\/em>, a cura di Elena Brizzo e Carla Zarilli coordinati da Giuliano Catoni. Siena 1991<\/p>\n<\/div>\n<\/div>\n<\/body><\/html>\n\n<html><body><div class=\"wp-block-columns is-layout-flex wp-container-core-columns-is-layout-5 wp-block-columns-is-layout-flex\" data-border-bottom=\"1\">\n<div class=\"wp-block-column is-layout-flow wp-block-column-is-layout-flow\" style=\"flex-basis:40%\">\n<p class=\"is-style-label\">COLLEGAMENTI ESTERNI<\/p>\n<\/div>\n\n\n\n<div class=\"wp-block-column is-layout-flow wp-block-column-is-layout-flow\">\n<p>L&#8217;Archivio \u00e8 descritto anche in <a href=\"https:\/\/siusa.archivi.beniculturali.it\/cgi-bin\/pagina.pl?TipoPag=cons&amp;Chiave=10938\" target=\"_blank\" rel=\"noreferrer noopener\">SIUSA-Sistema informativo unificato per le Soprintendenze archivistiche<\/a> e in <a href=\"http:\/\/www301.regione.toscana.it\/bancadati\/sistemacultura\/index.xml\" target=\"_blank\" rel=\"noreferrer noopener\">Regione Toscana-Sistema Cultura<\/a>.<\/p>\n<\/div>\n<\/div>\n<\/body><\/html>\n\n","protected":false},"featured_media":909,"template":"","class_list":["post-507","archive","type-archive","status-publish","has-post-thumbnail","hentry"],"yoast_head":"<!-- This site is optimized with the Yoast SEO plugin v24.8.1 - https:\/\/yoast.com\/wordpress\/plugins\/seo\/ -->\n<title>Archivio storico comunale di Monteriggioni - ReDoS<\/title>\n<meta name=\"description\" content=\"L&#039;Archivio storico comunale di Monteriggioni fa parte di ReDoS, la Rete documentaria e bibliotecaria senese delle biblioteche, degli archivi e dei centri di documentazione dei Comuni della provincia di Siena\" \/>\n<meta name=\"robots\" content=\"noindex, follow, max-snippet:-1, max-image-preview:large, max-video-preview:-1\" \/>\n<meta property=\"og:locale\" content=\"en_US\" \/>\n<meta property=\"og:type\" content=\"article\" \/>\n<meta property=\"og:title\" content=\"Archivio storico comunale di Monteriggioni - ReDoS\" \/>\n<meta property=\"og:description\" content=\"L&#039;Archivio storico comunale di Monteriggioni fa parte di ReDoS, la Rete documentaria e bibliotecaria senese delle biblioteche, degli archivi e dei centri di documentazione dei Comuni della provincia di Siena\" \/>\n<meta property=\"og:url\" content=\"https:\/\/qzrstudio.com\/redos\/archivio\/archivio-storico-comunale-di-monteriggioni\/\" \/>\n<meta property=\"og:site_name\" content=\"ReDoS\" \/>\n<meta property=\"article:modified_time\" content=\"2023-07-27T13:51:46+00:00\" \/>\n<meta property=\"og:image\" content=\"https:\/\/qzrstudio.com\/redos\/wp-content\/uploads\/2021\/09\/foto-repertorio-per-archivi.jpg\" \/>\n\t<meta property=\"og:image:width\" content=\"1919\" \/>\n\t<meta property=\"og:image:height\" content=\"780\" \/>\n\t<meta property=\"og:image:type\" content=\"image\/jpeg\" \/>\n<meta name=\"twitter:card\" content=\"summary_large_image\" \/>\n<meta name=\"twitter:label1\" content=\"Est. reading time\" \/>\n\t<meta name=\"twitter:data1\" content=\"2 minutes\" \/>\n<script type=\"application\/ld+json\" class=\"yoast-schema-graph\">{\"@context\":\"https:\/\/schema.org\",\"@graph\":[{\"@type\":\"WebPage\",\"@id\":\"https:\/\/qzrstudio.com\/redos\/archivio\/archivio-storico-comunale-di-monteriggioni\/\",\"url\":\"https:\/\/qzrstudio.com\/redos\/archivio\/archivio-storico-comunale-di-monteriggioni\/\",\"name\":\"Archivio storico comunale di Monteriggioni - ReDoS\",\"isPartOf\":{\"@id\":\"https:\/\/qzrstudio.com\/redos\/#website\"},\"primaryImageOfPage\":{\"@id\":\"https:\/\/qzrstudio.com\/redos\/archivio\/archivio-storico-comunale-di-monteriggioni\/#primaryimage\"},\"image\":{\"@id\":\"https:\/\/qzrstudio.com\/redos\/archivio\/archivio-storico-comunale-di-monteriggioni\/#primaryimage\"},\"thumbnailUrl\":\"https:\/\/qzrstudio.com\/redos\/wp-content\/uploads\/2021\/09\/foto-repertorio-per-archivi.jpg\",\"datePublished\":\"2021-09-30T15:11:02+00:00\",\"dateModified\":\"2023-07-27T13:51:46+00:00\",\"description\":\"L'Archivio storico comunale di Monteriggioni fa parte di ReDoS, la Rete documentaria e bibliotecaria senese delle biblioteche, degli archivi e dei centri di documentazione dei Comuni della provincia di Siena\",\"breadcrumb\":{\"@id\":\"https:\/\/qzrstudio.com\/redos\/archivio\/archivio-storico-comunale-di-monteriggioni\/#breadcrumb\"},\"inLanguage\":\"en-US\",\"potentialAction\":[{\"@type\":\"ReadAction\",\"target\":[\"https:\/\/qzrstudio.com\/redos\/archivio\/archivio-storico-comunale-di-monteriggioni\/\"]}]},{\"@type\":\"ImageObject\",\"inLanguage\":\"en-US\",\"@id\":\"https:\/\/qzrstudio.com\/redos\/archivio\/archivio-storico-comunale-di-monteriggioni\/#primaryimage\",\"url\":\"https:\/\/qzrstudio.com\/redos\/wp-content\/uploads\/2021\/09\/foto-repertorio-per-archivi.jpg\",\"contentUrl\":\"https:\/\/qzrstudio.com\/redos\/wp-content\/uploads\/2021\/09\/foto-repertorio-per-archivi.jpg\",\"width\":1919,\"height\":780},{\"@type\":\"BreadcrumbList\",\"@id\":\"https:\/\/qzrstudio.com\/redos\/archivio\/archivio-storico-comunale-di-monteriggioni\/#breadcrumb\",\"itemListElement\":[{\"@type\":\"ListItem\",\"position\":1,\"name\":\"Home\",\"item\":\"https:\/\/qzrstudio.com\/redos\/en\/\"},{\"@type\":\"ListItem\",\"position\":2,\"name\":\"Archivi\",\"item\":\"https:\/\/qzrstudio.com\/redos\/archivio\/\"},{\"@type\":\"ListItem\",\"position\":3,\"name\":\"Archivio storico comunale di Monteriggioni\"}]},{\"@type\":\"WebSite\",\"@id\":\"https:\/\/qzrstudio.com\/redos\/#website\",\"url\":\"https:\/\/qzrstudio.com\/redos\/\",\"name\":\"ReDoS\",\"description\":\"Rete Documentaria Senese\",\"potentialAction\":[{\"@type\":\"SearchAction\",\"target\":{\"@type\":\"EntryPoint\",\"urlTemplate\":\"https:\/\/qzrstudio.com\/redos\/?s={search_term_string}\"},\"query-input\":{\"@type\":\"PropertyValueSpecification\",\"valueRequired\":true,\"valueName\":\"search_term_string\"}}],\"inLanguage\":\"en-US\"}]}<\/script>\n<!-- \/ Yoast SEO plugin. -->","yoast_head_json":{"title":"Archivio storico comunale di Monteriggioni - ReDoS","description":"L'Archivio storico comunale di Monteriggioni fa parte di ReDoS, la Rete documentaria e bibliotecaria senese delle biblioteche, degli archivi e dei centri di documentazione dei Comuni della provincia di Siena","robots":{"index":"noindex","follow":"follow","max-snippet":"max-snippet:-1","max-image-preview":"max-image-preview:large","max-video-preview":"max-video-preview:-1"},"og_locale":"en_US","og_type":"article","og_title":"Archivio storico comunale di Monteriggioni - ReDoS","og_description":"L'Archivio storico comunale di Monteriggioni fa parte di ReDoS, la Rete documentaria e bibliotecaria senese delle biblioteche, degli archivi e dei centri di documentazione dei Comuni della provincia di Siena","og_url":"https:\/\/qzrstudio.com\/redos\/archivio\/archivio-storico-comunale-di-monteriggioni\/","og_site_name":"ReDoS","article_modified_time":"2023-07-27T13:51:46+00:00","og_image":[{"width":1919,"height":780,"url":"https:\/\/qzrstudio.com\/redos\/wp-content\/uploads\/2021\/09\/foto-repertorio-per-archivi.jpg","type":"image\/jpeg"}],"twitter_card":"summary_large_image","twitter_misc":{"Est. reading time":"2 minutes"},"schema":{"@context":"https:\/\/schema.org","@graph":[{"@type":"WebPage","@id":"https:\/\/qzrstudio.com\/redos\/archivio\/archivio-storico-comunale-di-monteriggioni\/","url":"https:\/\/qzrstudio.com\/redos\/archivio\/archivio-storico-comunale-di-monteriggioni\/","name":"Archivio storico comunale di Monteriggioni - ReDoS","isPartOf":{"@id":"https:\/\/qzrstudio.com\/redos\/#website"},"primaryImageOfPage":{"@id":"https:\/\/qzrstudio.com\/redos\/archivio\/archivio-storico-comunale-di-monteriggioni\/#primaryimage"},"image":{"@id":"https:\/\/qzrstudio.com\/redos\/archivio\/archivio-storico-comunale-di-monteriggioni\/#primaryimage"},"thumbnailUrl":"https:\/\/qzrstudio.com\/redos\/wp-content\/uploads\/2021\/09\/foto-repertorio-per-archivi.jpg","datePublished":"2021-09-30T15:11:02+00:00","dateModified":"2023-07-27T13:51:46+00:00","description":"L'Archivio storico comunale di Monteriggioni fa parte di ReDoS, la Rete documentaria e bibliotecaria senese delle biblioteche, degli archivi e dei centri di documentazione dei Comuni della provincia di Siena","breadcrumb":{"@id":"https:\/\/qzrstudio.com\/redos\/archivio\/archivio-storico-comunale-di-monteriggioni\/#breadcrumb"},"inLanguage":"en-US","potentialAction":[{"@type":"ReadAction","target":["https:\/\/qzrstudio.com\/redos\/archivio\/archivio-storico-comunale-di-monteriggioni\/"]}]},{"@type":"ImageObject","inLanguage":"en-US","@id":"https:\/\/qzrstudio.com\/redos\/archivio\/archivio-storico-comunale-di-monteriggioni\/#primaryimage","url":"https:\/\/qzrstudio.com\/redos\/wp-content\/uploads\/2021\/09\/foto-repertorio-per-archivi.jpg","contentUrl":"https:\/\/qzrstudio.com\/redos\/wp-content\/uploads\/2021\/09\/foto-repertorio-per-archivi.jpg","width":1919,"height":780},{"@type":"BreadcrumbList","@id":"https:\/\/qzrstudio.com\/redos\/archivio\/archivio-storico-comunale-di-monteriggioni\/#breadcrumb","itemListElement":[{"@type":"ListItem","position":1,"name":"Home","item":"https:\/\/qzrstudio.com\/redos\/en\/"},{"@type":"ListItem","position":2,"name":"Archivi","item":"https:\/\/qzrstudio.com\/redos\/archivio\/"},{"@type":"ListItem","position":3,"name":"Archivio storico comunale di Monteriggioni"}]},{"@type":"WebSite","@id":"https:\/\/qzrstudio.com\/redos\/#website","url":"https:\/\/qzrstudio.com\/redos\/","name":"ReDoS","description":"Rete Documentaria Senese","potentialAction":[{"@type":"SearchAction","target":{"@type":"EntryPoint","urlTemplate":"https:\/\/qzrstudio.com\/redos\/?s={search_term_string}"},"query-input":{"@type":"PropertyValueSpecification","valueRequired":true,"valueName":"search_term_string"}}],"inLanguage":"en-US"}]}},"_links":{"self":[{"href":"https:\/\/qzrstudio.com\/redos\/en\/wp-json\/wp\/v2\/archive\/507","targetHints":{"allow":["GET"]}}],"collection":[{"href":"https:\/\/qzrstudio.com\/redos\/en\/wp-json\/wp\/v2\/archive"}],"about":[{"href":"https:\/\/qzrstudio.com\/redos\/en\/wp-json\/wp\/v2\/types\/archive"}],"wp:featuredmedia":[{"embeddable":true,"href":"https:\/\/qzrstudio.com\/redos\/en\/wp-json\/wp\/v2\/media\/909"}],"wp:attachment":[{"href":"https:\/\/qzrstudio.com\/redos\/en\/wp-json\/wp\/v2\/media?parent=507"}],"curies":[{"name":"wp","href":"https:\/\/api.w.org\/{rel}","templated":true}]}}

<div class="wp-block-columns is-layout-flex wp-container-core-columns-is-layout-2 wp-block-columns-is-layout-flex">
<div class="wp-block-column is-layout-flow wp-block-column-is-layout-flow" style="flex-basis:40%"></div>



<div class="wp-block-column is-layout-flow wp-block-column-is-layout-flow">
<div class="wp-block-columns is-layout-flex wp-container-core-columns-is-layout-1 wp-block-columns-is-layout-flex">
<div class="wp-block-column is-layout-flow wp-block-column-is-layout-flow" style="flex-basis:50%">
<p>Via Cama, 150<br>53035 Monteriggioni </p>



<p>0577 306654</p>



<p> <a href="mailto:monteriggioni@comune.monteriggioni.si.it">email</a></p>
</div>



<div class="wp-block-column is-layout-flow wp-block-column-is-layout-flow">		<div class="qzr-dynamic-blocks" data-template="alert" data-type="timetables">
			

<p class="has-text-align-center"><strong>aperto su appuntamento</strong></p>

		</div>
	</div>
</div>
</div>
</div>


<html><body><div class="wp-block-columns is-layout-flex wp-container-core-columns-is-layout-3 wp-block-columns-is-layout-flex" data-border-bottom="1">
<div class="wp-block-column is-layout-flow wp-block-column-is-layout-flow" style="flex-basis:40%">
<p class="is-style-label">L&#8217;ARCHIVIO</p>
</div>



<div class="wp-block-column is-layout-flow wp-block-column-is-layout-flow">
<p>Le prime informazioni relative all&#8217;Archivio di Monteriggioni si trovano in una relazione che il vicario Giuseppe Antonio Castelli inviò a Firenze nel giugno del 1746, rispondendo a un&#8217;inchiesta sugli archivi del Granducato voluta dall&#8217;auditore Pompeo Neri. Nella risposta, dopo alcune notizie sull&#8217;origine del castello e sulla locale amministrazione della giustizia, il vicario accenna anche ai documenti conservati nell&#8217;archivio. Il Castelli si sofferma particolarmente su 15 libri da lui chiamati &#8220;Spogli&#8221;, di cui descrive con notevole precisione il contenuto – pur senza precisarne la datazione – e che possono essere identificati, almeno nella maggior parte, con i &#8220;Libri di Memorie&#8221;, che costituiscono la prima serie del presente inventario.</p>



<p>Dopo queste prime indagini archivistiche, nel 1826, grazie a Teodosio Mocenni, viene redatto il più antico inventario. Si tratta di un elenco sommario: le unità archivistiche non sono numerate, manca la descrizione esterna delle suddette unità, la datazione non vi è quasi mai annotata singolarmente e la divisone in serie è approssimativa. Nel 1827 fu compilato un elenco più dettagliato a cui ne seguirà un terzo nel 1830. L’inventario più rilevante fu quello redatto da Giuseppe Maria Becattini nel 1852, utilizzato sino al 1865. Tutto il materiale preunitario non fu sottoposto a nessuna nuova inventariazione sino al suo deposito presso l’archivio di Stato di Siena avvenuto l’8 dicembre 1922. L’Archivio è attualmente suddiviso in archivio preunitario, archivio postunitario e archivi aggregati. I documenti che costituiscono la sezione postunitaria sono stati riordinati nel 1975 seguendo i criteri di classificazione adottati dal Comune che distinguevano il materiale prodotto prima e dopo il 1906, anno in cui era stata applicata la normativa contenuta nella circolare ministeriale del 1 marzo 1897. Per questo motivo anche nel recente riordino, effettuato nel 1990, la documentazione è stata strutturata in serie a numerazione chiusa per gli anni 1865-1906 e in serie &#8220;aperte&#8221; dal 1907.</p>
</div>
</div>
</body></html>

<html><body><div class="wp-block-columns is-layout-flex wp-container-core-columns-is-layout-4 wp-block-columns-is-layout-flex" data-border-bottom="1">
<div class="wp-block-column is-layout-flow wp-block-column-is-layout-flow" style="flex-basis:40%">
<p class="is-style-label">INVENTARI</p>
</div>



<div class="wp-block-column is-layout-flow wp-block-column-is-layout-flow">
<p><em>L&#8217;Archivio comunale di Monteriggioni. Inventario della Sezione storica</em>, a cura di Elena Brizzo e Carla Zarilli coordinati da Giuliano Catoni. Siena 1991</p>
</div>
</div>
</body></html>

<html><body><div class="wp-block-columns is-layout-flex wp-container-core-columns-is-layout-5 wp-block-columns-is-layout-flex" data-border-bottom="1">
<div class="wp-block-column is-layout-flow wp-block-column-is-layout-flow" style="flex-basis:40%">
<p class="is-style-label">COLLEGAMENTI ESTERNI</p>
</div>



<div class="wp-block-column is-layout-flow wp-block-column-is-layout-flow">
<p>L&#8217;Archivio è descritto anche in <a href="https://siusa.archivi.beniculturali.it/cgi-bin/pagina.pl?TipoPag=cons&amp;Chiave=10938" target="_blank" rel="noreferrer noopener">SIUSA-Sistema informativo unificato per le Soprintendenze archivistiche</a> e in <a href="http://www301.regione.toscana.it/bancadati/sistemacultura/index.xml" target="_blank" rel="noreferrer noopener">Regione Toscana-Sistema Cultura</a>.</p>
</div>
</div>
</body></html>
