{"id":174,"date":"2021-05-25T13:44:17","date_gmt":"2021-05-25T11:44:17","guid":{"rendered":"http:\/\/qzrstudio.com\/redos\/?post_type=library&#038;p=174"},"modified":"2023-07-27T16:02:55","modified_gmt":"2023-07-27T14:02:55","slug":"biblioteca-comunale-di-san-quirico-dorcia","status":"publish","type":"library","link":"https:\/\/qzrstudio.com\/redos\/en\/biblioteca\/biblioteca-comunale-di-san-quirico-dorcia\/","title":{"rendered":"Biblioteca comunale di San Quirico d&#8217;Orcia"},"content":{"rendered":"\n<div class=\"wp-block-columns is-layout-flex wp-container-core-columns-is-layout-2 wp-block-columns-is-layout-flex\">\n<div class=\"wp-block-column is-layout-flow wp-block-column-is-layout-flow\" style=\"flex-basis:40%\"><\/div>\n\n\n\n<div class=\"wp-block-column is-layout-flow wp-block-column-is-layout-flow\">\n<div class=\"wp-block-columns is-layout-flex wp-container-core-columns-is-layout-1 wp-block-columns-is-layout-flex\">\n<div class=\"wp-block-column is-layout-flow wp-block-column-is-layout-flow\" style=\"flex-basis:50%\">\n<p>Piazza Chigi, 2<\/p>\n\n\n\n<p>53027 San Quirico d&#8217;Orcia<\/p>\n\n\n\n<p>0577 899724-25<\/p>\n\n\n\n<p>0577 899721 (Comune)<\/p>\n\n\n\n<p><a href=\"mailto:biblioteca@comune.sanquiricodorcia.si.it\">email<\/a><\/p>\n\n\n\n<p><a href=\"http:\/\/www.facebook.com\/bibliotecasanquirico\/\">facebook<\/a><\/p>\n\n\n\n<p><a href=\"http:\/\/www.comunesanquirico.it\/non-categorizzato\/i-servizi-della-biblioteca-comunale\/\">sito web<\/a> (Comune di San Quirico d&#8217;Orcia)<\/p>\n<\/div>\n\n\n\n<div class=\"wp-block-column is-layout-flow wp-block-column-is-layout-flow\">\t\t<div class=\"qzr-dynamic-blocks\" data-template=\"choose\" data-type=\"timetables\">\r\n\t\t\t\n\n<p>luned\u00ec, gioved\u00ec 15:00-17:30<\/p>\n\n\n\n<p>marted\u00ec, mercoled\u00ec, venerd\u00ec 10:00-13:00<\/p>\n\n\n\n<p>sabato 9:00-13:00<\/p>\n\n\t\t<\/div>\r\n\t<\/div>\n<\/div>\n<\/div>\n<\/div>\n\n\n<html><body><div class=\"wp-block-columns is-layout-flex wp-container-core-columns-is-layout-3 wp-block-columns-is-layout-flex\" data-border-bottom=\"1\">\n<div class=\"wp-block-column is-layout-flow wp-block-column-is-layout-flow\" style=\"flex-basis:40%\">\n<p class=\"is-style-label\">Servizi<\/p>\n<\/div>\n\n\n\n<div class=\"wp-block-column is-layout-flow wp-block-column-is-layout-flow\">\n<ul class=\"wp-block-list\">\n<li>prestito<\/li>\n\n\n\n<li>prestito interbibliotecario<\/li>\n\n\n\n<li>consulenza bibliografica<\/li>\n\n\n\n<li>attivit\u00e0 laboratoriali<\/li>\n\n\n\n<li>pc e collegamento a internet<\/li>\n\n\n\n<li>sala lettura\/consultazione<\/li>\n\n\n\n<li>ludoteca<\/li>\n\n\n\n<li>accesso per disabili<\/li>\n\n\n\n<li>documenti in lingua straniera<\/li>\n\n\n\n<li>audiolibri<\/li>\n<\/ul>\n<\/div>\n<\/div>\n<\/body><\/html>\n\n<html><body><div class=\"wp-block-columns is-layout-flex wp-container-core-columns-is-layout-4 wp-block-columns-is-layout-flex\" data-border-bottom=\"1\">\n<div class=\"wp-block-column is-layout-flow wp-block-column-is-layout-flow\" style=\"flex-basis:40%\">\n<p class=\"is-style-label\">La Biblioteca<\/p>\n<\/div>\n\n\n\n<div class=\"wp-block-column is-layout-flow wp-block-column-is-layout-flow\">\n<p>Al piano terra di Palazzo Chigi Zondadari si trova La Biblioteca comunale, una moderna biblioteca di pubblica lettura, luminosa ed elegantemente arredata, che ospita una variegata tipologia di volumi per grandi e piccoli lettori. La sezione locale, in costante aumento, ospita volumi che documentano la nostra area territoriale in tutti i suoi aspetti. Una sezione dedicata ai nuovi arrivi offre agli utenti la possibilit\u00e0 di leggere pubblicazioni di recente uscita. All\u2019interno della Biblioteca \u00e8 custodito il Fondo Tagliolini, un fondo chiuso costituito da preziosi volumi dedicati all\u2019arte dei giardini e al paesaggio.<\/p>\n<\/div>\n<\/div>\n<\/body><\/html>\n\n<html><body><div class=\"wp-block-columns is-layout-flex wp-container-core-columns-is-layout-5 wp-block-columns-is-layout-flex\" data-border-bottom=\"1\">\n<div class=\"wp-block-column is-layout-flow wp-block-column-is-layout-flow\" style=\"flex-basis:40%\">\n<p class=\"is-style-label\">Patrimonio Documentario<\/p>\n<\/div>\n\n\n\n<div class=\"wp-block-column is-layout-flow wp-block-column-is-layout-flow\">\n<p>Il patrimonio della Biblioteca \u00e8 prevalentemente costituito da narrativa e saggistica (circa 12.000 volumi).<\/p>\n\n\n\n<p>Vi si conservano, inoltre, l&#8217;A.I.A.G. (Archivio Italiano Arte dei Giardini) e il Fondo Tagliolini, oltre 1.000 volumi dedicati all\u2019arte dei giardini e al paesaggio.<\/p>\n<\/div>\n<\/div>\n<\/body><\/html>\n\n","protected":false},"featured_media":897,"template":"","class_list":["post-174","library","type-library","status-publish","has-post-thumbnail","hentry"],"yoast_head":"<!-- This site is optimized with the Yoast SEO plugin v24.8.1 - https:\/\/yoast.com\/wordpress\/plugins\/seo\/ -->\n<title>Biblioteca comunale di San Quirico d&#039;Orcia - ReDoS<\/title>\n<meta name=\"description\" content=\"La Biblioteca comunale di San Quirico d&#039;Orcia fa parte di ReDoS, la Rete documentaria e bibliotecaria senese delle biblioteche, degli archivi e dei centri di documentazione dei Comuni della provincia di Siena\" \/>\n<meta name=\"robots\" content=\"noindex, follow, max-snippet:-1, max-image-preview:large, max-video-preview:-1\" \/>\n<meta property=\"og:locale\" content=\"en_US\" \/>\n<meta property=\"og:type\" content=\"article\" \/>\n<meta property=\"og:title\" content=\"Biblioteca comunale di San Quirico d&#039;Orcia - ReDoS\" \/>\n<meta property=\"og:description\" content=\"La Biblioteca comunale di San Quirico d&#039;Orcia fa parte di ReDoS, la Rete documentaria e bibliotecaria senese delle biblioteche, degli archivi e dei centri di documentazione dei Comuni della provincia di Siena\" \/>\n<meta property=\"og:url\" content=\"https:\/\/qzrstudio.com\/redos\/biblioteca\/biblioteca-comunale-di-san-quirico-dorcia\/\" \/>\n<meta property=\"og:site_name\" content=\"ReDoS\" \/>\n<meta property=\"article:modified_time\" content=\"2023-07-27T14:02:55+00:00\" \/>\n<meta property=\"og:image\" content=\"https:\/\/qzrstudio.com\/redos\/wp-content\/uploads\/2021\/05\/Sanqui_P5190037.jpg\" \/>\n\t<meta property=\"og:image:width\" content=\"2009\" \/>\n\t<meta property=\"og:image:height\" content=\"842\" \/>\n\t<meta property=\"og:image:type\" content=\"image\/jpeg\" \/>\n<meta name=\"twitter:card\" content=\"summary_large_image\" \/>\n<meta name=\"twitter:label1\" content=\"Est. reading time\" \/>\n\t<meta name=\"twitter:data1\" content=\"1 minute\" \/>\n<script type=\"application\/ld+json\" class=\"yoast-schema-graph\">{\"@context\":\"https:\/\/schema.org\",\"@graph\":[{\"@type\":\"WebPage\",\"@id\":\"https:\/\/qzrstudio.com\/redos\/biblioteca\/biblioteca-comunale-di-san-quirico-dorcia\/\",\"url\":\"https:\/\/qzrstudio.com\/redos\/biblioteca\/biblioteca-comunale-di-san-quirico-dorcia\/\",\"name\":\"Biblioteca comunale di San Quirico d'Orcia - ReDoS\",\"isPartOf\":{\"@id\":\"https:\/\/qzrstudio.com\/redos\/#website\"},\"primaryImageOfPage\":{\"@id\":\"https:\/\/qzrstudio.com\/redos\/biblioteca\/biblioteca-comunale-di-san-quirico-dorcia\/#primaryimage\"},\"image\":{\"@id\":\"https:\/\/qzrstudio.com\/redos\/biblioteca\/biblioteca-comunale-di-san-quirico-dorcia\/#primaryimage\"},\"thumbnailUrl\":\"https:\/\/qzrstudio.com\/redos\/wp-content\/uploads\/2021\/05\/Sanqui_P5190037.jpg\",\"datePublished\":\"2021-05-25T11:44:17+00:00\",\"dateModified\":\"2023-07-27T14:02:55+00:00\",\"description\":\"La Biblioteca comunale di San Quirico d'Orcia fa parte di ReDoS, la Rete documentaria e bibliotecaria senese delle biblioteche, degli archivi e dei centri di documentazione dei Comuni della provincia di Siena\",\"breadcrumb\":{\"@id\":\"https:\/\/qzrstudio.com\/redos\/biblioteca\/biblioteca-comunale-di-san-quirico-dorcia\/#breadcrumb\"},\"inLanguage\":\"en-US\",\"potentialAction\":[{\"@type\":\"ReadAction\",\"target\":[\"https:\/\/qzrstudio.com\/redos\/biblioteca\/biblioteca-comunale-di-san-quirico-dorcia\/\"]}]},{\"@type\":\"ImageObject\",\"inLanguage\":\"en-US\",\"@id\":\"https:\/\/qzrstudio.com\/redos\/biblioteca\/biblioteca-comunale-di-san-quirico-dorcia\/#primaryimage\",\"url\":\"https:\/\/qzrstudio.com\/redos\/wp-content\/uploads\/2021\/05\/Sanqui_P5190037.jpg\",\"contentUrl\":\"https:\/\/qzrstudio.com\/redos\/wp-content\/uploads\/2021\/05\/Sanqui_P5190037.jpg\",\"width\":2009,\"height\":842},{\"@type\":\"BreadcrumbList\",\"@id\":\"https:\/\/qzrstudio.com\/redos\/biblioteca\/biblioteca-comunale-di-san-quirico-dorcia\/#breadcrumb\",\"itemListElement\":[{\"@type\":\"ListItem\",\"position\":1,\"name\":\"Home\",\"item\":\"https:\/\/qzrstudio.com\/redos\/en\/\"},{\"@type\":\"ListItem\",\"position\":2,\"name\":\"Biblioteche\",\"item\":\"https:\/\/qzrstudio.com\/redos\/biblioteca\/\"},{\"@type\":\"ListItem\",\"position\":3,\"name\":\"Biblioteca comunale di San Quirico d&#8217;Orcia\"}]},{\"@type\":\"WebSite\",\"@id\":\"https:\/\/qzrstudio.com\/redos\/#website\",\"url\":\"https:\/\/qzrstudio.com\/redos\/\",\"name\":\"ReDoS\",\"description\":\"Rete Documentaria Senese\",\"potentialAction\":[{\"@type\":\"SearchAction\",\"target\":{\"@type\":\"EntryPoint\",\"urlTemplate\":\"https:\/\/qzrstudio.com\/redos\/?s={search_term_string}\"},\"query-input\":{\"@type\":\"PropertyValueSpecification\",\"valueRequired\":true,\"valueName\":\"search_term_string\"}}],\"inLanguage\":\"en-US\"}]}<\/script>\n<!-- \/ Yoast SEO plugin. -->","yoast_head_json":{"title":"Biblioteca comunale di San Quirico d'Orcia - ReDoS","description":"La Biblioteca comunale di San Quirico d'Orcia fa parte di ReDoS, la Rete documentaria e bibliotecaria senese delle biblioteche, degli archivi e dei centri di documentazione dei Comuni della provincia di Siena","robots":{"index":"noindex","follow":"follow","max-snippet":"max-snippet:-1","max-image-preview":"max-image-preview:large","max-video-preview":"max-video-preview:-1"},"og_locale":"en_US","og_type":"article","og_title":"Biblioteca comunale di San Quirico d'Orcia - ReDoS","og_description":"La Biblioteca comunale di San Quirico d'Orcia fa parte di ReDoS, la Rete documentaria e bibliotecaria senese delle biblioteche, degli archivi e dei centri di documentazione dei Comuni della provincia di Siena","og_url":"https:\/\/qzrstudio.com\/redos\/biblioteca\/biblioteca-comunale-di-san-quirico-dorcia\/","og_site_name":"ReDoS","article_modified_time":"2023-07-27T14:02:55+00:00","og_image":[{"width":2009,"height":842,"url":"https:\/\/qzrstudio.com\/redos\/wp-content\/uploads\/2021\/05\/Sanqui_P5190037.jpg","type":"image\/jpeg"}],"twitter_card":"summary_large_image","twitter_misc":{"Est. reading time":"1 minute"},"schema":{"@context":"https:\/\/schema.org","@graph":[{"@type":"WebPage","@id":"https:\/\/qzrstudio.com\/redos\/biblioteca\/biblioteca-comunale-di-san-quirico-dorcia\/","url":"https:\/\/qzrstudio.com\/redos\/biblioteca\/biblioteca-comunale-di-san-quirico-dorcia\/","name":"Biblioteca comunale di San Quirico d'Orcia - ReDoS","isPartOf":{"@id":"https:\/\/qzrstudio.com\/redos\/#website"},"primaryImageOfPage":{"@id":"https:\/\/qzrstudio.com\/redos\/biblioteca\/biblioteca-comunale-di-san-quirico-dorcia\/#primaryimage"},"image":{"@id":"https:\/\/qzrstudio.com\/redos\/biblioteca\/biblioteca-comunale-di-san-quirico-dorcia\/#primaryimage"},"thumbnailUrl":"https:\/\/qzrstudio.com\/redos\/wp-content\/uploads\/2021\/05\/Sanqui_P5190037.jpg","datePublished":"2021-05-25T11:44:17+00:00","dateModified":"2023-07-27T14:02:55+00:00","description":"La Biblioteca comunale di San Quirico d'Orcia fa parte di ReDoS, la Rete documentaria e bibliotecaria senese delle biblioteche, degli archivi e dei centri di documentazione dei Comuni della provincia di Siena","breadcrumb":{"@id":"https:\/\/qzrstudio.com\/redos\/biblioteca\/biblioteca-comunale-di-san-quirico-dorcia\/#breadcrumb"},"inLanguage":"en-US","potentialAction":[{"@type":"ReadAction","target":["https:\/\/qzrstudio.com\/redos\/biblioteca\/biblioteca-comunale-di-san-quirico-dorcia\/"]}]},{"@type":"ImageObject","inLanguage":"en-US","@id":"https:\/\/qzrstudio.com\/redos\/biblioteca\/biblioteca-comunale-di-san-quirico-dorcia\/#primaryimage","url":"https:\/\/qzrstudio.com\/redos\/wp-content\/uploads\/2021\/05\/Sanqui_P5190037.jpg","contentUrl":"https:\/\/qzrstudio.com\/redos\/wp-content\/uploads\/2021\/05\/Sanqui_P5190037.jpg","width":2009,"height":842},{"@type":"BreadcrumbList","@id":"https:\/\/qzrstudio.com\/redos\/biblioteca\/biblioteca-comunale-di-san-quirico-dorcia\/#breadcrumb","itemListElement":[{"@type":"ListItem","position":1,"name":"Home","item":"https:\/\/qzrstudio.com\/redos\/en\/"},{"@type":"ListItem","position":2,"name":"Biblioteche","item":"https:\/\/qzrstudio.com\/redos\/biblioteca\/"},{"@type":"ListItem","position":3,"name":"Biblioteca comunale di San Quirico d&#8217;Orcia"}]},{"@type":"WebSite","@id":"https:\/\/qzrstudio.com\/redos\/#website","url":"https:\/\/qzrstudio.com\/redos\/","name":"ReDoS","description":"Rete Documentaria Senese","potentialAction":[{"@type":"SearchAction","target":{"@type":"EntryPoint","urlTemplate":"https:\/\/qzrstudio.com\/redos\/?s={search_term_string}"},"query-input":{"@type":"PropertyValueSpecification","valueRequired":true,"valueName":"search_term_string"}}],"inLanguage":"en-US"}]}},"_links":{"self":[{"href":"https:\/\/qzrstudio.com\/redos\/en\/wp-json\/wp\/v2\/library\/174","targetHints":{"allow":["GET"]}}],"collection":[{"href":"https:\/\/qzrstudio.com\/redos\/en\/wp-json\/wp\/v2\/library"}],"about":[{"href":"https:\/\/qzrstudio.com\/redos\/en\/wp-json\/wp\/v2\/types\/library"}],"wp:featuredmedia":[{"embeddable":true,"href":"https:\/\/qzrstudio.com\/redos\/en\/wp-json\/wp\/v2\/media\/897"}],"wp:attachment":[{"href":"https:\/\/qzrstudio.com\/redos\/en\/wp-json\/wp\/v2\/media?parent=174"}],"curies":[{"name":"wp","href":"https:\/\/api.w.org\/{rel}","templated":true}]}}

<div class="wp-block-columns is-layout-flex wp-container-core-columns-is-layout-2 wp-block-columns-is-layout-flex">
<div class="wp-block-column is-layout-flow wp-block-column-is-layout-flow" style="flex-basis:40%"></div>



<div class="wp-block-column is-layout-flow wp-block-column-is-layout-flow">
<div class="wp-block-columns is-layout-flex wp-container-core-columns-is-layout-1 wp-block-columns-is-layout-flex">
<div class="wp-block-column is-layout-flow wp-block-column-is-layout-flow" style="flex-basis:50%">
<p>Piazza Chigi, 2</p>



<p>53027 San Quirico d&#8217;Orcia</p>



<p>0577 899724-25</p>



<p>0577 899721 (Comune)</p>



<p><a href="mailto:biblioteca@comune.sanquiricodorcia.si.it">email</a></p>



<p><a href="http://www.facebook.com/bibliotecasanquirico/">facebook</a></p>



<p><a href="http://www.comunesanquirico.it/non-categorizzato/i-servizi-della-biblioteca-comunale/">sito web</a> (Comune di San Quirico d&#8217;Orcia)</p>
</div>



<div class="wp-block-column is-layout-flow wp-block-column-is-layout-flow">		<div class="qzr-dynamic-blocks" data-template="choose" data-type="timetables">
			

<p>lunedì, giovedì 15:00-17:30</p>



<p>martedì, mercoledì, venerdì 10:00-13:00</p>



<p>sabato 9:00-13:00</p>

		</div>
	</div>
</div>
</div>
</div>


<html><body><div class="wp-block-columns is-layout-flex wp-container-core-columns-is-layout-3 wp-block-columns-is-layout-flex" data-border-bottom="1">
<div class="wp-block-column is-layout-flow wp-block-column-is-layout-flow" style="flex-basis:40%">
<p class="is-style-label">Servizi</p>
</div>



<div class="wp-block-column is-layout-flow wp-block-column-is-layout-flow">
<ul class="wp-block-list">
<li>prestito</li>



<li>prestito interbibliotecario</li>



<li>consulenza bibliografica</li>



<li>attività laboratoriali</li>



<li>pc e collegamento a internet</li>



<li>sala lettura/consultazione</li>



<li>ludoteca</li>



<li>accesso per disabili</li>



<li>documenti in lingua straniera</li>



<li>audiolibri</li>
</ul>
</div>
</div>
</body></html>

<html><body><div class="wp-block-columns is-layout-flex wp-container-core-columns-is-layout-4 wp-block-columns-is-layout-flex" data-border-bottom="1">
<div class="wp-block-column is-layout-flow wp-block-column-is-layout-flow" style="flex-basis:40%">
<p class="is-style-label">La Biblioteca</p>
</div>



<div class="wp-block-column is-layout-flow wp-block-column-is-layout-flow">
<p>Al piano terra di Palazzo Chigi Zondadari si trova La Biblioteca comunale, una moderna biblioteca di pubblica lettura, luminosa ed elegantemente arredata, che ospita una variegata tipologia di volumi per grandi e piccoli lettori. La sezione locale, in costante aumento, ospita volumi che documentano la nostra area territoriale in tutti i suoi aspetti. Una sezione dedicata ai nuovi arrivi offre agli utenti la possibilità di leggere pubblicazioni di recente uscita. All’interno della Biblioteca è custodito il Fondo Tagliolini, un fondo chiuso costituito da preziosi volumi dedicati all’arte dei giardini e al paesaggio.</p>
</div>
</div>
</body></html>

<html><body><div class="wp-block-columns is-layout-flex wp-container-core-columns-is-layout-5 wp-block-columns-is-layout-flex" data-border-bottom="1">
<div class="wp-block-column is-layout-flow wp-block-column-is-layout-flow" style="flex-basis:40%">
<p class="is-style-label">Patrimonio Documentario</p>
</div>



<div class="wp-block-column is-layout-flow wp-block-column-is-layout-flow">
<p>Il patrimonio della Biblioteca è prevalentemente costituito da narrativa e saggistica (circa 12.000 volumi).</p>



<p>Vi si conservano, inoltre, l&#8217;A.I.A.G. (Archivio Italiano Arte dei Giardini) e il Fondo Tagliolini, oltre 1.000 volumi dedicati all’arte dei giardini e al paesaggio.</p>
</div>
</div>
</body></html>
