{"id":229,"date":"2021-06-08T17:17:07","date_gmt":"2021-06-08T15:17:07","guid":{"rendered":"http:\/\/qzrstudio.com\/redos\/?post_type=library&#038;p=229"},"modified":"2025-03-12T13:11:25","modified_gmt":"2025-03-12T12:11:25","slug":"biblioteca-comunale-di-sinalunga","status":"publish","type":"library","link":"https:\/\/qzrstudio.com\/redos\/en\/biblioteca\/biblioteca-comunale-di-sinalunga\/","title":{"rendered":"Biblioteca comunale di Sinalunga"},"content":{"rendered":"\n<div class=\"wp-block-columns qzr-add-controls-border-bottom is-layout-flex wp-container-core-columns-is-layout-2 wp-block-columns-is-layout-flex\">\n<div class=\"wp-block-column is-layout-flow wp-block-column-is-layout-flow\" style=\"flex-basis:40%\"><\/div>\n\n\n\n<div class=\"wp-block-column is-layout-flow wp-block-column-is-layout-flow\">\n<div class=\"wp-block-columns qzr-add-controls-border-bottom is-layout-flex wp-container-core-columns-is-layout-1 wp-block-columns-is-layout-flex\">\n<div class=\"wp-block-column is-layout-flow wp-block-column-is-layout-flow\" style=\"flex-basis:50%\">\n<p>Via Vasari 5<\/p>\n\n\n\n<p>53048 Sinalunga<\/p>\n\n\n\n<p>0577 631200<\/p>\n\n\n\n<p><a href=\"mailto:biblioteca@comune.sinalunga.si.it\">email<\/a><\/p>\n\n\n\n<p><a href=\"http:\/\/www.facebook.com\/biblioteca.sinalunga\/\">facebook<\/a> <\/p>\n\n\n\n<p><a href=\"http:\/\/www.biblioato.it\/\" target=\"_blank\" rel=\"noreferrer noopener\">sito web<\/a> <\/p>\n\n\n\n<p><\/p>\n<\/div>\n\n\n\n<div class=\"wp-block-column is-layout-flow wp-block-column-is-layout-flow\">\t\t<div class=\"qzr-dynamic-blocks\" data-template=\"\" data-type=\"timetables\">\r\n\t\t\t\n\n<p>luned\u00ec-venerd\u00ec 9:00-13:00<\/p>\n\n\n\n<p>luned\u00ec, marted\u00ec e gioved\u00ec<\/p>\n\n\n\n<p>15:30-18:45<\/p>\n\n\t\t<\/div>\r\n\t<\/div>\n<\/div>\n<\/div>\n<\/div>\n\n\n<html><body><div class=\"wp-block-columns qzr-add-controls-border-bottom is-layout-flex wp-container-core-columns-is-layout-3 wp-block-columns-is-layout-flex\" data-border-bottom=\"1\">\n<div class=\"wp-block-column is-layout-flow wp-block-column-is-layout-flow\" style=\"flex-basis:40%\">\n<p class=\"is-style-label\">Servizi<\/p>\n<\/div>\n\n\n\n<div class=\"wp-block-column is-layout-flow wp-block-column-is-layout-flow\">\n<ul class=\"wp-block-list\">\n<li>prestito<\/li>\n\n\n\n<li>prestito interbibliotecario<\/li>\n\n\n\n<li>reference<\/li>\n\n\n\n<li>laboratori con le scuole<\/li>\n\n\n\n<li>wi-fi<\/li>\n\n\n\n<li>documenti in lingua straniera<\/li>\n\n\n\n<li>accesso per disabili<\/li>\n\n\n\n<li>audiolibri<\/li>\n\n\n\n<li>testi in C.A.A.<\/li>\n\n\n\n<li>Baby pit-stop UNICEF<\/li>\n\n\n\n<li>Punto lettura Nati per Leggere<\/li>\n\n\n\n<li>MedialibraryOnline<\/li>\n<\/ul>\n\n\n\n<p><\/p>\n<\/div>\n<\/div>\n<\/body><\/html>\n\n<html><body><div class=\"wp-block-columns qzr-add-controls-border-bottom is-layout-flex wp-container-core-columns-is-layout-4 wp-block-columns-is-layout-flex\" data-border-bottom=\"1\">\n<div class=\"wp-block-column is-layout-flow wp-block-column-is-layout-flow\" style=\"flex-basis:40%\">\n<p class=\"is-style-label\">La Biblioteca<\/p>\n<\/div>\n\n\n\n<div class=\"wp-block-column is-layout-flow wp-block-column-is-layout-flow\">\n<p>La Biblioteca comunale di Sinalunga \u00e8 una biblioteca di ente locale che, oltre a perseguire gli obiettivi di conservazione del patrimonio documentario, svolge funzioni di biblioteca contemporanea di informazione generale. <\/p>\n\n\n\n<p>Particolare attenzione \u00e8 stata posta in questi ultimi anni alla fascia 0\/6 anni attraverso un incremento costante e mirato della sezione libraria destina agli utenti pi\u00f9 piccoli.<\/p>\n<\/div>\n<\/div>\n<\/body><\/html>\n\n<html><body><div class=\"wp-block-columns qzr-add-controls-border-bottom is-layout-flex wp-container-core-columns-is-layout-5 wp-block-columns-is-layout-flex\" data-border-bottom=\"1\">\n<div class=\"wp-block-column is-layout-flow wp-block-column-is-layout-flow\" style=\"flex-basis:40%\">\n<p class=\"is-style-label\">Patrimonio Documentario<\/p>\n<\/div>\n\n\n\n<div class=\"wp-block-column is-layout-flow wp-block-column-is-layout-flow\">\n<p>Il patrimonio librario conta oltre 35.000 unit\u00e0 costituite in larga parte da volumi del fondo moderno.<\/p>\n<\/div>\n<\/div>\n<\/body><\/html>\n\n","protected":false},"featured_media":352,"template":"","class_list":["post-229","library","type-library","status-publish","has-post-thumbnail","hentry"],"yoast_head":"<!-- This site is optimized with the Yoast SEO plugin v24.8.1 - https:\/\/yoast.com\/wordpress\/plugins\/seo\/ -->\n<title>Biblioteca comunale di Sinalunga - ReDoS<\/title>\n<meta name=\"description\" content=\"La Biblioteca comunale di Sinalunga fa parte di ReDoS, la Rete documentaria e bibliotecaria senese delle biblioteche, degli archivi e dei centri di documentazione dei Comuni della provincia di Siena\" \/>\n<meta name=\"robots\" content=\"noindex, follow, max-snippet:-1, max-image-preview:large, max-video-preview:-1\" \/>\n<meta property=\"og:locale\" content=\"en_US\" \/>\n<meta property=\"og:type\" content=\"article\" \/>\n<meta property=\"og:title\" content=\"Biblioteca comunale di Sinalunga - ReDoS\" \/>\n<meta property=\"og:description\" content=\"La Biblioteca comunale di Sinalunga fa parte di ReDoS, la Rete documentaria e bibliotecaria senese delle biblioteche, degli archivi e dei centri di documentazione dei Comuni della provincia di Siena\" \/>\n<meta property=\"og:url\" content=\"https:\/\/qzrstudio.com\/redos\/biblioteca\/biblioteca-comunale-di-sinalunga\/\" \/>\n<meta property=\"og:site_name\" content=\"ReDoS\" \/>\n<meta property=\"article:modified_time\" content=\"2025-03-12T12:11:25+00:00\" \/>\n<meta property=\"og:image\" content=\"https:\/\/qzrstudio.com\/redos\/wp-content\/uploads\/2021\/09\/Sangi_P3230050.jpg\" \/>\n\t<meta property=\"og:image:width\" content=\"1920\" \/>\n\t<meta property=\"og:image:height\" content=\"520\" \/>\n\t<meta property=\"og:image:type\" content=\"image\/jpeg\" \/>\n<meta name=\"twitter:card\" content=\"summary_large_image\" \/>\n<meta name=\"twitter:label1\" content=\"Est. reading time\" \/>\n\t<meta name=\"twitter:data1\" content=\"1 minute\" \/>\n<script type=\"application\/ld+json\" class=\"yoast-schema-graph\">{\"@context\":\"https:\/\/schema.org\",\"@graph\":[{\"@type\":\"WebPage\",\"@id\":\"https:\/\/qzrstudio.com\/redos\/biblioteca\/biblioteca-comunale-di-sinalunga\/\",\"url\":\"https:\/\/qzrstudio.com\/redos\/biblioteca\/biblioteca-comunale-di-sinalunga\/\",\"name\":\"Biblioteca comunale di Sinalunga - ReDoS\",\"isPartOf\":{\"@id\":\"https:\/\/qzrstudio.com\/redos\/#website\"},\"primaryImageOfPage\":{\"@id\":\"https:\/\/qzrstudio.com\/redos\/biblioteca\/biblioteca-comunale-di-sinalunga\/#primaryimage\"},\"image\":{\"@id\":\"https:\/\/qzrstudio.com\/redos\/biblioteca\/biblioteca-comunale-di-sinalunga\/#primaryimage\"},\"thumbnailUrl\":\"https:\/\/qzrstudio.com\/redos\/wp-content\/uploads\/2021\/09\/Sangi_P3230050.jpg\",\"datePublished\":\"2021-06-08T15:17:07+00:00\",\"dateModified\":\"2025-03-12T12:11:25+00:00\",\"description\":\"La Biblioteca comunale di Sinalunga fa parte di ReDoS, la Rete documentaria e bibliotecaria senese delle biblioteche, degli archivi e dei centri di documentazione dei Comuni della provincia di Siena\",\"breadcrumb\":{\"@id\":\"https:\/\/qzrstudio.com\/redos\/biblioteca\/biblioteca-comunale-di-sinalunga\/#breadcrumb\"},\"inLanguage\":\"en-US\",\"potentialAction\":[{\"@type\":\"ReadAction\",\"target\":[\"https:\/\/qzrstudio.com\/redos\/biblioteca\/biblioteca-comunale-di-sinalunga\/\"]}]},{\"@type\":\"ImageObject\",\"inLanguage\":\"en-US\",\"@id\":\"https:\/\/qzrstudio.com\/redos\/biblioteca\/biblioteca-comunale-di-sinalunga\/#primaryimage\",\"url\":\"https:\/\/qzrstudio.com\/redos\/wp-content\/uploads\/2021\/09\/Sangi_P3230050.jpg\",\"contentUrl\":\"https:\/\/qzrstudio.com\/redos\/wp-content\/uploads\/2021\/09\/Sangi_P3230050.jpg\",\"width\":1920,\"height\":520,\"caption\":\"OLYMPUS DIGITAL CAMERA\"},{\"@type\":\"BreadcrumbList\",\"@id\":\"https:\/\/qzrstudio.com\/redos\/biblioteca\/biblioteca-comunale-di-sinalunga\/#breadcrumb\",\"itemListElement\":[{\"@type\":\"ListItem\",\"position\":1,\"name\":\"Home\",\"item\":\"https:\/\/qzrstudio.com\/redos\/en\/\"},{\"@type\":\"ListItem\",\"position\":2,\"name\":\"Biblioteche\",\"item\":\"https:\/\/qzrstudio.com\/redos\/biblioteca\/\"},{\"@type\":\"ListItem\",\"position\":3,\"name\":\"Biblioteca comunale di Sinalunga\"}]},{\"@type\":\"WebSite\",\"@id\":\"https:\/\/qzrstudio.com\/redos\/#website\",\"url\":\"https:\/\/qzrstudio.com\/redos\/\",\"name\":\"ReDoS\",\"description\":\"Rete Documentaria Senese\",\"potentialAction\":[{\"@type\":\"SearchAction\",\"target\":{\"@type\":\"EntryPoint\",\"urlTemplate\":\"https:\/\/qzrstudio.com\/redos\/?s={search_term_string}\"},\"query-input\":{\"@type\":\"PropertyValueSpecification\",\"valueRequired\":true,\"valueName\":\"search_term_string\"}}],\"inLanguage\":\"en-US\"}]}<\/script>\n<!-- \/ Yoast SEO plugin. -->","yoast_head_json":{"title":"Biblioteca comunale di Sinalunga - ReDoS","description":"La Biblioteca comunale di Sinalunga fa parte di ReDoS, la Rete documentaria e bibliotecaria senese delle biblioteche, degli archivi e dei centri di documentazione dei Comuni della provincia di Siena","robots":{"index":"noindex","follow":"follow","max-snippet":"max-snippet:-1","max-image-preview":"max-image-preview:large","max-video-preview":"max-video-preview:-1"},"og_locale":"en_US","og_type":"article","og_title":"Biblioteca comunale di Sinalunga - ReDoS","og_description":"La Biblioteca comunale di Sinalunga fa parte di ReDoS, la Rete documentaria e bibliotecaria senese delle biblioteche, degli archivi e dei centri di documentazione dei Comuni della provincia di Siena","og_url":"https:\/\/qzrstudio.com\/redos\/biblioteca\/biblioteca-comunale-di-sinalunga\/","og_site_name":"ReDoS","article_modified_time":"2025-03-12T12:11:25+00:00","og_image":[{"width":1920,"height":520,"url":"https:\/\/qzrstudio.com\/redos\/wp-content\/uploads\/2021\/09\/Sangi_P3230050.jpg","type":"image\/jpeg"}],"twitter_card":"summary_large_image","twitter_misc":{"Est. reading time":"1 minute"},"schema":{"@context":"https:\/\/schema.org","@graph":[{"@type":"WebPage","@id":"https:\/\/qzrstudio.com\/redos\/biblioteca\/biblioteca-comunale-di-sinalunga\/","url":"https:\/\/qzrstudio.com\/redos\/biblioteca\/biblioteca-comunale-di-sinalunga\/","name":"Biblioteca comunale di Sinalunga - ReDoS","isPartOf":{"@id":"https:\/\/qzrstudio.com\/redos\/#website"},"primaryImageOfPage":{"@id":"https:\/\/qzrstudio.com\/redos\/biblioteca\/biblioteca-comunale-di-sinalunga\/#primaryimage"},"image":{"@id":"https:\/\/qzrstudio.com\/redos\/biblioteca\/biblioteca-comunale-di-sinalunga\/#primaryimage"},"thumbnailUrl":"https:\/\/qzrstudio.com\/redos\/wp-content\/uploads\/2021\/09\/Sangi_P3230050.jpg","datePublished":"2021-06-08T15:17:07+00:00","dateModified":"2025-03-12T12:11:25+00:00","description":"La Biblioteca comunale di Sinalunga fa parte di ReDoS, la Rete documentaria e bibliotecaria senese delle biblioteche, degli archivi e dei centri di documentazione dei Comuni della provincia di Siena","breadcrumb":{"@id":"https:\/\/qzrstudio.com\/redos\/biblioteca\/biblioteca-comunale-di-sinalunga\/#breadcrumb"},"inLanguage":"en-US","potentialAction":[{"@type":"ReadAction","target":["https:\/\/qzrstudio.com\/redos\/biblioteca\/biblioteca-comunale-di-sinalunga\/"]}]},{"@type":"ImageObject","inLanguage":"en-US","@id":"https:\/\/qzrstudio.com\/redos\/biblioteca\/biblioteca-comunale-di-sinalunga\/#primaryimage","url":"https:\/\/qzrstudio.com\/redos\/wp-content\/uploads\/2021\/09\/Sangi_P3230050.jpg","contentUrl":"https:\/\/qzrstudio.com\/redos\/wp-content\/uploads\/2021\/09\/Sangi_P3230050.jpg","width":1920,"height":520,"caption":"OLYMPUS DIGITAL CAMERA"},{"@type":"BreadcrumbList","@id":"https:\/\/qzrstudio.com\/redos\/biblioteca\/biblioteca-comunale-di-sinalunga\/#breadcrumb","itemListElement":[{"@type":"ListItem","position":1,"name":"Home","item":"https:\/\/qzrstudio.com\/redos\/en\/"},{"@type":"ListItem","position":2,"name":"Biblioteche","item":"https:\/\/qzrstudio.com\/redos\/biblioteca\/"},{"@type":"ListItem","position":3,"name":"Biblioteca comunale di Sinalunga"}]},{"@type":"WebSite","@id":"https:\/\/qzrstudio.com\/redos\/#website","url":"https:\/\/qzrstudio.com\/redos\/","name":"ReDoS","description":"Rete Documentaria Senese","potentialAction":[{"@type":"SearchAction","target":{"@type":"EntryPoint","urlTemplate":"https:\/\/qzrstudio.com\/redos\/?s={search_term_string}"},"query-input":{"@type":"PropertyValueSpecification","valueRequired":true,"valueName":"search_term_string"}}],"inLanguage":"en-US"}]}},"_links":{"self":[{"href":"https:\/\/qzrstudio.com\/redos\/en\/wp-json\/wp\/v2\/library\/229","targetHints":{"allow":["GET"]}}],"collection":[{"href":"https:\/\/qzrstudio.com\/redos\/en\/wp-json\/wp\/v2\/library"}],"about":[{"href":"https:\/\/qzrstudio.com\/redos\/en\/wp-json\/wp\/v2\/types\/library"}],"wp:featuredmedia":[{"embeddable":true,"href":"https:\/\/qzrstudio.com\/redos\/en\/wp-json\/wp\/v2\/media\/352"}],"wp:attachment":[{"href":"https:\/\/qzrstudio.com\/redos\/en\/wp-json\/wp\/v2\/media?parent=229"}],"curies":[{"name":"wp","href":"https:\/\/api.w.org\/{rel}","templated":true}]}}

<div class="wp-block-columns qzr-add-controls-border-bottom is-layout-flex wp-container-core-columns-is-layout-2 wp-block-columns-is-layout-flex">
<div class="wp-block-column is-layout-flow wp-block-column-is-layout-flow" style="flex-basis:40%"></div>



<div class="wp-block-column is-layout-flow wp-block-column-is-layout-flow">
<div class="wp-block-columns qzr-add-controls-border-bottom is-layout-flex wp-container-core-columns-is-layout-1 wp-block-columns-is-layout-flex">
<div class="wp-block-column is-layout-flow wp-block-column-is-layout-flow" style="flex-basis:50%">
<p>Via Vasari 5</p>



<p>53048 Sinalunga</p>



<p>0577 631200</p>



<p><a href="mailto:biblioteca@comune.sinalunga.si.it">email</a></p>



<p><a href="http://www.facebook.com/biblioteca.sinalunga/">facebook</a> </p>



<p><a href="http://www.biblioato.it/" target="_blank" rel="noreferrer noopener">sito web</a> </p>



<p></p>
</div>



<div class="wp-block-column is-layout-flow wp-block-column-is-layout-flow">		<div class="qzr-dynamic-blocks" data-template="" data-type="timetables">
			

<p>lunedì-venerdì 9:00-13:00</p>



<p>lunedì, martedì e giovedì</p>



<p>15:30-18:45</p>

		</div>
	</div>
</div>
</div>
</div>


<html><body><div class="wp-block-columns qzr-add-controls-border-bottom is-layout-flex wp-container-core-columns-is-layout-3 wp-block-columns-is-layout-flex" data-border-bottom="1">
<div class="wp-block-column is-layout-flow wp-block-column-is-layout-flow" style="flex-basis:40%">
<p class="is-style-label">Servizi</p>
</div>



<div class="wp-block-column is-layout-flow wp-block-column-is-layout-flow">
<ul class="wp-block-list">
<li>prestito</li>



<li>prestito interbibliotecario</li>



<li>reference</li>



<li>laboratori con le scuole</li>



<li>wi-fi</li>



<li>documenti in lingua straniera</li>



<li>accesso per disabili</li>



<li>audiolibri</li>



<li>testi in C.A.A.</li>



<li>Baby pit-stop UNICEF</li>



<li>Punto lettura Nati per Leggere</li>



<li>MedialibraryOnline</li>
</ul>



<p></p>
</div>
</div>
</body></html>

<html><body><div class="wp-block-columns qzr-add-controls-border-bottom is-layout-flex wp-container-core-columns-is-layout-4 wp-block-columns-is-layout-flex" data-border-bottom="1">
<div class="wp-block-column is-layout-flow wp-block-column-is-layout-flow" style="flex-basis:40%">
<p class="is-style-label">La Biblioteca</p>
</div>



<div class="wp-block-column is-layout-flow wp-block-column-is-layout-flow">
<p>La Biblioteca comunale di Sinalunga è una biblioteca di ente locale che, oltre a perseguire gli obiettivi di conservazione del patrimonio documentario, svolge funzioni di biblioteca contemporanea di informazione generale. </p>



<p>Particolare attenzione è stata posta in questi ultimi anni alla fascia 0/6 anni attraverso un incremento costante e mirato della sezione libraria destina agli utenti più piccoli.</p>
</div>
</div>
</body></html>

<html><body><div class="wp-block-columns qzr-add-controls-border-bottom is-layout-flex wp-container-core-columns-is-layout-5 wp-block-columns-is-layout-flex" data-border-bottom="1">
<div class="wp-block-column is-layout-flow wp-block-column-is-layout-flow" style="flex-basis:40%">
<p class="is-style-label">Patrimonio Documentario</p>
</div>



<div class="wp-block-column is-layout-flow wp-block-column-is-layout-flow">
<p>Il patrimonio librario conta oltre 35.000 unità costituite in larga parte da volumi del fondo moderno.</p>
</div>
</div>
</body></html>
