{"id":338,"date":"2021-09-10T15:12:10","date_gmt":"2021-09-10T13:12:10","guid":{"rendered":"http:\/\/qzrstudio.com\/redos\/?post_type=library&#038;p=338"},"modified":"2025-04-03T17:38:01","modified_gmt":"2025-04-03T15:38:01","slug":"biblioteca-comunale-di-radicofani","status":"publish","type":"library","link":"https:\/\/qzrstudio.com\/redos\/en\/biblioteca\/biblioteca-comunale-di-radicofani\/","title":{"rendered":"Biblioteca comunale di Radicofani"},"content":{"rendered":"\n<div class=\"wp-block-columns qzr-add-controls-border-bottom is-layout-flex wp-container-core-columns-is-layout-2 wp-block-columns-is-layout-flex\">\n<div class=\"wp-block-column is-layout-flow wp-block-column-is-layout-flow\" style=\"flex-basis:40%\"><\/div>\n\n\n\n<div class=\"wp-block-column is-layout-flow wp-block-column-is-layout-flow\">\n<div class=\"wp-block-columns qzr-add-controls-border-bottom is-layout-flex wp-container-core-columns-is-layout-1 wp-block-columns-is-layout-flex\">\n<div class=\"wp-block-column is-layout-flow wp-block-column-is-layout-flow\" style=\"flex-basis:50%\">\n<p>Via Ettori Flori, 6<\/p>\n\n\n\n<p>53040 Contignano<\/p>\n\n\n\n<p>0578 55905 <\/p>\n\n\n\n<p><a href=\"https:\/\/www.comune.radicofani.siena.it\/home\/Vivere\/Strutture\/Biblioteca.html\" target=\"_blank\" rel=\"noreferrer noopener\">sito web<\/a> (Comune di Radicofani)<\/p>\n<\/div>\n\n\n\n<div class=\"wp-block-column is-layout-flow wp-block-column-is-layout-flow\">\t\t<div class=\"qzr-dynamic-blocks\" data-template=\"\" data-type=\"timetables\">\r\n\t\t\t\n\n<p>luned\u00ec, marted\u00ec, venerd\u00ec 15:00-18:00<br>mercoled\u00ec 15:00-17:00<br>gioved\u00ec 9:30-12:30 e 15:00-18:00<br>sabato 9:30-11:30<\/p>\n\n\t\t<\/div>\r\n\t<\/div>\n<\/div>\n<\/div>\n<\/div>\n\n\n<html><body><div class=\"wp-block-columns qzr-add-controls-border-bottom is-layout-flex wp-container-core-columns-is-layout-3 wp-block-columns-is-layout-flex\" data-border-bottom=\"1\">\n<div class=\"wp-block-column is-vertically-aligned-top is-layout-flow wp-block-column-is-layout-flow\" style=\"flex-basis:40%\">\n<p class=\"is-style-label\">Servizi<\/p>\n<\/div>\n\n\n\n<div class=\"wp-block-column is-vertically-aligned-top is-layout-flow wp-block-column-is-layout-flow\">\n<ul class=\"wp-block-list\">\n<li>prestito<\/li>\n\n\n\n<li>prestito interbibliotecario<\/li>\n\n\n\n<li>consulenza bibliografica<\/li>\n\n\n\n<li>fotocopie<\/li>\n\n\n\n<li>accesso per disabili<\/li>\n<\/ul>\n<\/div>\n<\/div>\n<\/body><\/html>\n\n<html><body><div class=\"wp-block-columns qzr-add-controls-border-bottom is-layout-flex wp-container-core-columns-is-layout-4 wp-block-columns-is-layout-flex\" data-border-bottom=\"1\">\n<div class=\"wp-block-column is-layout-flow wp-block-column-is-layout-flow\" style=\"flex-basis:40%\">\n<p class=\"is-style-label\">La Biblioteca<\/p>\n<\/div>\n\n\n\n<div class=\"wp-block-column is-layout-flow wp-block-column-is-layout-flow\">\n<p>La Biblioteca ha sede presso la frazione di Contignano.<br><\/br>\u00c8 in programma l&#8217;apertura della Biblioteca presso il Palazzo Pretorio di Radicofani.<\/p>\n<\/div>\n<\/div>\n<\/body><\/html>\n\n<html><body><div class=\"wp-block-columns qzr-add-controls-border-bottom is-layout-flex wp-container-core-columns-is-layout-5 wp-block-columns-is-layout-flex\" data-border-bottom=\"1\">\n<div class=\"wp-block-column is-layout-flow wp-block-column-is-layout-flow\" style=\"flex-basis:40%\">\n<p class=\"is-style-label\">Patrimonio Documentario<\/p>\n<\/div>\n\n\n\n<div class=\"wp-block-column is-layout-flow wp-block-column-is-layout-flow\">\n<p>La Biblioteca raccoglie, in particolare, testi relativi alla antica Via Francigena.<\/p>\n<\/div>\n<\/div>\n<\/body><\/html>\n\n","protected":false},"featured_media":352,"template":"","class_list":["post-338","library","type-library","status-publish","has-post-thumbnail","hentry"],"yoast_head":"<!-- This site is optimized with the Yoast SEO plugin v24.8.1 - https:\/\/yoast.com\/wordpress\/plugins\/seo\/ -->\n<title>Biblioteca comunale di Radicofani - ReDoS<\/title>\n<meta name=\"description\" content=\"La Biblioteca comunale di Radicofani fa parte di ReDoS, la Rete documentaria e bibliotecaria senese delle biblioteche, degli archivi e dei centri di documentazione dei Comuni della provincia di Siena\" \/>\n<meta name=\"robots\" content=\"noindex, follow, max-snippet:-1, max-image-preview:large, max-video-preview:-1\" \/>\n<meta property=\"og:locale\" content=\"en_US\" \/>\n<meta property=\"og:type\" content=\"article\" \/>\n<meta property=\"og:title\" content=\"Biblioteca comunale di Radicofani - ReDoS\" \/>\n<meta property=\"og:description\" content=\"La Biblioteca comunale di Radicofani fa parte di ReDoS, la Rete documentaria e bibliotecaria senese delle biblioteche, degli archivi e dei centri di documentazione dei Comuni della provincia di Siena\" \/>\n<meta property=\"og:url\" content=\"https:\/\/qzrstudio.com\/redos\/biblioteca\/biblioteca-comunale-di-radicofani\/\" \/>\n<meta property=\"og:site_name\" content=\"ReDoS\" \/>\n<meta property=\"article:modified_time\" content=\"2025-04-03T15:38:01+00:00\" \/>\n<meta property=\"og:image\" content=\"https:\/\/qzrstudio.com\/redos\/wp-content\/uploads\/2021\/09\/Sangi_P3230050.jpg\" \/>\n\t<meta property=\"og:image:width\" content=\"1920\" \/>\n\t<meta property=\"og:image:height\" content=\"520\" \/>\n\t<meta property=\"og:image:type\" content=\"image\/jpeg\" \/>\n<meta name=\"twitter:card\" content=\"summary_large_image\" \/>\n<meta name=\"twitter:label1\" content=\"Est. reading time\" \/>\n\t<meta name=\"twitter:data1\" content=\"1 minute\" \/>\n<script type=\"application\/ld+json\" class=\"yoast-schema-graph\">{\"@context\":\"https:\/\/schema.org\",\"@graph\":[{\"@type\":\"WebPage\",\"@id\":\"https:\/\/qzrstudio.com\/redos\/biblioteca\/biblioteca-comunale-di-radicofani\/\",\"url\":\"https:\/\/qzrstudio.com\/redos\/biblioteca\/biblioteca-comunale-di-radicofani\/\",\"name\":\"Biblioteca comunale di Radicofani - ReDoS\",\"isPartOf\":{\"@id\":\"https:\/\/qzrstudio.com\/redos\/#website\"},\"primaryImageOfPage\":{\"@id\":\"https:\/\/qzrstudio.com\/redos\/biblioteca\/biblioteca-comunale-di-radicofani\/#primaryimage\"},\"image\":{\"@id\":\"https:\/\/qzrstudio.com\/redos\/biblioteca\/biblioteca-comunale-di-radicofani\/#primaryimage\"},\"thumbnailUrl\":\"https:\/\/qzrstudio.com\/redos\/wp-content\/uploads\/2021\/09\/Sangi_P3230050.jpg\",\"datePublished\":\"2021-09-10T13:12:10+00:00\",\"dateModified\":\"2025-04-03T15:38:01+00:00\",\"description\":\"La Biblioteca comunale di Radicofani fa parte di ReDoS, la Rete documentaria e bibliotecaria senese delle biblioteche, degli archivi e dei centri di documentazione dei Comuni della provincia di Siena\",\"breadcrumb\":{\"@id\":\"https:\/\/qzrstudio.com\/redos\/biblioteca\/biblioteca-comunale-di-radicofani\/#breadcrumb\"},\"inLanguage\":\"en-US\",\"potentialAction\":[{\"@type\":\"ReadAction\",\"target\":[\"https:\/\/qzrstudio.com\/redos\/biblioteca\/biblioteca-comunale-di-radicofani\/\"]}]},{\"@type\":\"ImageObject\",\"inLanguage\":\"en-US\",\"@id\":\"https:\/\/qzrstudio.com\/redos\/biblioteca\/biblioteca-comunale-di-radicofani\/#primaryimage\",\"url\":\"https:\/\/qzrstudio.com\/redos\/wp-content\/uploads\/2021\/09\/Sangi_P3230050.jpg\",\"contentUrl\":\"https:\/\/qzrstudio.com\/redos\/wp-content\/uploads\/2021\/09\/Sangi_P3230050.jpg\",\"width\":1920,\"height\":520,\"caption\":\"OLYMPUS DIGITAL CAMERA\"},{\"@type\":\"BreadcrumbList\",\"@id\":\"https:\/\/qzrstudio.com\/redos\/biblioteca\/biblioteca-comunale-di-radicofani\/#breadcrumb\",\"itemListElement\":[{\"@type\":\"ListItem\",\"position\":1,\"name\":\"Home\",\"item\":\"https:\/\/qzrstudio.com\/redos\/en\/\"},{\"@type\":\"ListItem\",\"position\":2,\"name\":\"Biblioteche\",\"item\":\"https:\/\/qzrstudio.com\/redos\/biblioteca\/\"},{\"@type\":\"ListItem\",\"position\":3,\"name\":\"Biblioteca comunale di Radicofani\"}]},{\"@type\":\"WebSite\",\"@id\":\"https:\/\/qzrstudio.com\/redos\/#website\",\"url\":\"https:\/\/qzrstudio.com\/redos\/\",\"name\":\"ReDoS\",\"description\":\"Rete Documentaria Senese\",\"potentialAction\":[{\"@type\":\"SearchAction\",\"target\":{\"@type\":\"EntryPoint\",\"urlTemplate\":\"https:\/\/qzrstudio.com\/redos\/?s={search_term_string}\"},\"query-input\":{\"@type\":\"PropertyValueSpecification\",\"valueRequired\":true,\"valueName\":\"search_term_string\"}}],\"inLanguage\":\"en-US\"}]}<\/script>\n<!-- \/ Yoast SEO plugin. -->","yoast_head_json":{"title":"Biblioteca comunale di Radicofani - ReDoS","description":"La Biblioteca comunale di Radicofani fa parte di ReDoS, la Rete documentaria e bibliotecaria senese delle biblioteche, degli archivi e dei centri di documentazione dei Comuni della provincia di Siena","robots":{"index":"noindex","follow":"follow","max-snippet":"max-snippet:-1","max-image-preview":"max-image-preview:large","max-video-preview":"max-video-preview:-1"},"og_locale":"en_US","og_type":"article","og_title":"Biblioteca comunale di Radicofani - ReDoS","og_description":"La Biblioteca comunale di Radicofani fa parte di ReDoS, la Rete documentaria e bibliotecaria senese delle biblioteche, degli archivi e dei centri di documentazione dei Comuni della provincia di Siena","og_url":"https:\/\/qzrstudio.com\/redos\/biblioteca\/biblioteca-comunale-di-radicofani\/","og_site_name":"ReDoS","article_modified_time":"2025-04-03T15:38:01+00:00","og_image":[{"width":1920,"height":520,"url":"https:\/\/qzrstudio.com\/redos\/wp-content\/uploads\/2021\/09\/Sangi_P3230050.jpg","type":"image\/jpeg"}],"twitter_card":"summary_large_image","twitter_misc":{"Est. reading time":"1 minute"},"schema":{"@context":"https:\/\/schema.org","@graph":[{"@type":"WebPage","@id":"https:\/\/qzrstudio.com\/redos\/biblioteca\/biblioteca-comunale-di-radicofani\/","url":"https:\/\/qzrstudio.com\/redos\/biblioteca\/biblioteca-comunale-di-radicofani\/","name":"Biblioteca comunale di Radicofani - ReDoS","isPartOf":{"@id":"https:\/\/qzrstudio.com\/redos\/#website"},"primaryImageOfPage":{"@id":"https:\/\/qzrstudio.com\/redos\/biblioteca\/biblioteca-comunale-di-radicofani\/#primaryimage"},"image":{"@id":"https:\/\/qzrstudio.com\/redos\/biblioteca\/biblioteca-comunale-di-radicofani\/#primaryimage"},"thumbnailUrl":"https:\/\/qzrstudio.com\/redos\/wp-content\/uploads\/2021\/09\/Sangi_P3230050.jpg","datePublished":"2021-09-10T13:12:10+00:00","dateModified":"2025-04-03T15:38:01+00:00","description":"La Biblioteca comunale di Radicofani fa parte di ReDoS, la Rete documentaria e bibliotecaria senese delle biblioteche, degli archivi e dei centri di documentazione dei Comuni della provincia di Siena","breadcrumb":{"@id":"https:\/\/qzrstudio.com\/redos\/biblioteca\/biblioteca-comunale-di-radicofani\/#breadcrumb"},"inLanguage":"en-US","potentialAction":[{"@type":"ReadAction","target":["https:\/\/qzrstudio.com\/redos\/biblioteca\/biblioteca-comunale-di-radicofani\/"]}]},{"@type":"ImageObject","inLanguage":"en-US","@id":"https:\/\/qzrstudio.com\/redos\/biblioteca\/biblioteca-comunale-di-radicofani\/#primaryimage","url":"https:\/\/qzrstudio.com\/redos\/wp-content\/uploads\/2021\/09\/Sangi_P3230050.jpg","contentUrl":"https:\/\/qzrstudio.com\/redos\/wp-content\/uploads\/2021\/09\/Sangi_P3230050.jpg","width":1920,"height":520,"caption":"OLYMPUS DIGITAL CAMERA"},{"@type":"BreadcrumbList","@id":"https:\/\/qzrstudio.com\/redos\/biblioteca\/biblioteca-comunale-di-radicofani\/#breadcrumb","itemListElement":[{"@type":"ListItem","position":1,"name":"Home","item":"https:\/\/qzrstudio.com\/redos\/en\/"},{"@type":"ListItem","position":2,"name":"Biblioteche","item":"https:\/\/qzrstudio.com\/redos\/biblioteca\/"},{"@type":"ListItem","position":3,"name":"Biblioteca comunale di Radicofani"}]},{"@type":"WebSite","@id":"https:\/\/qzrstudio.com\/redos\/#website","url":"https:\/\/qzrstudio.com\/redos\/","name":"ReDoS","description":"Rete Documentaria Senese","potentialAction":[{"@type":"SearchAction","target":{"@type":"EntryPoint","urlTemplate":"https:\/\/qzrstudio.com\/redos\/?s={search_term_string}"},"query-input":{"@type":"PropertyValueSpecification","valueRequired":true,"valueName":"search_term_string"}}],"inLanguage":"en-US"}]}},"_links":{"self":[{"href":"https:\/\/qzrstudio.com\/redos\/en\/wp-json\/wp\/v2\/library\/338","targetHints":{"allow":["GET"]}}],"collection":[{"href":"https:\/\/qzrstudio.com\/redos\/en\/wp-json\/wp\/v2\/library"}],"about":[{"href":"https:\/\/qzrstudio.com\/redos\/en\/wp-json\/wp\/v2\/types\/library"}],"wp:featuredmedia":[{"embeddable":true,"href":"https:\/\/qzrstudio.com\/redos\/en\/wp-json\/wp\/v2\/media\/352"}],"wp:attachment":[{"href":"https:\/\/qzrstudio.com\/redos\/en\/wp-json\/wp\/v2\/media?parent=338"}],"curies":[{"name":"wp","href":"https:\/\/api.w.org\/{rel}","templated":true}]}}

<div class="wp-block-columns qzr-add-controls-border-bottom is-layout-flex wp-container-core-columns-is-layout-2 wp-block-columns-is-layout-flex">
<div class="wp-block-column is-layout-flow wp-block-column-is-layout-flow" style="flex-basis:40%"></div>



<div class="wp-block-column is-layout-flow wp-block-column-is-layout-flow">
<div class="wp-block-columns qzr-add-controls-border-bottom is-layout-flex wp-container-core-columns-is-layout-1 wp-block-columns-is-layout-flex">
<div class="wp-block-column is-layout-flow wp-block-column-is-layout-flow" style="flex-basis:50%">
<p>Via Ettori Flori, 6</p>



<p>53040 Contignano</p>



<p>0578 55905 </p>



<p><a href="https://www.comune.radicofani.siena.it/home/Vivere/Strutture/Biblioteca.html" target="_blank" rel="noreferrer noopener">sito web</a> (Comune di Radicofani)</p>
</div>



<div class="wp-block-column is-layout-flow wp-block-column-is-layout-flow">		<div class="qzr-dynamic-blocks" data-template="" data-type="timetables">
			

<p>lunedì, martedì, venerdì 15:00-18:00<br>mercoledì 15:00-17:00<br>giovedì 9:30-12:30 e 15:00-18:00<br>sabato 9:30-11:30</p>

		</div>
	</div>
</div>
</div>
</div>


<html><body><div class="wp-block-columns qzr-add-controls-border-bottom is-layout-flex wp-container-core-columns-is-layout-3 wp-block-columns-is-layout-flex" data-border-bottom="1">
<div class="wp-block-column is-vertically-aligned-top is-layout-flow wp-block-column-is-layout-flow" style="flex-basis:40%">
<p class="is-style-label">Servizi</p>
</div>



<div class="wp-block-column is-vertically-aligned-top is-layout-flow wp-block-column-is-layout-flow">
<ul class="wp-block-list">
<li>prestito</li>



<li>prestito interbibliotecario</li>



<li>consulenza bibliografica</li>



<li>fotocopie</li>



<li>accesso per disabili</li>
</ul>
</div>
</div>
</body></html>

<html><body><div class="wp-block-columns qzr-add-controls-border-bottom is-layout-flex wp-container-core-columns-is-layout-4 wp-block-columns-is-layout-flex" data-border-bottom="1">
<div class="wp-block-column is-layout-flow wp-block-column-is-layout-flow" style="flex-basis:40%">
<p class="is-style-label">La Biblioteca</p>
</div>



<div class="wp-block-column is-layout-flow wp-block-column-is-layout-flow">
<p>La Biblioteca ha sede presso la frazione di Contignano.<br></br>È in programma l&#8217;apertura della Biblioteca presso il Palazzo Pretorio di Radicofani.</p>
</div>
</div>
</body></html>

<html><body><div class="wp-block-columns qzr-add-controls-border-bottom is-layout-flex wp-container-core-columns-is-layout-5 wp-block-columns-is-layout-flex" data-border-bottom="1">
<div class="wp-block-column is-layout-flow wp-block-column-is-layout-flow" style="flex-basis:40%">
<p class="is-style-label">Patrimonio Documentario</p>
</div>



<div class="wp-block-column is-layout-flow wp-block-column-is-layout-flow">
<p>La Biblioteca raccoglie, in particolare, testi relativi alla antica Via Francigena.</p>
</div>
</div>
</body></html>
