{"id":503,"date":"2021-09-30T17:02:57","date_gmt":"2021-09-30T15:02:57","guid":{"rendered":"http:\/\/qzrstudio.com\/redos\/?post_type=archive&#038;p=503"},"modified":"2023-07-27T10:36:07","modified_gmt":"2023-07-27T08:36:07","slug":"archivio-storico-comunale-di-chiusi","status":"publish","type":"archive","link":"https:\/\/qzrstudio.com\/redos\/archivio\/archivio-storico-comunale-di-chiusi\/","title":{"rendered":"Archivio storico comunale di Chiusi"},"content":{"rendered":"\n<div class=\"wp-block-columns is-layout-flex wp-container-core-columns-is-layout-2 wp-block-columns-is-layout-flex\">\n<div class=\"wp-block-column is-layout-flow wp-block-column-is-layout-flow\" style=\"flex-basis:40%\"><\/div>\n\n\n\n<div class=\"wp-block-column is-layout-flow wp-block-column-is-layout-flow\">\n<div class=\"wp-block-columns is-layout-flex wp-container-core-columns-is-layout-1 wp-block-columns-is-layout-flex\">\n<div class=\"wp-block-column is-layout-flow wp-block-column-is-layout-flow\" style=\"flex-basis:50%\">\n<p>Piazza Vittorio Veneto, 6<\/p>\n\n\n\n<p>53043 Chiusi<\/p>\n\n\n\n<p>0578 223080<\/p>\n\n\n\n<p><a href=\"mailto:cultura@comune.chiusi.si.it\">cultura@comune.chiusi.si.it<\/a><\/p>\n<\/div>\n\n\n\n<div class=\"wp-block-column is-layout-flow wp-block-column-is-layout-flow\">\t\t<div class=\"qzr-dynamic-blocks\" data-template=\"alert\" data-type=\"timetables\">\r\n\t\t\t\n\n<p class=\"has-text-align-center\"><strong>aperto su appuntamento<\/strong><\/p>\n\n\t\t<\/div>\r\n\t<\/div>\n<\/div>\n<\/div>\n<\/div>\n\n\n<html><body><div class=\"wp-block-columns is-layout-flex wp-container-core-columns-is-layout-3 wp-block-columns-is-layout-flex\" data-border-bottom=\"1\">\n<div class=\"wp-block-column is-layout-flow wp-block-column-is-layout-flow\" style=\"flex-basis:40%\">\n<p class=\"is-style-label\">l&#8217;archivio<\/p>\n<\/div>\n\n\n\n<div class=\"wp-block-column is-layout-flow wp-block-column-is-layout-flow\">\n<p>Le unit\u00e0 archivistiche sono state riordinate in archivio preunitario (ordinato per materie che per\u00f2 non tengono in debito conto della volont\u00e0 del soggetto produttore, mantenuti nelle buste originali per comodit\u00e0 di segnatura e collocazione ma ricondotti \u201cvirtualmente\u201d a tale volont\u00e0) e postunitario con archivi aggregati, raggruppato in serie e comprendente atti deliberativi, amministrativo-contabili e operativi in ordine cronologico. L&#8217;archivio \u00e8 stato danneggiato nel corso della seconda guerra mondiale. Vi si conservano inoltre atti di compagnie religiose e laicali. Altra documentazione (52 registri e buste relativi alla Delegazione di Governo dal 1850 al 1865 (ma anche con documenti dal 1572: atti di capitanato e vicariato) si trova presso l\u2019Archivio di Stato di Siena.\u00a0 Il preunitario, fino al 1870 \u00e8 costituito da 1.791 unit\u00e0 archivistiche organizzate secondo una struttura logica dei fondi, serie e sottoserie. Per ciascuna unit\u00e0 sono stati rilevati: collocazione fisica (colonna, palchetto e numero d\u2019ordine progressivo); fondo, serie e sottoserie di appartenenza; titolo originale o attribuito (non originale); descrizione fisica (tipologia, supporto, cartolazione); contenuto (se non chiaramente espresso dal titolo); estremi cronologici remoto e recente; note di conservazione (eventuali danni rilevati); ordinamento.<\/p>\n<\/div>\n<\/div>\n<\/body><\/html>\n\n<html><body><div class=\"wp-block-columns is-layout-flex wp-container-core-columns-is-layout-4 wp-block-columns-is-layout-flex\" data-border-bottom=\"1\">\n<div class=\"wp-block-column is-layout-flow wp-block-column-is-layout-flow\" style=\"flex-basis:40%\">\n<p class=\"is-style-label\">INVENTARI<\/p>\n<\/div>\n\n\n\n<div class=\"wp-block-column is-layout-flow wp-block-column-is-layout-flow\">\n<p><em>Inventario dell\u2019Archivio Storico del Comune della Citt\u00e0 di Chiusi<\/em>, a cura della Cooperativa Scripta Manent, Cantagalli, Siena 2017<\/p>\n<\/div>\n<\/div>\n<\/body><\/html>\n\n<html><body><div class=\"wp-block-columns is-layout-flex wp-container-core-columns-is-layout-5 wp-block-columns-is-layout-flex\" data-border-bottom=\"1\">\n<div class=\"wp-block-column is-layout-flow wp-block-column-is-layout-flow\" style=\"flex-basis:40%\">\n<p class=\"is-style-label\">COLLEGAMENTI ESTERNI<\/p>\n<\/div>\n\n\n\n<div class=\"wp-block-column is-layout-flow wp-block-column-is-layout-flow\">\n<p>L&#8217;Archivio \u00e8 descritto anche in <a href=\"https:\/\/siusa.archivi.beniculturali.it\/cgi-bin\/siusa\/pagina.pl?TipoPag=cons&amp;Chiave=11216\" target=\"_blank\" rel=\"noreferrer noopener\">SIUSA-Sistema informativo unificato per le Soprintendenze archivistiche<\/a><\/p>\n\n\n\n<p>e in <a href=\"http:\/\/www301.regione.toscana.it\/bancadati\/sistemacultura\/index.xml\">Regione Toscana-Sistema Cultura<\/a>.<\/p>\n<\/div>\n<\/div>\n<\/body><\/html>\n\n","protected":false},"featured_media":915,"template":"","class_list":["post-503","archive","type-archive","status-publish","has-post-thumbnail","hentry"],"yoast_head":"<!-- This site is optimized with the Yoast SEO plugin v24.8.1 - https:\/\/yoast.com\/wordpress\/plugins\/seo\/ -->\n<title>Archivio storico comunale di Chiusi - ReDoS<\/title>\n<meta name=\"description\" content=\"L&#039;Archivio storico comunale di Chiusi fa parte di ReDoS, la Rete documentaria e bibliotecaria senese delle biblioteche, degli archivi e dei centri di documentazione dei Comuni della provincia di Siena\" \/>\n<meta name=\"robots\" content=\"noindex, follow, max-snippet:-1, max-image-preview:large, max-video-preview:-1\" \/>\n<meta property=\"og:locale\" content=\"it_IT\" \/>\n<meta property=\"og:type\" content=\"article\" \/>\n<meta property=\"og:title\" content=\"Archivio storico comunale di Chiusi - ReDoS\" \/>\n<meta property=\"og:description\" content=\"L&#039;Archivio storico comunale di Chiusi fa parte di ReDoS, la Rete documentaria e bibliotecaria senese delle biblioteche, degli archivi e dei centri di documentazione dei Comuni della provincia di Siena\" \/>\n<meta property=\"og:url\" content=\"https:\/\/qzrstudio.com\/redos\/archivio\/archivio-storico-comunale-di-chiusi\/\" \/>\n<meta property=\"og:site_name\" content=\"ReDoS\" \/>\n<meta property=\"article:modified_time\" content=\"2023-07-27T08:36:07+00:00\" \/>\n<meta property=\"og:image\" content=\"https:\/\/qzrstudio.com\/redos\/wp-content\/uploads\/2021\/09\/Archivio_Chiusi_P4190420.jpg\" \/>\n\t<meta property=\"og:image:width\" content=\"1919\" \/>\n\t<meta property=\"og:image:height\" content=\"780\" \/>\n\t<meta property=\"og:image:type\" content=\"image\/jpeg\" \/>\n<meta name=\"twitter:card\" content=\"summary_large_image\" \/>\n<meta name=\"twitter:label1\" content=\"Tempo di lettura stimato\" \/>\n\t<meta name=\"twitter:data1\" content=\"2 minuti\" \/>\n<script type=\"application\/ld+json\" class=\"yoast-schema-graph\">{\"@context\":\"https:\/\/schema.org\",\"@graph\":[{\"@type\":\"WebPage\",\"@id\":\"https:\/\/qzrstudio.com\/redos\/archivio\/archivio-storico-comunale-di-chiusi\/\",\"url\":\"https:\/\/qzrstudio.com\/redos\/archivio\/archivio-storico-comunale-di-chiusi\/\",\"name\":\"Archivio storico comunale di Chiusi - ReDoS\",\"isPartOf\":{\"@id\":\"https:\/\/qzrstudio.com\/redos\/#website\"},\"primaryImageOfPage\":{\"@id\":\"https:\/\/qzrstudio.com\/redos\/archivio\/archivio-storico-comunale-di-chiusi\/#primaryimage\"},\"image\":{\"@id\":\"https:\/\/qzrstudio.com\/redos\/archivio\/archivio-storico-comunale-di-chiusi\/#primaryimage\"},\"thumbnailUrl\":\"https:\/\/qzrstudio.com\/redos\/wp-content\/uploads\/2021\/09\/Archivio_Chiusi_P4190420.jpg\",\"datePublished\":\"2021-09-30T15:02:57+00:00\",\"dateModified\":\"2023-07-27T08:36:07+00:00\",\"description\":\"L'Archivio storico comunale di Chiusi fa parte di ReDoS, la Rete documentaria e bibliotecaria senese delle biblioteche, degli archivi e dei centri di documentazione dei Comuni della provincia di Siena\",\"breadcrumb\":{\"@id\":\"https:\/\/qzrstudio.com\/redos\/archivio\/archivio-storico-comunale-di-chiusi\/#breadcrumb\"},\"inLanguage\":\"it-IT\",\"potentialAction\":[{\"@type\":\"ReadAction\",\"target\":[\"https:\/\/qzrstudio.com\/redos\/archivio\/archivio-storico-comunale-di-chiusi\/\"]}]},{\"@type\":\"ImageObject\",\"inLanguage\":\"it-IT\",\"@id\":\"https:\/\/qzrstudio.com\/redos\/archivio\/archivio-storico-comunale-di-chiusi\/#primaryimage\",\"url\":\"https:\/\/qzrstudio.com\/redos\/wp-content\/uploads\/2021\/09\/Archivio_Chiusi_P4190420.jpg\",\"contentUrl\":\"https:\/\/qzrstudio.com\/redos\/wp-content\/uploads\/2021\/09\/Archivio_Chiusi_P4190420.jpg\",\"width\":1919,\"height\":780},{\"@type\":\"BreadcrumbList\",\"@id\":\"https:\/\/qzrstudio.com\/redos\/archivio\/archivio-storico-comunale-di-chiusi\/#breadcrumb\",\"itemListElement\":[{\"@type\":\"ListItem\",\"position\":1,\"name\":\"Home\",\"item\":\"https:\/\/qzrstudio.com\/redos\/\"},{\"@type\":\"ListItem\",\"position\":2,\"name\":\"Archivi\",\"item\":\"https:\/\/qzrstudio.com\/redos\/archivio\/\"},{\"@type\":\"ListItem\",\"position\":3,\"name\":\"Archivio storico comunale di Chiusi\"}]},{\"@type\":\"WebSite\",\"@id\":\"https:\/\/qzrstudio.com\/redos\/#website\",\"url\":\"https:\/\/qzrstudio.com\/redos\/\",\"name\":\"ReDoS\",\"description\":\"Rete Documentaria Senese\",\"potentialAction\":[{\"@type\":\"SearchAction\",\"target\":{\"@type\":\"EntryPoint\",\"urlTemplate\":\"https:\/\/qzrstudio.com\/redos\/?s={search_term_string}\"},\"query-input\":{\"@type\":\"PropertyValueSpecification\",\"valueRequired\":true,\"valueName\":\"search_term_string\"}}],\"inLanguage\":\"it-IT\"}]}<\/script>\n<!-- \/ Yoast SEO plugin. -->","yoast_head_json":{"title":"Archivio storico comunale di Chiusi - ReDoS","description":"L'Archivio storico comunale di Chiusi fa parte di ReDoS, la Rete documentaria e bibliotecaria senese delle biblioteche, degli archivi e dei centri di documentazione dei Comuni della provincia di Siena","robots":{"index":"noindex","follow":"follow","max-snippet":"max-snippet:-1","max-image-preview":"max-image-preview:large","max-video-preview":"max-video-preview:-1"},"og_locale":"it_IT","og_type":"article","og_title":"Archivio storico comunale di Chiusi - ReDoS","og_description":"L'Archivio storico comunale di Chiusi fa parte di ReDoS, la Rete documentaria e bibliotecaria senese delle biblioteche, degli archivi e dei centri di documentazione dei Comuni della provincia di Siena","og_url":"https:\/\/qzrstudio.com\/redos\/archivio\/archivio-storico-comunale-di-chiusi\/","og_site_name":"ReDoS","article_modified_time":"2023-07-27T08:36:07+00:00","og_image":[{"width":1919,"height":780,"url":"https:\/\/qzrstudio.com\/redos\/wp-content\/uploads\/2021\/09\/Archivio_Chiusi_P4190420.jpg","type":"image\/jpeg"}],"twitter_card":"summary_large_image","twitter_misc":{"Tempo di lettura stimato":"2 minuti"},"schema":{"@context":"https:\/\/schema.org","@graph":[{"@type":"WebPage","@id":"https:\/\/qzrstudio.com\/redos\/archivio\/archivio-storico-comunale-di-chiusi\/","url":"https:\/\/qzrstudio.com\/redos\/archivio\/archivio-storico-comunale-di-chiusi\/","name":"Archivio storico comunale di Chiusi - ReDoS","isPartOf":{"@id":"https:\/\/qzrstudio.com\/redos\/#website"},"primaryImageOfPage":{"@id":"https:\/\/qzrstudio.com\/redos\/archivio\/archivio-storico-comunale-di-chiusi\/#primaryimage"},"image":{"@id":"https:\/\/qzrstudio.com\/redos\/archivio\/archivio-storico-comunale-di-chiusi\/#primaryimage"},"thumbnailUrl":"https:\/\/qzrstudio.com\/redos\/wp-content\/uploads\/2021\/09\/Archivio_Chiusi_P4190420.jpg","datePublished":"2021-09-30T15:02:57+00:00","dateModified":"2023-07-27T08:36:07+00:00","description":"L'Archivio storico comunale di Chiusi fa parte di ReDoS, la Rete documentaria e bibliotecaria senese delle biblioteche, degli archivi e dei centri di documentazione dei Comuni della provincia di Siena","breadcrumb":{"@id":"https:\/\/qzrstudio.com\/redos\/archivio\/archivio-storico-comunale-di-chiusi\/#breadcrumb"},"inLanguage":"it-IT","potentialAction":[{"@type":"ReadAction","target":["https:\/\/qzrstudio.com\/redos\/archivio\/archivio-storico-comunale-di-chiusi\/"]}]},{"@type":"ImageObject","inLanguage":"it-IT","@id":"https:\/\/qzrstudio.com\/redos\/archivio\/archivio-storico-comunale-di-chiusi\/#primaryimage","url":"https:\/\/qzrstudio.com\/redos\/wp-content\/uploads\/2021\/09\/Archivio_Chiusi_P4190420.jpg","contentUrl":"https:\/\/qzrstudio.com\/redos\/wp-content\/uploads\/2021\/09\/Archivio_Chiusi_P4190420.jpg","width":1919,"height":780},{"@type":"BreadcrumbList","@id":"https:\/\/qzrstudio.com\/redos\/archivio\/archivio-storico-comunale-di-chiusi\/#breadcrumb","itemListElement":[{"@type":"ListItem","position":1,"name":"Home","item":"https:\/\/qzrstudio.com\/redos\/"},{"@type":"ListItem","position":2,"name":"Archivi","item":"https:\/\/qzrstudio.com\/redos\/archivio\/"},{"@type":"ListItem","position":3,"name":"Archivio storico comunale di Chiusi"}]},{"@type":"WebSite","@id":"https:\/\/qzrstudio.com\/redos\/#website","url":"https:\/\/qzrstudio.com\/redos\/","name":"ReDoS","description":"Rete Documentaria Senese","potentialAction":[{"@type":"SearchAction","target":{"@type":"EntryPoint","urlTemplate":"https:\/\/qzrstudio.com\/redos\/?s={search_term_string}"},"query-input":{"@type":"PropertyValueSpecification","valueRequired":true,"valueName":"search_term_string"}}],"inLanguage":"it-IT"}]}},"_links":{"self":[{"href":"https:\/\/qzrstudio.com\/redos\/wp-json\/wp\/v2\/archive\/503","targetHints":{"allow":["GET"]}}],"collection":[{"href":"https:\/\/qzrstudio.com\/redos\/wp-json\/wp\/v2\/archive"}],"about":[{"href":"https:\/\/qzrstudio.com\/redos\/wp-json\/wp\/v2\/types\/archive"}],"wp:featuredmedia":[{"embeddable":true,"href":"https:\/\/qzrstudio.com\/redos\/wp-json\/wp\/v2\/media\/915"}],"wp:attachment":[{"href":"https:\/\/qzrstudio.com\/redos\/wp-json\/wp\/v2\/media?parent=503"}],"curies":[{"name":"wp","href":"https:\/\/api.w.org\/{rel}","templated":true}]}}

<div class="wp-block-columns is-layout-flex wp-container-core-columns-is-layout-2 wp-block-columns-is-layout-flex">
<div class="wp-block-column is-layout-flow wp-block-column-is-layout-flow" style="flex-basis:40%"></div>



<div class="wp-block-column is-layout-flow wp-block-column-is-layout-flow">
<div class="wp-block-columns is-layout-flex wp-container-core-columns-is-layout-1 wp-block-columns-is-layout-flex">
<div class="wp-block-column is-layout-flow wp-block-column-is-layout-flow" style="flex-basis:50%">
<p>Piazza Vittorio Veneto, 6</p>



<p>53043 Chiusi</p>



<p>0578 223080</p>



<p><a href="mailto:cultura@comune.chiusi.si.it">cultura@comune.chiusi.si.it</a></p>
</div>



<div class="wp-block-column is-layout-flow wp-block-column-is-layout-flow">		<div class="qzr-dynamic-blocks" data-template="alert" data-type="timetables">
			

<p class="has-text-align-center"><strong>aperto su appuntamento</strong></p>

		</div>
	</div>
</div>
</div>
</div>


<html><body><div class="wp-block-columns is-layout-flex wp-container-core-columns-is-layout-3 wp-block-columns-is-layout-flex" data-border-bottom="1">
<div class="wp-block-column is-layout-flow wp-block-column-is-layout-flow" style="flex-basis:40%">
<p class="is-style-label">l&#8217;archivio</p>
</div>



<div class="wp-block-column is-layout-flow wp-block-column-is-layout-flow">
<p>Le unità archivistiche sono state riordinate in archivio preunitario (ordinato per materie che però non tengono in debito conto della volontà del soggetto produttore, mantenuti nelle buste originali per comodità di segnatura e collocazione ma ricondotti “virtualmente” a tale volontà) e postunitario con archivi aggregati, raggruppato in serie e comprendente atti deliberativi, amministrativo-contabili e operativi in ordine cronologico. L&#8217;archivio è stato danneggiato nel corso della seconda guerra mondiale. Vi si conservano inoltre atti di compagnie religiose e laicali. Altra documentazione (52 registri e buste relativi alla Delegazione di Governo dal 1850 al 1865 (ma anche con documenti dal 1572: atti di capitanato e vicariato) si trova presso l’Archivio di Stato di Siena.  Il preunitario, fino al 1870 è costituito da 1.791 unità archivistiche organizzate secondo una struttura logica dei fondi, serie e sottoserie. Per ciascuna unità sono stati rilevati: collocazione fisica (colonna, palchetto e numero d’ordine progressivo); fondo, serie e sottoserie di appartenenza; titolo originale o attribuito (non originale); descrizione fisica (tipologia, supporto, cartolazione); contenuto (se non chiaramente espresso dal titolo); estremi cronologici remoto e recente; note di conservazione (eventuali danni rilevati); ordinamento.</p>
</div>
</div>
</body></html>

<html><body><div class="wp-block-columns is-layout-flex wp-container-core-columns-is-layout-4 wp-block-columns-is-layout-flex" data-border-bottom="1">
<div class="wp-block-column is-layout-flow wp-block-column-is-layout-flow" style="flex-basis:40%">
<p class="is-style-label">INVENTARI</p>
</div>



<div class="wp-block-column is-layout-flow wp-block-column-is-layout-flow">
<p><em>Inventario dell’Archivio Storico del Comune della Città di Chiusi</em>, a cura della Cooperativa Scripta Manent, Cantagalli, Siena 2017</p>
</div>
</div>
</body></html>

<html><body><div class="wp-block-columns is-layout-flex wp-container-core-columns-is-layout-5 wp-block-columns-is-layout-flex" data-border-bottom="1">
<div class="wp-block-column is-layout-flow wp-block-column-is-layout-flow" style="flex-basis:40%">
<p class="is-style-label">COLLEGAMENTI ESTERNI</p>
</div>



<div class="wp-block-column is-layout-flow wp-block-column-is-layout-flow">
<p>L&#8217;Archivio è descritto anche in <a href="https://siusa.archivi.beniculturali.it/cgi-bin/siusa/pagina.pl?TipoPag=cons&amp;Chiave=11216" target="_blank" rel="noreferrer noopener">SIUSA-Sistema informativo unificato per le Soprintendenze archivistiche</a></p>



<p>e in <a href="http://www301.regione.toscana.it/bancadati/sistemacultura/index.xml">Regione Toscana-Sistema Cultura</a>.</p>
</div>
</div>
</body></html>
