{"id":517,"date":"2021-09-30T18:19:59","date_gmt":"2021-09-30T16:19:59","guid":{"rendered":"http:\/\/qzrstudio.com\/redos\/?post_type=archive&#038;p=517"},"modified":"2023-07-27T15:48:58","modified_gmt":"2023-07-27T13:48:58","slug":"archivio-storico-comunale-di-siena","status":"publish","type":"archive","link":"https:\/\/qzrstudio.com\/redos\/archivio\/archivio-storico-comunale-di-siena\/","title":{"rendered":"Archivio storico comunale di Siena"},"content":{"rendered":"\n<div class=\"wp-block-columns is-layout-flex wp-container-core-columns-is-layout-2 wp-block-columns-is-layout-flex\">\n<div class=\"wp-block-column is-layout-flow wp-block-column-is-layout-flow\" style=\"flex-basis:40%\"><\/div>\n\n\n\n<div class=\"wp-block-column is-layout-flow wp-block-column-is-layout-flow\">\n<div class=\"wp-block-columns is-layout-flex wp-container-core-columns-is-layout-1 wp-block-columns-is-layout-flex\">\n<div class=\"wp-block-column is-layout-flow wp-block-column-is-layout-flow\" style=\"flex-basis:50%\">\n<p>Via San Marco, 90<\/p>\n\n\n\n<p>53100 Siena<\/p>\n\n\n\n<p>0577 534580<\/p>\n\n\n\n<p>archivio.storico@comune.siena.it<\/p>\n\n\n\n<p><a href=\"https:\/\/www.comune.siena.it\/node\/176\" target=\"_blank\" rel=\"noreferrer noopener\">sito web<\/a> (Comune di Siena)<\/p>\n<\/div>\n\n\n\n<div class=\"wp-block-column is-layout-flow wp-block-column-is-layout-flow\">\t\t<div class=\"qzr-dynamic-blocks\" data-template=\"alert\" data-type=\"timetables\">\r\n\t\t\t\n\n<p class=\"has-text-align-center\">marted\u00ec e gioved\u00ec<\/p>\n\n\n\n<p class=\"has-text-align-center\">9:00-13:30<\/p>\n\n\n\n<p class=\"has-text-align-center\"><strong>su appuntamento<\/strong><\/p>\n\n\t\t<\/div>\r\n\t<\/div>\n<\/div>\n<\/div>\n<\/div>\n\n\n<html><body><div class=\"wp-block-columns is-layout-flex wp-container-core-columns-is-layout-3 wp-block-columns-is-layout-flex\" data-border-bottom=\"1\">\n<div class=\"wp-block-column is-layout-flow wp-block-column-is-layout-flow\" style=\"flex-basis:40%\">\n<p class=\"is-style-label\">L&#8217;ARCHIVIO<\/p>\n<\/div>\n\n\n\n<div class=\"wp-block-column is-layout-flow wp-block-column-is-layout-flow\">\n<p>L&#8217;Archivio storico del Comune di Siena conserva circa 20.000 filze, buste e registri relativi all&#8217;amministrazione della citt\u00e0 dal XVI al XX secolo, a partire dalla riforma della comunit\u00e0 voluta nel 1786 dal granduca Pietro Leopoldo di Lorena. I fondi si suddividono in pi\u00f9 sezioni ripartite tra il periodo preunitario (1524-1865) e postunitario (dal 1865).<\/p>\n\n\n\n<p>Si conservano inoltre altri archivi di enti soppressi o collegati all\u2019Amministrazione comunale che sono stati acquisiti nel corso del tempo, oltre a fondi donati da privati. L\u2019Archivio conserva anche una sezione fotografica che raccoglie vecchie immagini della citt\u00e0 e la raccolta di progetti e disegni prodotti dal Comune nella sua secolare attivit\u00e0.<\/p>\n\n\n\n<p>La sezione storica, ufficialmente aperta al pubblico nel gennaio 1997, ha trovato la sua definitiva collocazione nel 2013 nell\u2019ex convento di Santa Marta e Collegio San Marco.<\/p>\n<\/div>\n<\/div>\n<\/body><\/html>\n\n<html><body><div class=\"wp-block-columns is-layout-flex wp-container-core-columns-is-layout-4 wp-block-columns-is-layout-flex\" data-border-bottom=\"1\">\n<div class=\"wp-block-column is-layout-flow wp-block-column-is-layout-flow\" style=\"flex-basis:40%\">\n<p class=\"is-style-label\">INVENTARI<\/p>\n<\/div>\n\n\n\n<div class=\"wp-block-column is-layout-flow wp-block-column-is-layout-flow\">\n<p><em>L&#8217;Archivio comunale di Siena.<\/em> <em>Inventario della Sezione storica<\/em>, a cura di Giuliano Catoni e Stefano Moscadelli, Siena 1998<\/p>\n<\/div>\n<\/div>\n<\/body><\/html>\n\n<html><body><div class=\"wp-block-columns is-layout-flex wp-container-core-columns-is-layout-5 wp-block-columns-is-layout-flex\" data-border-bottom=\"1\">\n<div class=\"wp-block-column is-layout-flow wp-block-column-is-layout-flow\" style=\"flex-basis:40%\">\n<p class=\"is-style-label\">COLLEGAMENTI ESTERNI<\/p>\n<\/div>\n\n\n\n<div class=\"wp-block-column is-layout-flow wp-block-column-is-layout-flow\">\n<p>L&#8217;Archivio \u00e8 descritto anche in <a href=\"https:\/\/siusa.archivi.beniculturali.it\/cgi-bin\/siusa\/pagina.pl?TipoPag=cons&amp;Chiave=15741\" target=\"_blank\" rel=\"noreferrer noopener\">SIUSA-Sistema informativo unificato per le Soprintendenze archivistiche<\/a> e in <a href=\"http:\/\/www301.regione.toscana.it\/bancadati\/sistemacultura\/index.xml\" target=\"_blank\" rel=\"noreferrer noopener\">Regione Toscana-Sistema Cultura<\/a>.<\/p>\n<\/div>\n<\/div>\n<\/body><\/html>\n\n","protected":false},"featured_media":560,"template":"","class_list":["post-517","archive","type-archive","status-publish","has-post-thumbnail","hentry"],"yoast_head":"<!-- This site is optimized with the Yoast SEO plugin v24.8.1 - https:\/\/yoast.com\/wordpress\/plugins\/seo\/ -->\n<title>Archivio storico comunale di Siena - ReDoS<\/title>\n<meta name=\"description\" content=\"L&#039;Archivio storico comunale di Siena fa parte di ReDoS, la Rete documentaria e bibliotecaria senese delle biblioteche, degli archivi e dei centri di documentazione dei Comuni della provincia di Siena\" \/>\n<meta name=\"robots\" content=\"noindex, follow, max-snippet:-1, max-image-preview:large, max-video-preview:-1\" \/>\n<meta property=\"og:locale\" content=\"it_IT\" \/>\n<meta property=\"og:type\" content=\"article\" \/>\n<meta property=\"og:title\" content=\"Archivio storico comunale di Siena - ReDoS\" \/>\n<meta property=\"og:description\" content=\"L&#039;Archivio storico comunale di Siena fa parte di ReDoS, la Rete documentaria e bibliotecaria senese delle biblioteche, degli archivi e dei centri di documentazione dei Comuni della provincia di Siena\" \/>\n<meta property=\"og:url\" content=\"https:\/\/qzrstudio.com\/redos\/archivio\/archivio-storico-comunale-di-siena\/\" \/>\n<meta property=\"og:site_name\" content=\"ReDoS\" \/>\n<meta property=\"article:modified_time\" content=\"2023-07-27T13:48:58+00:00\" \/>\n<meta property=\"og:image\" content=\"https:\/\/qzrstudio.com\/redos\/wp-content\/uploads\/2021\/09\/Siena_Archivio_P4160218.jpg\" \/>\n\t<meta property=\"og:image:width\" content=\"1920\" \/>\n\t<meta property=\"og:image:height\" content=\"520\" \/>\n\t<meta property=\"og:image:type\" content=\"image\/jpeg\" \/>\n<meta name=\"twitter:card\" content=\"summary_large_image\" \/>\n<meta name=\"twitter:label1\" content=\"Tempo di lettura stimato\" \/>\n\t<meta name=\"twitter:data1\" content=\"2 minuti\" \/>\n<script type=\"application\/ld+json\" class=\"yoast-schema-graph\">{\"@context\":\"https:\/\/schema.org\",\"@graph\":[{\"@type\":\"WebPage\",\"@id\":\"https:\/\/qzrstudio.com\/redos\/archivio\/archivio-storico-comunale-di-siena\/\",\"url\":\"https:\/\/qzrstudio.com\/redos\/archivio\/archivio-storico-comunale-di-siena\/\",\"name\":\"Archivio storico comunale di Siena - ReDoS\",\"isPartOf\":{\"@id\":\"https:\/\/qzrstudio.com\/redos\/#website\"},\"primaryImageOfPage\":{\"@id\":\"https:\/\/qzrstudio.com\/redos\/archivio\/archivio-storico-comunale-di-siena\/#primaryimage\"},\"image\":{\"@id\":\"https:\/\/qzrstudio.com\/redos\/archivio\/archivio-storico-comunale-di-siena\/#primaryimage\"},\"thumbnailUrl\":\"https:\/\/qzrstudio.com\/redos\/wp-content\/uploads\/2021\/09\/Siena_Archivio_P4160218.jpg\",\"datePublished\":\"2021-09-30T16:19:59+00:00\",\"dateModified\":\"2023-07-27T13:48:58+00:00\",\"description\":\"L'Archivio storico comunale di Siena fa parte di ReDoS, la Rete documentaria e bibliotecaria senese delle biblioteche, degli archivi e dei centri di documentazione dei Comuni della provincia di Siena\",\"breadcrumb\":{\"@id\":\"https:\/\/qzrstudio.com\/redos\/archivio\/archivio-storico-comunale-di-siena\/#breadcrumb\"},\"inLanguage\":\"it-IT\",\"potentialAction\":[{\"@type\":\"ReadAction\",\"target\":[\"https:\/\/qzrstudio.com\/redos\/archivio\/archivio-storico-comunale-di-siena\/\"]}]},{\"@type\":\"ImageObject\",\"inLanguage\":\"it-IT\",\"@id\":\"https:\/\/qzrstudio.com\/redos\/archivio\/archivio-storico-comunale-di-siena\/#primaryimage\",\"url\":\"https:\/\/qzrstudio.com\/redos\/wp-content\/uploads\/2021\/09\/Siena_Archivio_P4160218.jpg\",\"contentUrl\":\"https:\/\/qzrstudio.com\/redos\/wp-content\/uploads\/2021\/09\/Siena_Archivio_P4160218.jpg\",\"width\":1920,\"height\":520,\"caption\":\"OLYMPUS DIGITAL CAMERA\"},{\"@type\":\"BreadcrumbList\",\"@id\":\"https:\/\/qzrstudio.com\/redos\/archivio\/archivio-storico-comunale-di-siena\/#breadcrumb\",\"itemListElement\":[{\"@type\":\"ListItem\",\"position\":1,\"name\":\"Home\",\"item\":\"https:\/\/qzrstudio.com\/redos\/\"},{\"@type\":\"ListItem\",\"position\":2,\"name\":\"Archivi\",\"item\":\"https:\/\/qzrstudio.com\/redos\/archivio\/\"},{\"@type\":\"ListItem\",\"position\":3,\"name\":\"Archivio storico comunale di Siena\"}]},{\"@type\":\"WebSite\",\"@id\":\"https:\/\/qzrstudio.com\/redos\/#website\",\"url\":\"https:\/\/qzrstudio.com\/redos\/\",\"name\":\"ReDoS\",\"description\":\"Rete Documentaria Senese\",\"potentialAction\":[{\"@type\":\"SearchAction\",\"target\":{\"@type\":\"EntryPoint\",\"urlTemplate\":\"https:\/\/qzrstudio.com\/redos\/?s={search_term_string}\"},\"query-input\":{\"@type\":\"PropertyValueSpecification\",\"valueRequired\":true,\"valueName\":\"search_term_string\"}}],\"inLanguage\":\"it-IT\"}]}<\/script>\n<!-- \/ Yoast SEO plugin. -->","yoast_head_json":{"title":"Archivio storico comunale di Siena - ReDoS","description":"L'Archivio storico comunale di Siena fa parte di ReDoS, la Rete documentaria e bibliotecaria senese delle biblioteche, degli archivi e dei centri di documentazione dei Comuni della provincia di Siena","robots":{"index":"noindex","follow":"follow","max-snippet":"max-snippet:-1","max-image-preview":"max-image-preview:large","max-video-preview":"max-video-preview:-1"},"og_locale":"it_IT","og_type":"article","og_title":"Archivio storico comunale di Siena - ReDoS","og_description":"L'Archivio storico comunale di Siena fa parte di ReDoS, la Rete documentaria e bibliotecaria senese delle biblioteche, degli archivi e dei centri di documentazione dei Comuni della provincia di Siena","og_url":"https:\/\/qzrstudio.com\/redos\/archivio\/archivio-storico-comunale-di-siena\/","og_site_name":"ReDoS","article_modified_time":"2023-07-27T13:48:58+00:00","og_image":[{"width":1920,"height":520,"url":"https:\/\/qzrstudio.com\/redos\/wp-content\/uploads\/2021\/09\/Siena_Archivio_P4160218.jpg","type":"image\/jpeg"}],"twitter_card":"summary_large_image","twitter_misc":{"Tempo di lettura stimato":"2 minuti"},"schema":{"@context":"https:\/\/schema.org","@graph":[{"@type":"WebPage","@id":"https:\/\/qzrstudio.com\/redos\/archivio\/archivio-storico-comunale-di-siena\/","url":"https:\/\/qzrstudio.com\/redos\/archivio\/archivio-storico-comunale-di-siena\/","name":"Archivio storico comunale di Siena - ReDoS","isPartOf":{"@id":"https:\/\/qzrstudio.com\/redos\/#website"},"primaryImageOfPage":{"@id":"https:\/\/qzrstudio.com\/redos\/archivio\/archivio-storico-comunale-di-siena\/#primaryimage"},"image":{"@id":"https:\/\/qzrstudio.com\/redos\/archivio\/archivio-storico-comunale-di-siena\/#primaryimage"},"thumbnailUrl":"https:\/\/qzrstudio.com\/redos\/wp-content\/uploads\/2021\/09\/Siena_Archivio_P4160218.jpg","datePublished":"2021-09-30T16:19:59+00:00","dateModified":"2023-07-27T13:48:58+00:00","description":"L'Archivio storico comunale di Siena fa parte di ReDoS, la Rete documentaria e bibliotecaria senese delle biblioteche, degli archivi e dei centri di documentazione dei Comuni della provincia di Siena","breadcrumb":{"@id":"https:\/\/qzrstudio.com\/redos\/archivio\/archivio-storico-comunale-di-siena\/#breadcrumb"},"inLanguage":"it-IT","potentialAction":[{"@type":"ReadAction","target":["https:\/\/qzrstudio.com\/redos\/archivio\/archivio-storico-comunale-di-siena\/"]}]},{"@type":"ImageObject","inLanguage":"it-IT","@id":"https:\/\/qzrstudio.com\/redos\/archivio\/archivio-storico-comunale-di-siena\/#primaryimage","url":"https:\/\/qzrstudio.com\/redos\/wp-content\/uploads\/2021\/09\/Siena_Archivio_P4160218.jpg","contentUrl":"https:\/\/qzrstudio.com\/redos\/wp-content\/uploads\/2021\/09\/Siena_Archivio_P4160218.jpg","width":1920,"height":520,"caption":"OLYMPUS DIGITAL CAMERA"},{"@type":"BreadcrumbList","@id":"https:\/\/qzrstudio.com\/redos\/archivio\/archivio-storico-comunale-di-siena\/#breadcrumb","itemListElement":[{"@type":"ListItem","position":1,"name":"Home","item":"https:\/\/qzrstudio.com\/redos\/"},{"@type":"ListItem","position":2,"name":"Archivi","item":"https:\/\/qzrstudio.com\/redos\/archivio\/"},{"@type":"ListItem","position":3,"name":"Archivio storico comunale di Siena"}]},{"@type":"WebSite","@id":"https:\/\/qzrstudio.com\/redos\/#website","url":"https:\/\/qzrstudio.com\/redos\/","name":"ReDoS","description":"Rete Documentaria Senese","potentialAction":[{"@type":"SearchAction","target":{"@type":"EntryPoint","urlTemplate":"https:\/\/qzrstudio.com\/redos\/?s={search_term_string}"},"query-input":{"@type":"PropertyValueSpecification","valueRequired":true,"valueName":"search_term_string"}}],"inLanguage":"it-IT"}]}},"_links":{"self":[{"href":"https:\/\/qzrstudio.com\/redos\/wp-json\/wp\/v2\/archive\/517","targetHints":{"allow":["GET"]}}],"collection":[{"href":"https:\/\/qzrstudio.com\/redos\/wp-json\/wp\/v2\/archive"}],"about":[{"href":"https:\/\/qzrstudio.com\/redos\/wp-json\/wp\/v2\/types\/archive"}],"wp:featuredmedia":[{"embeddable":true,"href":"https:\/\/qzrstudio.com\/redos\/wp-json\/wp\/v2\/media\/560"}],"wp:attachment":[{"href":"https:\/\/qzrstudio.com\/redos\/wp-json\/wp\/v2\/media?parent=517"}],"curies":[{"name":"wp","href":"https:\/\/api.w.org\/{rel}","templated":true}]}}

<div class="wp-block-columns is-layout-flex wp-container-core-columns-is-layout-2 wp-block-columns-is-layout-flex">
<div class="wp-block-column is-layout-flow wp-block-column-is-layout-flow" style="flex-basis:40%"></div>



<div class="wp-block-column is-layout-flow wp-block-column-is-layout-flow">
<div class="wp-block-columns is-layout-flex wp-container-core-columns-is-layout-1 wp-block-columns-is-layout-flex">
<div class="wp-block-column is-layout-flow wp-block-column-is-layout-flow" style="flex-basis:50%">
<p>Via San Marco, 90</p>



<p>53100 Siena</p>



<p>0577 534580</p>



<p>archivio.storico@comune.siena.it</p>



<p><a href="https://www.comune.siena.it/node/176" target="_blank" rel="noreferrer noopener">sito web</a> (Comune di Siena)</p>
</div>



<div class="wp-block-column is-layout-flow wp-block-column-is-layout-flow">		<div class="qzr-dynamic-blocks" data-template="alert" data-type="timetables">
			

<p class="has-text-align-center">martedì e giovedì</p>



<p class="has-text-align-center">9:00-13:30</p>



<p class="has-text-align-center"><strong>su appuntamento</strong></p>

		</div>
	</div>
</div>
</div>
</div>


<html><body><div class="wp-block-columns is-layout-flex wp-container-core-columns-is-layout-3 wp-block-columns-is-layout-flex" data-border-bottom="1">
<div class="wp-block-column is-layout-flow wp-block-column-is-layout-flow" style="flex-basis:40%">
<p class="is-style-label">L&#8217;ARCHIVIO</p>
</div>



<div class="wp-block-column is-layout-flow wp-block-column-is-layout-flow">
<p>L&#8217;Archivio storico del Comune di Siena conserva circa 20.000 filze, buste e registri relativi all&#8217;amministrazione della città dal XVI al XX secolo, a partire dalla riforma della comunità voluta nel 1786 dal granduca Pietro Leopoldo di Lorena. I fondi si suddividono in più sezioni ripartite tra il periodo preunitario (1524-1865) e postunitario (dal 1865).</p>



<p>Si conservano inoltre altri archivi di enti soppressi o collegati all’Amministrazione comunale che sono stati acquisiti nel corso del tempo, oltre a fondi donati da privati. L’Archivio conserva anche una sezione fotografica che raccoglie vecchie immagini della città e la raccolta di progetti e disegni prodotti dal Comune nella sua secolare attività.</p>



<p>La sezione storica, ufficialmente aperta al pubblico nel gennaio 1997, ha trovato la sua definitiva collocazione nel 2013 nell’ex convento di Santa Marta e Collegio San Marco.</p>
</div>
</div>
</body></html>

<html><body><div class="wp-block-columns is-layout-flex wp-container-core-columns-is-layout-4 wp-block-columns-is-layout-flex" data-border-bottom="1">
<div class="wp-block-column is-layout-flow wp-block-column-is-layout-flow" style="flex-basis:40%">
<p class="is-style-label">INVENTARI</p>
</div>



<div class="wp-block-column is-layout-flow wp-block-column-is-layout-flow">
<p><em>L&#8217;Archivio comunale di Siena.</em> <em>Inventario della Sezione storica</em>, a cura di Giuliano Catoni e Stefano Moscadelli, Siena 1998</p>
</div>
</div>
</body></html>

<html><body><div class="wp-block-columns is-layout-flex wp-container-core-columns-is-layout-5 wp-block-columns-is-layout-flex" data-border-bottom="1">
<div class="wp-block-column is-layout-flow wp-block-column-is-layout-flow" style="flex-basis:40%">
<p class="is-style-label">COLLEGAMENTI ESTERNI</p>
</div>



<div class="wp-block-column is-layout-flow wp-block-column-is-layout-flow">
<p>L&#8217;Archivio è descritto anche in <a href="https://siusa.archivi.beniculturali.it/cgi-bin/siusa/pagina.pl?TipoPag=cons&amp;Chiave=15741" target="_blank" rel="noreferrer noopener">SIUSA-Sistema informativo unificato per le Soprintendenze archivistiche</a> e in <a href="http://www301.regione.toscana.it/bancadati/sistemacultura/index.xml" target="_blank" rel="noreferrer noopener">Regione Toscana-Sistema Cultura</a>.</p>
</div>
</div>
</body></html>
