{"id":521,"date":"2021-09-30T18:26:47","date_gmt":"2021-09-30T16:26:47","guid":{"rendered":"http:\/\/qzrstudio.com\/redos\/?post_type=archive&#038;p=521"},"modified":"2023-07-27T15:24:08","modified_gmt":"2023-07-27T13:24:08","slug":"archivio-storico-comunale-di-torrita-di-siena","status":"publish","type":"archive","link":"https:\/\/qzrstudio.com\/redos\/archivio\/archivio-storico-comunale-di-torrita-di-siena\/","title":{"rendered":"Archivio storico comunale di Torrita di Siena"},"content":{"rendered":"\n<div class=\"wp-block-columns is-layout-flex wp-container-core-columns-is-layout-2 wp-block-columns-is-layout-flex\">\n<div class=\"wp-block-column is-layout-flow wp-block-column-is-layout-flow\" style=\"flex-basis:40%\"><\/div>\n\n\n\n<div class=\"wp-block-column is-layout-flow wp-block-column-is-layout-flow\">\n<div class=\"wp-block-columns is-layout-flex wp-container-core-columns-is-layout-1 wp-block-columns-is-layout-flex\">\n<div class=\"wp-block-column is-layout-flow wp-block-column-is-layout-flow\" style=\"flex-basis:50%\">\n<p>Piazza Giacomo Matteotti, 10<br>53049 Torrita di Siena<\/p>\n\n\n\n<p>0577 685103<\/p>\n\n\n\n<p><a href=\"mailto:torritasiena@bccmp.com\">torritasiena@bccmp.com<\/a><\/p>\n\n\n\n<p><a href=\"https:\/\/www.comune.torrita.siena.it\/home\/novita\/notizie\/2022\/07\/biblio-orari-estivi.html\" target=\"_blank\" rel=\"noreferrer noopener\">sito web<\/a><\/p>\n\n\n\n<p>(Comune di Torrita di Siena)<\/p>\n<\/div>\n\n\n\n<div class=\"wp-block-column is-layout-flow wp-block-column-is-layout-flow\">\t\t<div class=\"qzr-dynamic-blocks\" data-template=\"alert\" data-type=\"timetables\">\r\n\t\t\t\n\n<p class=\"has-text-align-center\"><strong>su appuntamento<\/strong><\/p>\n\n\t\t<\/div>\r\n\t<\/div>\n<\/div>\n<\/div>\n<\/div>\n\n\n<html><body><div class=\"wp-block-columns is-layout-flex wp-container-core-columns-is-layout-3 wp-block-columns-is-layout-flex\" data-border-bottom=\"1\">\n<div class=\"wp-block-column is-layout-flow wp-block-column-is-layout-flow\" style=\"flex-basis:40%\">\n<p class=\"is-style-label\">L&#8217;ARCHIVIO<\/p>\n<\/div>\n\n\n\n<div class=\"wp-block-column is-layout-flow wp-block-column-is-layout-flow\">\n<p>I documenti conservati presso l&#8217;Archivio storico del Comune di Torrita di Siena sono suddivisi in: periodo preunitario, periodo postunitario e archivi aggregati.<\/p>\n\n\n\n<p>L&#8217;Archivio comunale di Torrita, ubicato presso la sede municipale, raccoglie in primo luogo gli atti prodotti dalle magistrature che si sono avvicendate al governo del territorio in epoca preunitaria. In questa stessa sezione si trova il fondo della Cancelleria e quello del Vicariato di Montefollonico.<br><\/br>Altri atti di questo Vicariato, cos\u00ec come quelli prodotti dal Podest\u00e0 di Torrita si trovano invece presso l&#8217;Archivio di Stato di Siena. Le prime notizie sull\u2019archivio della Comunit\u00e0 di Torrita si ricavano grazie a degli scritti di Pompeo Neri nel maggio 1746. Il gruppo pi\u00f9 omogeneo \u00e8 composto da undici pezzi sotto la voce \u201cMemorie e consigli\u201d, dal 1549 al 1774.<br><\/br>Si trovano inoltre presso la sede comunale gli atti relativi al Comune postunitario e gli archivi aggregati.<\/p>\n\n\n\n<p>L\u2019archivio, nel 1871, riceve una sistemazione da Fabio Bargagli Petrucci, lavoro sul quale si bas\u00f2 poi l\u2019inventario compilato da Ottorino Facti nel 1934.<\/p>\n<\/div>\n<\/div>\n<\/body><\/html>\n\n<html><body><div class=\"wp-block-columns is-layout-flex wp-container-core-columns-is-layout-4 wp-block-columns-is-layout-flex\" data-border-bottom=\"1\">\n<div class=\"wp-block-column is-layout-flow wp-block-column-is-layout-flow\" style=\"flex-basis:40%\">\n<p class=\"is-style-label\">INVENTARI<\/p>\n<\/div>\n\n\n\n<div class=\"wp-block-column is-layout-flow wp-block-column-is-layout-flow\">\n<p><em>L&#8217;Archivio comunale di Torrita. Inventario della Sezione storica<\/em>, a cura di Cecilia Rosa Luana Trombetti coordinati da Giuliano Catoni. Siena 1989<\/p>\n<\/div>\n<\/div>\n<\/body><\/html>\n\n<html><body><div class=\"wp-block-columns is-layout-flex wp-container-core-columns-is-layout-5 wp-block-columns-is-layout-flex\" data-border-bottom=\"1\">\n<div class=\"wp-block-column is-layout-flow wp-block-column-is-layout-flow\" style=\"flex-basis:40%\">\n<p class=\"is-style-label\">COLLEGAMENTI ESTERNI<\/p>\n<\/div>\n\n\n\n<div class=\"wp-block-column is-layout-flow wp-block-column-is-layout-flow\">\n<p>L&#8217;Archivio \u00e8 descritto anche in <a href=\"https:\/\/siusa.archivi.beniculturali.it\/cgi-bin\/siusa\/pagina.pl?TipoPag=cons&amp;Chiave=10814\" target=\"_blank\" rel=\"noreferrer noopener\">SIUSA-Sistema informativo unificato per le Soprintendenze archivistiche<\/a> e in <a href=\"http:\/\/www301.regione.toscana.it\/bancadati\/sistemacultura\/index.xml\" target=\"_blank\" rel=\"noreferrer noopener\">Regione Toscana-Sistema Cultura<\/a>.<\/p>\n<\/div>\n<\/div>\n<\/body><\/html>\n\n","protected":false},"featured_media":909,"template":"","class_list":["post-521","archive","type-archive","status-publish","has-post-thumbnail","hentry"],"yoast_head":"<!-- This site is optimized with the Yoast SEO plugin v24.8.1 - https:\/\/yoast.com\/wordpress\/plugins\/seo\/ -->\n<title>Archivio storico comunale di Torrita di Siena - ReDoS<\/title>\n<meta name=\"description\" content=\"L&#039;Archivio storico comunale di Torrita di Siena fa parte di ReDoS, la Rete documentaria e bibliotecaria senese delle biblioteche, degli archivi e dei centri di documentazione dei Comuni della provincia di Siena.\" \/>\n<meta name=\"robots\" content=\"noindex, follow, max-snippet:-1, max-image-preview:large, max-video-preview:-1\" \/>\n<meta property=\"og:locale\" content=\"it_IT\" \/>\n<meta property=\"og:type\" content=\"article\" \/>\n<meta property=\"og:title\" content=\"Archivio storico comunale di Torrita di Siena - ReDoS\" \/>\n<meta property=\"og:description\" content=\"L&#039;Archivio storico comunale di Torrita di Siena fa parte di ReDoS, la Rete documentaria e bibliotecaria senese delle biblioteche, degli archivi e dei centri di documentazione dei Comuni della provincia di Siena.\" \/>\n<meta property=\"og:url\" content=\"https:\/\/qzrstudio.com\/redos\/archivio\/archivio-storico-comunale-di-torrita-di-siena\/\" \/>\n<meta property=\"og:site_name\" content=\"ReDoS\" \/>\n<meta property=\"article:modified_time\" content=\"2023-07-27T13:24:08+00:00\" \/>\n<meta property=\"og:image\" content=\"https:\/\/qzrstudio.com\/redos\/wp-content\/uploads\/2021\/09\/foto-repertorio-per-archivi.jpg\" \/>\n\t<meta property=\"og:image:width\" content=\"1919\" \/>\n\t<meta property=\"og:image:height\" content=\"780\" \/>\n\t<meta property=\"og:image:type\" content=\"image\/jpeg\" \/>\n<meta name=\"twitter:card\" content=\"summary_large_image\" \/>\n<meta name=\"twitter:label1\" content=\"Tempo di lettura stimato\" \/>\n\t<meta name=\"twitter:data1\" content=\"2 minuti\" \/>\n<script type=\"application\/ld+json\" class=\"yoast-schema-graph\">{\"@context\":\"https:\/\/schema.org\",\"@graph\":[{\"@type\":\"WebPage\",\"@id\":\"https:\/\/qzrstudio.com\/redos\/archivio\/archivio-storico-comunale-di-torrita-di-siena\/\",\"url\":\"https:\/\/qzrstudio.com\/redos\/archivio\/archivio-storico-comunale-di-torrita-di-siena\/\",\"name\":\"Archivio storico comunale di Torrita di Siena - ReDoS\",\"isPartOf\":{\"@id\":\"https:\/\/qzrstudio.com\/redos\/#website\"},\"primaryImageOfPage\":{\"@id\":\"https:\/\/qzrstudio.com\/redos\/archivio\/archivio-storico-comunale-di-torrita-di-siena\/#primaryimage\"},\"image\":{\"@id\":\"https:\/\/qzrstudio.com\/redos\/archivio\/archivio-storico-comunale-di-torrita-di-siena\/#primaryimage\"},\"thumbnailUrl\":\"https:\/\/qzrstudio.com\/redos\/wp-content\/uploads\/2021\/09\/foto-repertorio-per-archivi.jpg\",\"datePublished\":\"2021-09-30T16:26:47+00:00\",\"dateModified\":\"2023-07-27T13:24:08+00:00\",\"description\":\"L'Archivio storico comunale di Torrita di Siena fa parte di ReDoS, la Rete documentaria e bibliotecaria senese delle biblioteche, degli archivi e dei centri di documentazione dei Comuni della provincia di Siena.\",\"breadcrumb\":{\"@id\":\"https:\/\/qzrstudio.com\/redos\/archivio\/archivio-storico-comunale-di-torrita-di-siena\/#breadcrumb\"},\"inLanguage\":\"it-IT\",\"potentialAction\":[{\"@type\":\"ReadAction\",\"target\":[\"https:\/\/qzrstudio.com\/redos\/archivio\/archivio-storico-comunale-di-torrita-di-siena\/\"]}]},{\"@type\":\"ImageObject\",\"inLanguage\":\"it-IT\",\"@id\":\"https:\/\/qzrstudio.com\/redos\/archivio\/archivio-storico-comunale-di-torrita-di-siena\/#primaryimage\",\"url\":\"https:\/\/qzrstudio.com\/redos\/wp-content\/uploads\/2021\/09\/foto-repertorio-per-archivi.jpg\",\"contentUrl\":\"https:\/\/qzrstudio.com\/redos\/wp-content\/uploads\/2021\/09\/foto-repertorio-per-archivi.jpg\",\"width\":1919,\"height\":780},{\"@type\":\"BreadcrumbList\",\"@id\":\"https:\/\/qzrstudio.com\/redos\/archivio\/archivio-storico-comunale-di-torrita-di-siena\/#breadcrumb\",\"itemListElement\":[{\"@type\":\"ListItem\",\"position\":1,\"name\":\"Home\",\"item\":\"https:\/\/qzrstudio.com\/redos\/\"},{\"@type\":\"ListItem\",\"position\":2,\"name\":\"Archivi\",\"item\":\"https:\/\/qzrstudio.com\/redos\/archivio\/\"},{\"@type\":\"ListItem\",\"position\":3,\"name\":\"Archivio storico comunale di Torrita di Siena\"}]},{\"@type\":\"WebSite\",\"@id\":\"https:\/\/qzrstudio.com\/redos\/#website\",\"url\":\"https:\/\/qzrstudio.com\/redos\/\",\"name\":\"ReDoS\",\"description\":\"Rete Documentaria Senese\",\"potentialAction\":[{\"@type\":\"SearchAction\",\"target\":{\"@type\":\"EntryPoint\",\"urlTemplate\":\"https:\/\/qzrstudio.com\/redos\/?s={search_term_string}\"},\"query-input\":{\"@type\":\"PropertyValueSpecification\",\"valueRequired\":true,\"valueName\":\"search_term_string\"}}],\"inLanguage\":\"it-IT\"}]}<\/script>\n<!-- \/ Yoast SEO plugin. -->","yoast_head_json":{"title":"Archivio storico comunale di Torrita di Siena - ReDoS","description":"L'Archivio storico comunale di Torrita di Siena fa parte di ReDoS, la Rete documentaria e bibliotecaria senese delle biblioteche, degli archivi e dei centri di documentazione dei Comuni della provincia di Siena.","robots":{"index":"noindex","follow":"follow","max-snippet":"max-snippet:-1","max-image-preview":"max-image-preview:large","max-video-preview":"max-video-preview:-1"},"og_locale":"it_IT","og_type":"article","og_title":"Archivio storico comunale di Torrita di Siena - ReDoS","og_description":"L'Archivio storico comunale di Torrita di Siena fa parte di ReDoS, la Rete documentaria e bibliotecaria senese delle biblioteche, degli archivi e dei centri di documentazione dei Comuni della provincia di Siena.","og_url":"https:\/\/qzrstudio.com\/redos\/archivio\/archivio-storico-comunale-di-torrita-di-siena\/","og_site_name":"ReDoS","article_modified_time":"2023-07-27T13:24:08+00:00","og_image":[{"width":1919,"height":780,"url":"https:\/\/qzrstudio.com\/redos\/wp-content\/uploads\/2021\/09\/foto-repertorio-per-archivi.jpg","type":"image\/jpeg"}],"twitter_card":"summary_large_image","twitter_misc":{"Tempo di lettura stimato":"2 minuti"},"schema":{"@context":"https:\/\/schema.org","@graph":[{"@type":"WebPage","@id":"https:\/\/qzrstudio.com\/redos\/archivio\/archivio-storico-comunale-di-torrita-di-siena\/","url":"https:\/\/qzrstudio.com\/redos\/archivio\/archivio-storico-comunale-di-torrita-di-siena\/","name":"Archivio storico comunale di Torrita di Siena - ReDoS","isPartOf":{"@id":"https:\/\/qzrstudio.com\/redos\/#website"},"primaryImageOfPage":{"@id":"https:\/\/qzrstudio.com\/redos\/archivio\/archivio-storico-comunale-di-torrita-di-siena\/#primaryimage"},"image":{"@id":"https:\/\/qzrstudio.com\/redos\/archivio\/archivio-storico-comunale-di-torrita-di-siena\/#primaryimage"},"thumbnailUrl":"https:\/\/qzrstudio.com\/redos\/wp-content\/uploads\/2021\/09\/foto-repertorio-per-archivi.jpg","datePublished":"2021-09-30T16:26:47+00:00","dateModified":"2023-07-27T13:24:08+00:00","description":"L'Archivio storico comunale di Torrita di Siena fa parte di ReDoS, la Rete documentaria e bibliotecaria senese delle biblioteche, degli archivi e dei centri di documentazione dei Comuni della provincia di Siena.","breadcrumb":{"@id":"https:\/\/qzrstudio.com\/redos\/archivio\/archivio-storico-comunale-di-torrita-di-siena\/#breadcrumb"},"inLanguage":"it-IT","potentialAction":[{"@type":"ReadAction","target":["https:\/\/qzrstudio.com\/redos\/archivio\/archivio-storico-comunale-di-torrita-di-siena\/"]}]},{"@type":"ImageObject","inLanguage":"it-IT","@id":"https:\/\/qzrstudio.com\/redos\/archivio\/archivio-storico-comunale-di-torrita-di-siena\/#primaryimage","url":"https:\/\/qzrstudio.com\/redos\/wp-content\/uploads\/2021\/09\/foto-repertorio-per-archivi.jpg","contentUrl":"https:\/\/qzrstudio.com\/redos\/wp-content\/uploads\/2021\/09\/foto-repertorio-per-archivi.jpg","width":1919,"height":780},{"@type":"BreadcrumbList","@id":"https:\/\/qzrstudio.com\/redos\/archivio\/archivio-storico-comunale-di-torrita-di-siena\/#breadcrumb","itemListElement":[{"@type":"ListItem","position":1,"name":"Home","item":"https:\/\/qzrstudio.com\/redos\/"},{"@type":"ListItem","position":2,"name":"Archivi","item":"https:\/\/qzrstudio.com\/redos\/archivio\/"},{"@type":"ListItem","position":3,"name":"Archivio storico comunale di Torrita di Siena"}]},{"@type":"WebSite","@id":"https:\/\/qzrstudio.com\/redos\/#website","url":"https:\/\/qzrstudio.com\/redos\/","name":"ReDoS","description":"Rete Documentaria Senese","potentialAction":[{"@type":"SearchAction","target":{"@type":"EntryPoint","urlTemplate":"https:\/\/qzrstudio.com\/redos\/?s={search_term_string}"},"query-input":{"@type":"PropertyValueSpecification","valueRequired":true,"valueName":"search_term_string"}}],"inLanguage":"it-IT"}]}},"_links":{"self":[{"href":"https:\/\/qzrstudio.com\/redos\/wp-json\/wp\/v2\/archive\/521","targetHints":{"allow":["GET"]}}],"collection":[{"href":"https:\/\/qzrstudio.com\/redos\/wp-json\/wp\/v2\/archive"}],"about":[{"href":"https:\/\/qzrstudio.com\/redos\/wp-json\/wp\/v2\/types\/archive"}],"wp:featuredmedia":[{"embeddable":true,"href":"https:\/\/qzrstudio.com\/redos\/wp-json\/wp\/v2\/media\/909"}],"wp:attachment":[{"href":"https:\/\/qzrstudio.com\/redos\/wp-json\/wp\/v2\/media?parent=521"}],"curies":[{"name":"wp","href":"https:\/\/api.w.org\/{rel}","templated":true}]}}

<div class="wp-block-columns is-layout-flex wp-container-core-columns-is-layout-2 wp-block-columns-is-layout-flex">
<div class="wp-block-column is-layout-flow wp-block-column-is-layout-flow" style="flex-basis:40%"></div>



<div class="wp-block-column is-layout-flow wp-block-column-is-layout-flow">
<div class="wp-block-columns is-layout-flex wp-container-core-columns-is-layout-1 wp-block-columns-is-layout-flex">
<div class="wp-block-column is-layout-flow wp-block-column-is-layout-flow" style="flex-basis:50%">
<p>Piazza Giacomo Matteotti, 10<br>53049 Torrita di Siena</p>



<p>0577 685103</p>



<p><a href="mailto:torritasiena@bccmp.com">torritasiena@bccmp.com</a></p>



<p><a href="https://www.comune.torrita.siena.it/home/novita/notizie/2022/07/biblio-orari-estivi.html" target="_blank" rel="noreferrer noopener">sito web</a></p>



<p>(Comune di Torrita di Siena)</p>
</div>



<div class="wp-block-column is-layout-flow wp-block-column-is-layout-flow">		<div class="qzr-dynamic-blocks" data-template="alert" data-type="timetables">
			

<p class="has-text-align-center"><strong>su appuntamento</strong></p>

		</div>
	</div>
</div>
</div>
</div>


<html><body><div class="wp-block-columns is-layout-flex wp-container-core-columns-is-layout-3 wp-block-columns-is-layout-flex" data-border-bottom="1">
<div class="wp-block-column is-layout-flow wp-block-column-is-layout-flow" style="flex-basis:40%">
<p class="is-style-label">L&#8217;ARCHIVIO</p>
</div>



<div class="wp-block-column is-layout-flow wp-block-column-is-layout-flow">
<p>I documenti conservati presso l&#8217;Archivio storico del Comune di Torrita di Siena sono suddivisi in: periodo preunitario, periodo postunitario e archivi aggregati.</p>



<p>L&#8217;Archivio comunale di Torrita, ubicato presso la sede municipale, raccoglie in primo luogo gli atti prodotti dalle magistrature che si sono avvicendate al governo del territorio in epoca preunitaria. In questa stessa sezione si trova il fondo della Cancelleria e quello del Vicariato di Montefollonico.<br></br>Altri atti di questo Vicariato, così come quelli prodotti dal Podestà di Torrita si trovano invece presso l&#8217;Archivio di Stato di Siena. Le prime notizie sull’archivio della Comunità di Torrita si ricavano grazie a degli scritti di Pompeo Neri nel maggio 1746. Il gruppo più omogeneo è composto da undici pezzi sotto la voce “Memorie e consigli”, dal 1549 al 1774.<br></br>Si trovano inoltre presso la sede comunale gli atti relativi al Comune postunitario e gli archivi aggregati.</p>



<p>L’archivio, nel 1871, riceve una sistemazione da Fabio Bargagli Petrucci, lavoro sul quale si basò poi l’inventario compilato da Ottorino Facti nel 1934.</p>
</div>
</div>
</body></html>

<html><body><div class="wp-block-columns is-layout-flex wp-container-core-columns-is-layout-4 wp-block-columns-is-layout-flex" data-border-bottom="1">
<div class="wp-block-column is-layout-flow wp-block-column-is-layout-flow" style="flex-basis:40%">
<p class="is-style-label">INVENTARI</p>
</div>



<div class="wp-block-column is-layout-flow wp-block-column-is-layout-flow">
<p><em>L&#8217;Archivio comunale di Torrita. Inventario della Sezione storica</em>, a cura di Cecilia Rosa Luana Trombetti coordinati da Giuliano Catoni. Siena 1989</p>
</div>
</div>
</body></html>

<html><body><div class="wp-block-columns is-layout-flex wp-container-core-columns-is-layout-5 wp-block-columns-is-layout-flex" data-border-bottom="1">
<div class="wp-block-column is-layout-flow wp-block-column-is-layout-flow" style="flex-basis:40%">
<p class="is-style-label">COLLEGAMENTI ESTERNI</p>
</div>



<div class="wp-block-column is-layout-flow wp-block-column-is-layout-flow">
<p>L&#8217;Archivio è descritto anche in <a href="https://siusa.archivi.beniculturali.it/cgi-bin/siusa/pagina.pl?TipoPag=cons&amp;Chiave=10814" target="_blank" rel="noreferrer noopener">SIUSA-Sistema informativo unificato per le Soprintendenze archivistiche</a> e in <a href="http://www301.regione.toscana.it/bancadati/sistemacultura/index.xml" target="_blank" rel="noreferrer noopener">Regione Toscana-Sistema Cultura</a>.</p>
</div>
</div>
</body></html>
