{"id":257,"date":"2021-06-22T15:21:08","date_gmt":"2021-06-22T13:21:08","guid":{"rendered":"http:\/\/qzrstudio.com\/redos\/?post_type=library&#038;p=257"},"modified":"2025-04-03T13:06:21","modified_gmt":"2025-04-03T11:06:21","slug":"biblioteca-comunale-di-sarteano","status":"publish","type":"library","link":"https:\/\/qzrstudio.com\/redos\/biblioteca\/biblioteca-comunale-di-sarteano\/","title":{"rendered":"Biblioteca comunale di Sarteano"},"content":{"rendered":"\n<div class=\"wp-block-columns qzr-add-controls-border-bottom is-layout-flex wp-container-core-columns-is-layout-2 wp-block-columns-is-layout-flex\">\n<div class=\"wp-block-column is-layout-flow wp-block-column-is-layout-flow\" style=\"flex-basis:40%\"><\/div>\n\n\n\n<div class=\"wp-block-column is-layout-flow wp-block-column-is-layout-flow\">\n<div class=\"wp-block-columns qzr-add-controls-border-bottom is-layout-flex wp-container-core-columns-is-layout-1 wp-block-columns-is-layout-flex\">\n<div class=\"wp-block-column is-layout-flow wp-block-column-is-layout-flow\" style=\"flex-basis:50%\">\n<p>Viale Amiata, 1<\/p>\n\n\n\n<p>53047 Sarteano <br>0578 269211<br><a href=\"mailto:biblioteca@comune.sarteano.si.it\">biblioteca@comune.sarteano.si.it<\/a><\/p>\n\n\n\n<p><a href=\"https:\/\/www.comune.sarteano.si.it\/aree-tematiche\/cultura\" target=\"_blank\" rel=\"noreferrer noopener\">sito web <\/a>(Comune di Sarteano)<\/p>\n\n\n\n<p><a href=\"https:\/\/www.facebook.com\/bibliosarteano\" target=\"_blank\" rel=\"noreferrer noopener\">facebook<\/a><\/p>\n\n\n\n<p><\/p>\n<\/div>\n\n\n\n<div class=\"wp-block-column is-layout-flow wp-block-column-is-layout-flow\">\t\t<div class=\"qzr-dynamic-blocks\" data-template=\"\" data-type=\"timetables\">\r\n\t\t\t\n\n<p>luned\u00ec, gioved\u00ec 16:00-19:00<\/p>\n\n\n\n<p>marted\u00ec, mercoled\u00ec e venerd\u00ec 10:00-12:30<\/p>\n\n\n\n<p>sabato 15:30-19:00<\/p>\n\n\t\t<\/div>\r\n\t<\/div>\n<\/div>\n<\/div>\n<\/div>\n\n\n<html><body><div class=\"wp-block-columns qzr-add-controls-border-bottom is-layout-flex wp-container-core-columns-is-layout-3 wp-block-columns-is-layout-flex\" data-border-bottom=\"1\">\n<div class=\"wp-block-column is-layout-flow wp-block-column-is-layout-flow\" style=\"flex-basis:40%\">\n<p class=\"is-style-label\">Servizi<\/p>\n<\/div>\n\n\n\n<div class=\"wp-block-column is-layout-flow wp-block-column-is-layout-flow\">\n<ul class=\"wp-block-list\">\n<li>prestito libri<\/li>\n\n\n\n<li>prestito cd-dvd<\/li>\n\n\n\n<li>prestito interbibliotecario<\/li>\n\n\n\n<li>reference<\/li>\n\n\n\n<li>visite guidate<\/li>\n\n\n\n<li>pc e collegamento a internet<\/li>\n\n\n\n<li>accesso per disabili<\/li>\n\n\n\n<li>documenti in lingua straniera<\/li>\n\n\n\n<li>collegamento Wi-fi gratuito<\/li>\n\n\n\n<li>gruppi di lettura<\/li>\n\n\n\n<li>laboratori per bambini e ragazzi<\/li>\n\n\n\n<li>promozione alla lettura<\/li>\n<\/ul>\n<\/div>\n<\/div>\n<\/body><\/html>\n\n<html><body><div class=\"wp-block-columns qzr-add-controls-border-bottom is-layout-flex wp-container-core-columns-is-layout-4 wp-block-columns-is-layout-flex\" data-border-bottom=\"1\">\n<div class=\"wp-block-column is-layout-flow wp-block-column-is-layout-flow\" style=\"flex-basis:40%\">\n<p class=\"is-style-label\">La Biblioteca<\/p>\n<\/div>\n\n\n\n<div class=\"wp-block-column is-layout-flow wp-block-column-is-layout-flow\">\n<p>Inaugurata il 4 dicembre 2011, la Biblioteca comunale di Sarteano \u00e8 una moderna biblioteca di pubblica lettura di ente locale che, oltre a perseguire gli obiettivi di conservazione del patrimonio storico documentario, svolge funzioni di biblioteca contemporanea di informazione generale. Il patrimonio librario, in via di catalogazione, proviene in buona parte dalla Biblioteca della Parrocchia di San Lorenzo e si \u00e8 arricchito grazie ad alcune donazioni, tra queste la recente donazione Padoa Schioppa, e gli acquisti effettuati dal Comune, tramite la rete provinciale Redos, alla quale aderisce.\u00a0 La Biblioteca organizza incontri con autori, laboratori per bambini e ragazzi finalizzati anche alla promozione alla lettura e aderisce al programma <em>Nati per leggere<\/em>.<\/p>\n<\/div>\n<\/div>\n<\/body><\/html>\n\n<html><body><div class=\"wp-block-columns qzr-add-controls-border-bottom is-layout-flex wp-container-core-columns-is-layout-5 wp-block-columns-is-layout-flex\" data-border-bottom=\"1\">\n<div class=\"wp-block-column is-layout-flow wp-block-column-is-layout-flow\" style=\"flex-basis:40%\">\n<p class=\"is-style-label\">Patrimonio Documentario<\/p>\n<\/div>\n\n\n\n<div class=\"wp-block-column is-layout-flow wp-block-column-is-layout-flow\">\n<p>Sezione bambini-ragazzi; sezione giovani; sezione locale; libri in lingua; Fondo antico e Fondo speciale Padoa Schioppa; narrativa per adulti italiana e straniera; saggistica per adulti e didattica per ragazzi; fumetti e <em>graphic novel<\/em>; \u00a0risorse costantemente aggiornate in molti settore del sapere principalmente di ambito umanistico.<\/p>\n<\/div>\n<\/div>\n<\/body><\/html>\n\n","protected":false},"featured_media":352,"template":"","class_list":["post-257","library","type-library","status-publish","has-post-thumbnail","hentry"],"yoast_head":"<!-- This site is optimized with the Yoast SEO plugin v24.8.1 - https:\/\/yoast.com\/wordpress\/plugins\/seo\/ -->\n<title>Biblioteca comunale di Sarteano - ReDoS<\/title>\n<meta name=\"description\" content=\"La Biblioteca comunale di Sarteano fa parte di ReDoS, la Rete documentaria e bibliotecaria senese delle biblioteche, degli archivi e dei centri di documentazione dei Comuni della provincia di Siena\" \/>\n<meta name=\"robots\" content=\"noindex, follow, max-snippet:-1, max-image-preview:large, max-video-preview:-1\" \/>\n<meta property=\"og:locale\" content=\"it_IT\" \/>\n<meta property=\"og:type\" content=\"article\" \/>\n<meta property=\"og:title\" content=\"Biblioteca comunale di Sarteano - ReDoS\" \/>\n<meta property=\"og:description\" content=\"La Biblioteca comunale di Sarteano fa parte di ReDoS, la Rete documentaria e bibliotecaria senese delle biblioteche, degli archivi e dei centri di documentazione dei Comuni della provincia di Siena\" \/>\n<meta property=\"og:url\" content=\"https:\/\/qzrstudio.com\/redos\/biblioteca\/biblioteca-comunale-di-sarteano\/\" \/>\n<meta property=\"og:site_name\" content=\"ReDoS\" \/>\n<meta property=\"article:modified_time\" content=\"2025-04-03T11:06:21+00:00\" \/>\n<meta property=\"og:image\" content=\"https:\/\/qzrstudio.com\/redos\/wp-content\/uploads\/2021\/09\/Sangi_P3230050.jpg\" \/>\n\t<meta property=\"og:image:width\" content=\"1920\" \/>\n\t<meta property=\"og:image:height\" content=\"520\" \/>\n\t<meta property=\"og:image:type\" content=\"image\/jpeg\" \/>\n<meta name=\"twitter:card\" content=\"summary_large_image\" \/>\n<meta name=\"twitter:label1\" content=\"Tempo di lettura stimato\" \/>\n\t<meta name=\"twitter:data1\" content=\"2 minuti\" \/>\n<script type=\"application\/ld+json\" class=\"yoast-schema-graph\">{\"@context\":\"https:\/\/schema.org\",\"@graph\":[{\"@type\":\"WebPage\",\"@id\":\"https:\/\/qzrstudio.com\/redos\/biblioteca\/biblioteca-comunale-di-sarteano\/\",\"url\":\"https:\/\/qzrstudio.com\/redos\/biblioteca\/biblioteca-comunale-di-sarteano\/\",\"name\":\"Biblioteca comunale di Sarteano - ReDoS\",\"isPartOf\":{\"@id\":\"https:\/\/qzrstudio.com\/redos\/#website\"},\"primaryImageOfPage\":{\"@id\":\"https:\/\/qzrstudio.com\/redos\/biblioteca\/biblioteca-comunale-di-sarteano\/#primaryimage\"},\"image\":{\"@id\":\"https:\/\/qzrstudio.com\/redos\/biblioteca\/biblioteca-comunale-di-sarteano\/#primaryimage\"},\"thumbnailUrl\":\"https:\/\/qzrstudio.com\/redos\/wp-content\/uploads\/2021\/09\/Sangi_P3230050.jpg\",\"datePublished\":\"2021-06-22T13:21:08+00:00\",\"dateModified\":\"2025-04-03T11:06:21+00:00\",\"description\":\"La Biblioteca comunale di Sarteano fa parte di ReDoS, la Rete documentaria e bibliotecaria senese delle biblioteche, degli archivi e dei centri di documentazione dei Comuni della provincia di Siena\",\"breadcrumb\":{\"@id\":\"https:\/\/qzrstudio.com\/redos\/biblioteca\/biblioteca-comunale-di-sarteano\/#breadcrumb\"},\"inLanguage\":\"it-IT\",\"potentialAction\":[{\"@type\":\"ReadAction\",\"target\":[\"https:\/\/qzrstudio.com\/redos\/biblioteca\/biblioteca-comunale-di-sarteano\/\"]}]},{\"@type\":\"ImageObject\",\"inLanguage\":\"it-IT\",\"@id\":\"https:\/\/qzrstudio.com\/redos\/biblioteca\/biblioteca-comunale-di-sarteano\/#primaryimage\",\"url\":\"https:\/\/qzrstudio.com\/redos\/wp-content\/uploads\/2021\/09\/Sangi_P3230050.jpg\",\"contentUrl\":\"https:\/\/qzrstudio.com\/redos\/wp-content\/uploads\/2021\/09\/Sangi_P3230050.jpg\",\"width\":1920,\"height\":520,\"caption\":\"OLYMPUS DIGITAL CAMERA\"},{\"@type\":\"BreadcrumbList\",\"@id\":\"https:\/\/qzrstudio.com\/redos\/biblioteca\/biblioteca-comunale-di-sarteano\/#breadcrumb\",\"itemListElement\":[{\"@type\":\"ListItem\",\"position\":1,\"name\":\"Home\",\"item\":\"https:\/\/qzrstudio.com\/redos\/\"},{\"@type\":\"ListItem\",\"position\":2,\"name\":\"Biblioteche\",\"item\":\"https:\/\/qzrstudio.com\/redos\/biblioteca\/\"},{\"@type\":\"ListItem\",\"position\":3,\"name\":\"Biblioteca comunale di Sarteano\"}]},{\"@type\":\"WebSite\",\"@id\":\"https:\/\/qzrstudio.com\/redos\/#website\",\"url\":\"https:\/\/qzrstudio.com\/redos\/\",\"name\":\"ReDoS\",\"description\":\"Rete Documentaria Senese\",\"potentialAction\":[{\"@type\":\"SearchAction\",\"target\":{\"@type\":\"EntryPoint\",\"urlTemplate\":\"https:\/\/qzrstudio.com\/redos\/?s={search_term_string}\"},\"query-input\":{\"@type\":\"PropertyValueSpecification\",\"valueRequired\":true,\"valueName\":\"search_term_string\"}}],\"inLanguage\":\"it-IT\"}]}<\/script>\n<!-- \/ Yoast SEO plugin. -->","yoast_head_json":{"title":"Biblioteca comunale di Sarteano - ReDoS","description":"La Biblioteca comunale di Sarteano fa parte di ReDoS, la Rete documentaria e bibliotecaria senese delle biblioteche, degli archivi e dei centri di documentazione dei Comuni della provincia di Siena","robots":{"index":"noindex","follow":"follow","max-snippet":"max-snippet:-1","max-image-preview":"max-image-preview:large","max-video-preview":"max-video-preview:-1"},"og_locale":"it_IT","og_type":"article","og_title":"Biblioteca comunale di Sarteano - ReDoS","og_description":"La Biblioteca comunale di Sarteano fa parte di ReDoS, la Rete documentaria e bibliotecaria senese delle biblioteche, degli archivi e dei centri di documentazione dei Comuni della provincia di Siena","og_url":"https:\/\/qzrstudio.com\/redos\/biblioteca\/biblioteca-comunale-di-sarteano\/","og_site_name":"ReDoS","article_modified_time":"2025-04-03T11:06:21+00:00","og_image":[{"width":1920,"height":520,"url":"https:\/\/qzrstudio.com\/redos\/wp-content\/uploads\/2021\/09\/Sangi_P3230050.jpg","type":"image\/jpeg"}],"twitter_card":"summary_large_image","twitter_misc":{"Tempo di lettura stimato":"2 minuti"},"schema":{"@context":"https:\/\/schema.org","@graph":[{"@type":"WebPage","@id":"https:\/\/qzrstudio.com\/redos\/biblioteca\/biblioteca-comunale-di-sarteano\/","url":"https:\/\/qzrstudio.com\/redos\/biblioteca\/biblioteca-comunale-di-sarteano\/","name":"Biblioteca comunale di Sarteano - ReDoS","isPartOf":{"@id":"https:\/\/qzrstudio.com\/redos\/#website"},"primaryImageOfPage":{"@id":"https:\/\/qzrstudio.com\/redos\/biblioteca\/biblioteca-comunale-di-sarteano\/#primaryimage"},"image":{"@id":"https:\/\/qzrstudio.com\/redos\/biblioteca\/biblioteca-comunale-di-sarteano\/#primaryimage"},"thumbnailUrl":"https:\/\/qzrstudio.com\/redos\/wp-content\/uploads\/2021\/09\/Sangi_P3230050.jpg","datePublished":"2021-06-22T13:21:08+00:00","dateModified":"2025-04-03T11:06:21+00:00","description":"La Biblioteca comunale di Sarteano fa parte di ReDoS, la Rete documentaria e bibliotecaria senese delle biblioteche, degli archivi e dei centri di documentazione dei Comuni della provincia di Siena","breadcrumb":{"@id":"https:\/\/qzrstudio.com\/redos\/biblioteca\/biblioteca-comunale-di-sarteano\/#breadcrumb"},"inLanguage":"it-IT","potentialAction":[{"@type":"ReadAction","target":["https:\/\/qzrstudio.com\/redos\/biblioteca\/biblioteca-comunale-di-sarteano\/"]}]},{"@type":"ImageObject","inLanguage":"it-IT","@id":"https:\/\/qzrstudio.com\/redos\/biblioteca\/biblioteca-comunale-di-sarteano\/#primaryimage","url":"https:\/\/qzrstudio.com\/redos\/wp-content\/uploads\/2021\/09\/Sangi_P3230050.jpg","contentUrl":"https:\/\/qzrstudio.com\/redos\/wp-content\/uploads\/2021\/09\/Sangi_P3230050.jpg","width":1920,"height":520,"caption":"OLYMPUS DIGITAL CAMERA"},{"@type":"BreadcrumbList","@id":"https:\/\/qzrstudio.com\/redos\/biblioteca\/biblioteca-comunale-di-sarteano\/#breadcrumb","itemListElement":[{"@type":"ListItem","position":1,"name":"Home","item":"https:\/\/qzrstudio.com\/redos\/"},{"@type":"ListItem","position":2,"name":"Biblioteche","item":"https:\/\/qzrstudio.com\/redos\/biblioteca\/"},{"@type":"ListItem","position":3,"name":"Biblioteca comunale di Sarteano"}]},{"@type":"WebSite","@id":"https:\/\/qzrstudio.com\/redos\/#website","url":"https:\/\/qzrstudio.com\/redos\/","name":"ReDoS","description":"Rete Documentaria Senese","potentialAction":[{"@type":"SearchAction","target":{"@type":"EntryPoint","urlTemplate":"https:\/\/qzrstudio.com\/redos\/?s={search_term_string}"},"query-input":{"@type":"PropertyValueSpecification","valueRequired":true,"valueName":"search_term_string"}}],"inLanguage":"it-IT"}]}},"_links":{"self":[{"href":"https:\/\/qzrstudio.com\/redos\/wp-json\/wp\/v2\/library\/257","targetHints":{"allow":["GET"]}}],"collection":[{"href":"https:\/\/qzrstudio.com\/redos\/wp-json\/wp\/v2\/library"}],"about":[{"href":"https:\/\/qzrstudio.com\/redos\/wp-json\/wp\/v2\/types\/library"}],"wp:featuredmedia":[{"embeddable":true,"href":"https:\/\/qzrstudio.com\/redos\/wp-json\/wp\/v2\/media\/352"}],"wp:attachment":[{"href":"https:\/\/qzrstudio.com\/redos\/wp-json\/wp\/v2\/media?parent=257"}],"curies":[{"name":"wp","href":"https:\/\/api.w.org\/{rel}","templated":true}]}}

<div class="wp-block-columns qzr-add-controls-border-bottom is-layout-flex wp-container-core-columns-is-layout-2 wp-block-columns-is-layout-flex">
<div class="wp-block-column is-layout-flow wp-block-column-is-layout-flow" style="flex-basis:40%"></div>



<div class="wp-block-column is-layout-flow wp-block-column-is-layout-flow">
<div class="wp-block-columns qzr-add-controls-border-bottom is-layout-flex wp-container-core-columns-is-layout-1 wp-block-columns-is-layout-flex">
<div class="wp-block-column is-layout-flow wp-block-column-is-layout-flow" style="flex-basis:50%">
<p>Viale Amiata, 1</p>



<p>53047 Sarteano <br>0578 269211<br><a href="mailto:biblioteca@comune.sarteano.si.it">biblioteca@comune.sarteano.si.it</a></p>



<p><a href="https://www.comune.sarteano.si.it/aree-tematiche/cultura" target="_blank" rel="noreferrer noopener">sito web </a>(Comune di Sarteano)</p>



<p><a href="https://www.facebook.com/bibliosarteano" target="_blank" rel="noreferrer noopener">facebook</a></p>



<p></p>
</div>



<div class="wp-block-column is-layout-flow wp-block-column-is-layout-flow">		<div class="qzr-dynamic-blocks" data-template="" data-type="timetables">
			

<p>lunedì, giovedì 16:00-19:00</p>



<p>martedì, mercoledì e venerdì 10:00-12:30</p>



<p>sabato 15:30-19:00</p>

		</div>
	</div>
</div>
</div>
</div>


<html><body><div class="wp-block-columns qzr-add-controls-border-bottom is-layout-flex wp-container-core-columns-is-layout-3 wp-block-columns-is-layout-flex" data-border-bottom="1">
<div class="wp-block-column is-layout-flow wp-block-column-is-layout-flow" style="flex-basis:40%">
<p class="is-style-label">Servizi</p>
</div>



<div class="wp-block-column is-layout-flow wp-block-column-is-layout-flow">
<ul class="wp-block-list">
<li>prestito libri</li>



<li>prestito cd-dvd</li>



<li>prestito interbibliotecario</li>



<li>reference</li>



<li>visite guidate</li>



<li>pc e collegamento a internet</li>



<li>accesso per disabili</li>



<li>documenti in lingua straniera</li>



<li>collegamento Wi-fi gratuito</li>



<li>gruppi di lettura</li>



<li>laboratori per bambini e ragazzi</li>



<li>promozione alla lettura</li>
</ul>
</div>
</div>
</body></html>

<html><body><div class="wp-block-columns qzr-add-controls-border-bottom is-layout-flex wp-container-core-columns-is-layout-4 wp-block-columns-is-layout-flex" data-border-bottom="1">
<div class="wp-block-column is-layout-flow wp-block-column-is-layout-flow" style="flex-basis:40%">
<p class="is-style-label">La Biblioteca</p>
</div>



<div class="wp-block-column is-layout-flow wp-block-column-is-layout-flow">
<p>Inaugurata il 4 dicembre 2011, la Biblioteca comunale di Sarteano è una moderna biblioteca di pubblica lettura di ente locale che, oltre a perseguire gli obiettivi di conservazione del patrimonio storico documentario, svolge funzioni di biblioteca contemporanea di informazione generale. Il patrimonio librario, in via di catalogazione, proviene in buona parte dalla Biblioteca della Parrocchia di San Lorenzo e si è arricchito grazie ad alcune donazioni, tra queste la recente donazione Padoa Schioppa, e gli acquisti effettuati dal Comune, tramite la rete provinciale Redos, alla quale aderisce.  La Biblioteca organizza incontri con autori, laboratori per bambini e ragazzi finalizzati anche alla promozione alla lettura e aderisce al programma <em>Nati per leggere</em>.</p>
</div>
</div>
</body></html>

<html><body><div class="wp-block-columns qzr-add-controls-border-bottom is-layout-flex wp-container-core-columns-is-layout-5 wp-block-columns-is-layout-flex" data-border-bottom="1">
<div class="wp-block-column is-layout-flow wp-block-column-is-layout-flow" style="flex-basis:40%">
<p class="is-style-label">Patrimonio Documentario</p>
</div>



<div class="wp-block-column is-layout-flow wp-block-column-is-layout-flow">
<p>Sezione bambini-ragazzi; sezione giovani; sezione locale; libri in lingua; Fondo antico e Fondo speciale Padoa Schioppa; narrativa per adulti italiana e straniera; saggistica per adulti e didattica per ragazzi; fumetti e <em>graphic novel</em>;  risorse costantemente aggiornate in molti settore del sapere principalmente di ambito umanistico.</p>
</div>
</div>
</body></html>
