{"id":524,"date":"2021-09-30T18:32:22","date_gmt":"2021-09-30T16:32:22","guid":{"rendered":"http:\/\/qzrstudio.com\/redos\/?post_type=library&#038;p=524"},"modified":"2025-03-11T17:34:38","modified_gmt":"2025-03-11T16:34:38","slug":"biblioteca-comunale-di-torrita-di-siena-2","status":"publish","type":"library","link":"https:\/\/qzrstudio.com\/redos\/biblioteca\/biblioteca-comunale-di-torrita-di-siena-2\/","title":{"rendered":"Biblioteca comunale di Torrita di Siena"},"content":{"rendered":"\n<div class=\"wp-block-columns qzr-add-controls-border-bottom is-layout-flex wp-container-core-columns-is-layout-2 wp-block-columns-is-layout-flex\">\n<div class=\"wp-block-column is-layout-flow wp-block-column-is-layout-flow\" style=\"flex-basis:40%\"><\/div>\n\n\n\n<div class=\"wp-block-column is-layout-flow wp-block-column-is-layout-flow\">\n<div class=\"wp-block-columns qzr-add-controls-border-bottom is-layout-flex wp-container-core-columns-is-layout-1 wp-block-columns-is-layout-flex\">\n<div class=\"wp-block-column is-layout-flow wp-block-column-is-layout-flow\" style=\"flex-basis:50%\">\n<p>Piazza Matteotti, 10<\/p>\n\n\n\n<p>53049 Torrita di Siena<\/p>\n\n\n\n<p>0577 688225<\/p>\n\n\n\n<p><\/p>\n\n\n\n<p><a href=\"mailto:biblioteca@comune.torrita.siena.it\">email<\/a><\/p>\n\n\n\n<p><a href=\"https:\/\/www.comune.torrita.siena.it\/i-luoghi-della-cultura\/biblioteca-e-archivio-storico\" target=\"_blank\" rel=\"noreferrer noopener\">sito web<\/a><\/p>\n\n\n\n<p>(Comune di Torrita di Siena)<\/p>\n\n\n\n<p><\/p>\n\n\n\n<p><\/p>\n<\/div>\n\n\n\n<div class=\"wp-block-column is-layout-flow wp-block-column-is-layout-flow\">\t\t<div class=\"qzr-dynamic-blocks\" data-template=\"\" data-type=\"timetables\">\r\n\t\t\t\n\n<p>marted\u00ec, mercoled\u00ec, venerd\u00ec 10:00-13:00<\/p>\n\n\n\n<p>mercoled\u00ec 15:30-17:30<\/p>\n\n\n\n<p>su appuntamento<\/p>\n\n\t\t<\/div>\r\n\t<\/div>\n<\/div>\n<\/div>\n<\/div>\n\n\n<html><body><div class=\"wp-block-columns qzr-add-controls-border-bottom is-layout-flex wp-container-core-columns-is-layout-3 wp-block-columns-is-layout-flex\" data-border-bottom=\"1\">\n<div class=\"wp-block-column is-layout-flow wp-block-column-is-layout-flow\" style=\"flex-basis:40%\">\n<p class=\"is-style-label\">Servizi<\/p>\n<\/div>\n\n\n\n<div class=\"wp-block-column is-layout-flow wp-block-column-is-layout-flow\">\n<ul class=\"wp-block-list\">\n<li>prestito<\/li>\n\n\n\n<li>prestito interbibliotecario<\/li>\n\n\n\n<li>consulenza bibliografica<\/li>\n\n\n\n<li>visite guidate<\/li>\n\n\n\n<li>fotocopie<\/li>\n\n\n\n<li>pc e collegamento a internet<\/li>\n\n\n\n<li>documenti in lingua straniera<\/li>\n<\/ul>\n<\/div>\n<\/div>\n<\/body><\/html>\n\n<html><body><div class=\"wp-block-columns qzr-add-controls-border-bottom is-layout-flex wp-container-core-columns-is-layout-4 wp-block-columns-is-layout-flex\" data-border-bottom=\"1\">\n<div class=\"wp-block-column is-layout-flow wp-block-column-is-layout-flow\" style=\"flex-basis:40%\">\n<p class=\"is-style-label\">La Biblioteca<\/p>\n<\/div>\n\n\n\n<div class=\"wp-block-column is-layout-flow wp-block-column-is-layout-flow\">\n<p>La Biblioteca comunale di Torrita di Siena vanta una collezione di oltre 15.500 volumi che spaziano dalla letteratura italiana a quella straniera, dalla narrativa orientale ai gialli scandinavi, dai classici intramontabili alle pi\u00f9 moderne pubblicazioni, dai romanzi storici alle raccolte poetiche; ci sono titoli di ogni genere e per ogni gusto.<\/p>\n\n\n\n<p>Una buona porzione del patrimonio \u00e8 inoltre dedicata ai pi\u00f9 piccoli per trasmettere loro la passione per i libri e la lettura fino dalla pi\u00f9 tenera et\u00e0, con i titoli consigliati dal progetto \u201cNati per Leggere\u201d e tanti altri adatti sin dai primi mesi di vita. Anche per i primi lettori c\u2019\u00e8 una ricca scelta di storie in stampato maiuscolo e corsivo con storie brevi e di facile comprensione per le prime esperienze in autonomia. \u00c8 stata inoltre disposta una sezione dedicata alla puericultura, per supportare genitori in questo percorso con spiegazioni e tantissimi esempi pratici.<\/p>\n\n\n\n<p>All\u2019interno della Biblioteca sono inoltre presenti dei \u201cfondi\u201d con le donazioni che cittadini illustri del Comune hanno voluto lasciare in eredit\u00e0 alla comunit\u00e0 e una sezione \u201clocale\u201d dedicata al territorio e agli scrittori del luogo.<\/p>\n<\/div>\n<\/div>\n<\/body><\/html>\n\n<html><body><div class=\"wp-block-columns qzr-add-controls-border-bottom is-layout-flex wp-container-core-columns-is-layout-5 wp-block-columns-is-layout-flex\" data-border-bottom=\"1\">\n<div class=\"wp-block-column is-layout-flow wp-block-column-is-layout-flow\" style=\"flex-basis:40%\">\n<p class=\"is-style-label\">Patrimonio Documentario<\/p>\n<\/div>\n\n\n\n<div class=\"wp-block-column is-layout-flow wp-block-column-is-layout-flow\">\n<p>La Biblioteca possiede circa 15.500 volumi.<\/p>\n<\/div>\n<\/div>\n<\/body><\/html>\n\n","protected":false},"featured_media":352,"template":"","class_list":["post-524","library","type-library","status-publish","has-post-thumbnail","hentry"],"yoast_head":"<!-- This site is optimized with the Yoast SEO plugin v24.8.1 - https:\/\/yoast.com\/wordpress\/plugins\/seo\/ -->\n<title>Biblioteca comunale di Torrita di Siena - ReDoS<\/title>\n<meta name=\"description\" content=\"La Biblioteca comunale di Torrita di Siena fa parte di ReDoS, la Rete documentaria e bibliotecaria senese delle biblioteche, degli archivi e dei centri di documentazione dei Comuni della provincia di Siena\" \/>\n<meta name=\"robots\" content=\"noindex, follow, max-snippet:-1, max-image-preview:large, max-video-preview:-1\" \/>\n<meta property=\"og:locale\" content=\"it_IT\" \/>\n<meta property=\"og:type\" content=\"article\" \/>\n<meta property=\"og:title\" content=\"Biblioteca comunale di Torrita di Siena - ReDoS\" \/>\n<meta property=\"og:description\" content=\"La Biblioteca comunale di Torrita di Siena fa parte di ReDoS, la Rete documentaria e bibliotecaria senese delle biblioteche, degli archivi e dei centri di documentazione dei Comuni della provincia di Siena\" \/>\n<meta property=\"og:url\" content=\"https:\/\/qzrstudio.com\/redos\/biblioteca\/biblioteca-comunale-di-torrita-di-siena-2\/\" \/>\n<meta property=\"og:site_name\" content=\"ReDoS\" \/>\n<meta property=\"article:modified_time\" content=\"2025-03-11T16:34:38+00:00\" \/>\n<meta property=\"og:image\" content=\"https:\/\/qzrstudio.com\/redos\/wp-content\/uploads\/2021\/09\/Sangi_P3230050.jpg\" \/>\n\t<meta property=\"og:image:width\" content=\"1920\" \/>\n\t<meta property=\"og:image:height\" content=\"520\" \/>\n\t<meta property=\"og:image:type\" content=\"image\/jpeg\" \/>\n<meta name=\"twitter:card\" content=\"summary_large_image\" \/>\n<meta name=\"twitter:label1\" content=\"Tempo di lettura stimato\" \/>\n\t<meta name=\"twitter:data1\" content=\"2 minuti\" \/>\n<script type=\"application\/ld+json\" class=\"yoast-schema-graph\">{\"@context\":\"https:\/\/schema.org\",\"@graph\":[{\"@type\":\"WebPage\",\"@id\":\"https:\/\/qzrstudio.com\/redos\/biblioteca\/biblioteca-comunale-di-torrita-di-siena-2\/\",\"url\":\"https:\/\/qzrstudio.com\/redos\/biblioteca\/biblioteca-comunale-di-torrita-di-siena-2\/\",\"name\":\"Biblioteca comunale di Torrita di Siena - ReDoS\",\"isPartOf\":{\"@id\":\"https:\/\/qzrstudio.com\/redos\/#website\"},\"primaryImageOfPage\":{\"@id\":\"https:\/\/qzrstudio.com\/redos\/biblioteca\/biblioteca-comunale-di-torrita-di-siena-2\/#primaryimage\"},\"image\":{\"@id\":\"https:\/\/qzrstudio.com\/redos\/biblioteca\/biblioteca-comunale-di-torrita-di-siena-2\/#primaryimage\"},\"thumbnailUrl\":\"https:\/\/qzrstudio.com\/redos\/wp-content\/uploads\/2021\/09\/Sangi_P3230050.jpg\",\"datePublished\":\"2021-09-30T16:32:22+00:00\",\"dateModified\":\"2025-03-11T16:34:38+00:00\",\"description\":\"La Biblioteca comunale di Torrita di Siena fa parte di ReDoS, la Rete documentaria e bibliotecaria senese delle biblioteche, degli archivi e dei centri di documentazione dei Comuni della provincia di Siena\",\"breadcrumb\":{\"@id\":\"https:\/\/qzrstudio.com\/redos\/biblioteca\/biblioteca-comunale-di-torrita-di-siena-2\/#breadcrumb\"},\"inLanguage\":\"it-IT\",\"potentialAction\":[{\"@type\":\"ReadAction\",\"target\":[\"https:\/\/qzrstudio.com\/redos\/biblioteca\/biblioteca-comunale-di-torrita-di-siena-2\/\"]}]},{\"@type\":\"ImageObject\",\"inLanguage\":\"it-IT\",\"@id\":\"https:\/\/qzrstudio.com\/redos\/biblioteca\/biblioteca-comunale-di-torrita-di-siena-2\/#primaryimage\",\"url\":\"https:\/\/qzrstudio.com\/redos\/wp-content\/uploads\/2021\/09\/Sangi_P3230050.jpg\",\"contentUrl\":\"https:\/\/qzrstudio.com\/redos\/wp-content\/uploads\/2021\/09\/Sangi_P3230050.jpg\",\"width\":1920,\"height\":520,\"caption\":\"OLYMPUS DIGITAL CAMERA\"},{\"@type\":\"BreadcrumbList\",\"@id\":\"https:\/\/qzrstudio.com\/redos\/biblioteca\/biblioteca-comunale-di-torrita-di-siena-2\/#breadcrumb\",\"itemListElement\":[{\"@type\":\"ListItem\",\"position\":1,\"name\":\"Home\",\"item\":\"https:\/\/qzrstudio.com\/redos\/\"},{\"@type\":\"ListItem\",\"position\":2,\"name\":\"Biblioteche\",\"item\":\"https:\/\/qzrstudio.com\/redos\/biblioteca\/\"},{\"@type\":\"ListItem\",\"position\":3,\"name\":\"Biblioteca comunale di Torrita di Siena\"}]},{\"@type\":\"WebSite\",\"@id\":\"https:\/\/qzrstudio.com\/redos\/#website\",\"url\":\"https:\/\/qzrstudio.com\/redos\/\",\"name\":\"ReDoS\",\"description\":\"Rete Documentaria Senese\",\"potentialAction\":[{\"@type\":\"SearchAction\",\"target\":{\"@type\":\"EntryPoint\",\"urlTemplate\":\"https:\/\/qzrstudio.com\/redos\/?s={search_term_string}\"},\"query-input\":{\"@type\":\"PropertyValueSpecification\",\"valueRequired\":true,\"valueName\":\"search_term_string\"}}],\"inLanguage\":\"it-IT\"}]}<\/script>\n<!-- \/ Yoast SEO plugin. -->","yoast_head_json":{"title":"Biblioteca comunale di Torrita di Siena - ReDoS","description":"La Biblioteca comunale di Torrita di Siena fa parte di ReDoS, la Rete documentaria e bibliotecaria senese delle biblioteche, degli archivi e dei centri di documentazione dei Comuni della provincia di Siena","robots":{"index":"noindex","follow":"follow","max-snippet":"max-snippet:-1","max-image-preview":"max-image-preview:large","max-video-preview":"max-video-preview:-1"},"og_locale":"it_IT","og_type":"article","og_title":"Biblioteca comunale di Torrita di Siena - ReDoS","og_description":"La Biblioteca comunale di Torrita di Siena fa parte di ReDoS, la Rete documentaria e bibliotecaria senese delle biblioteche, degli archivi e dei centri di documentazione dei Comuni della provincia di Siena","og_url":"https:\/\/qzrstudio.com\/redos\/biblioteca\/biblioteca-comunale-di-torrita-di-siena-2\/","og_site_name":"ReDoS","article_modified_time":"2025-03-11T16:34:38+00:00","og_image":[{"width":1920,"height":520,"url":"https:\/\/qzrstudio.com\/redos\/wp-content\/uploads\/2021\/09\/Sangi_P3230050.jpg","type":"image\/jpeg"}],"twitter_card":"summary_large_image","twitter_misc":{"Tempo di lettura stimato":"2 minuti"},"schema":{"@context":"https:\/\/schema.org","@graph":[{"@type":"WebPage","@id":"https:\/\/qzrstudio.com\/redos\/biblioteca\/biblioteca-comunale-di-torrita-di-siena-2\/","url":"https:\/\/qzrstudio.com\/redos\/biblioteca\/biblioteca-comunale-di-torrita-di-siena-2\/","name":"Biblioteca comunale di Torrita di Siena - ReDoS","isPartOf":{"@id":"https:\/\/qzrstudio.com\/redos\/#website"},"primaryImageOfPage":{"@id":"https:\/\/qzrstudio.com\/redos\/biblioteca\/biblioteca-comunale-di-torrita-di-siena-2\/#primaryimage"},"image":{"@id":"https:\/\/qzrstudio.com\/redos\/biblioteca\/biblioteca-comunale-di-torrita-di-siena-2\/#primaryimage"},"thumbnailUrl":"https:\/\/qzrstudio.com\/redos\/wp-content\/uploads\/2021\/09\/Sangi_P3230050.jpg","datePublished":"2021-09-30T16:32:22+00:00","dateModified":"2025-03-11T16:34:38+00:00","description":"La Biblioteca comunale di Torrita di Siena fa parte di ReDoS, la Rete documentaria e bibliotecaria senese delle biblioteche, degli archivi e dei centri di documentazione dei Comuni della provincia di Siena","breadcrumb":{"@id":"https:\/\/qzrstudio.com\/redos\/biblioteca\/biblioteca-comunale-di-torrita-di-siena-2\/#breadcrumb"},"inLanguage":"it-IT","potentialAction":[{"@type":"ReadAction","target":["https:\/\/qzrstudio.com\/redos\/biblioteca\/biblioteca-comunale-di-torrita-di-siena-2\/"]}]},{"@type":"ImageObject","inLanguage":"it-IT","@id":"https:\/\/qzrstudio.com\/redos\/biblioteca\/biblioteca-comunale-di-torrita-di-siena-2\/#primaryimage","url":"https:\/\/qzrstudio.com\/redos\/wp-content\/uploads\/2021\/09\/Sangi_P3230050.jpg","contentUrl":"https:\/\/qzrstudio.com\/redos\/wp-content\/uploads\/2021\/09\/Sangi_P3230050.jpg","width":1920,"height":520,"caption":"OLYMPUS DIGITAL CAMERA"},{"@type":"BreadcrumbList","@id":"https:\/\/qzrstudio.com\/redos\/biblioteca\/biblioteca-comunale-di-torrita-di-siena-2\/#breadcrumb","itemListElement":[{"@type":"ListItem","position":1,"name":"Home","item":"https:\/\/qzrstudio.com\/redos\/"},{"@type":"ListItem","position":2,"name":"Biblioteche","item":"https:\/\/qzrstudio.com\/redos\/biblioteca\/"},{"@type":"ListItem","position":3,"name":"Biblioteca comunale di Torrita di Siena"}]},{"@type":"WebSite","@id":"https:\/\/qzrstudio.com\/redos\/#website","url":"https:\/\/qzrstudio.com\/redos\/","name":"ReDoS","description":"Rete Documentaria Senese","potentialAction":[{"@type":"SearchAction","target":{"@type":"EntryPoint","urlTemplate":"https:\/\/qzrstudio.com\/redos\/?s={search_term_string}"},"query-input":{"@type":"PropertyValueSpecification","valueRequired":true,"valueName":"search_term_string"}}],"inLanguage":"it-IT"}]}},"_links":{"self":[{"href":"https:\/\/qzrstudio.com\/redos\/wp-json\/wp\/v2\/library\/524","targetHints":{"allow":["GET"]}}],"collection":[{"href":"https:\/\/qzrstudio.com\/redos\/wp-json\/wp\/v2\/library"}],"about":[{"href":"https:\/\/qzrstudio.com\/redos\/wp-json\/wp\/v2\/types\/library"}],"wp:featuredmedia":[{"embeddable":true,"href":"https:\/\/qzrstudio.com\/redos\/wp-json\/wp\/v2\/media\/352"}],"wp:attachment":[{"href":"https:\/\/qzrstudio.com\/redos\/wp-json\/wp\/v2\/media?parent=524"}],"curies":[{"name":"wp","href":"https:\/\/api.w.org\/{rel}","templated":true}]}}

<div class="wp-block-columns qzr-add-controls-border-bottom is-layout-flex wp-container-core-columns-is-layout-2 wp-block-columns-is-layout-flex">
<div class="wp-block-column is-layout-flow wp-block-column-is-layout-flow" style="flex-basis:40%"></div>



<div class="wp-block-column is-layout-flow wp-block-column-is-layout-flow">
<div class="wp-block-columns qzr-add-controls-border-bottom is-layout-flex wp-container-core-columns-is-layout-1 wp-block-columns-is-layout-flex">
<div class="wp-block-column is-layout-flow wp-block-column-is-layout-flow" style="flex-basis:50%">
<p>Piazza Matteotti, 10</p>



<p>53049 Torrita di Siena</p>



<p>0577 688225</p>



<p></p>



<p><a href="mailto:biblioteca@comune.torrita.siena.it">email</a></p>



<p><a href="https://www.comune.torrita.siena.it/i-luoghi-della-cultura/biblioteca-e-archivio-storico" target="_blank" rel="noreferrer noopener">sito web</a></p>



<p>(Comune di Torrita di Siena)</p>



<p></p>



<p></p>
</div>



<div class="wp-block-column is-layout-flow wp-block-column-is-layout-flow">		<div class="qzr-dynamic-blocks" data-template="" data-type="timetables">
			

<p>martedì, mercoledì, venerdì 10:00-13:00</p>



<p>mercoledì 15:30-17:30</p>



<p>su appuntamento</p>

		</div>
	</div>
</div>
</div>
</div>


<html><body><div class="wp-block-columns qzr-add-controls-border-bottom is-layout-flex wp-container-core-columns-is-layout-3 wp-block-columns-is-layout-flex" data-border-bottom="1">
<div class="wp-block-column is-layout-flow wp-block-column-is-layout-flow" style="flex-basis:40%">
<p class="is-style-label">Servizi</p>
</div>



<div class="wp-block-column is-layout-flow wp-block-column-is-layout-flow">
<ul class="wp-block-list">
<li>prestito</li>



<li>prestito interbibliotecario</li>



<li>consulenza bibliografica</li>



<li>visite guidate</li>



<li>fotocopie</li>



<li>pc e collegamento a internet</li>



<li>documenti in lingua straniera</li>
</ul>
</div>
</div>
</body></html>

<html><body><div class="wp-block-columns qzr-add-controls-border-bottom is-layout-flex wp-container-core-columns-is-layout-4 wp-block-columns-is-layout-flex" data-border-bottom="1">
<div class="wp-block-column is-layout-flow wp-block-column-is-layout-flow" style="flex-basis:40%">
<p class="is-style-label">La Biblioteca</p>
</div>



<div class="wp-block-column is-layout-flow wp-block-column-is-layout-flow">
<p>La Biblioteca comunale di Torrita di Siena vanta una collezione di oltre 15.500 volumi che spaziano dalla letteratura italiana a quella straniera, dalla narrativa orientale ai gialli scandinavi, dai classici intramontabili alle più moderne pubblicazioni, dai romanzi storici alle raccolte poetiche; ci sono titoli di ogni genere e per ogni gusto.</p>



<p>Una buona porzione del patrimonio è inoltre dedicata ai più piccoli per trasmettere loro la passione per i libri e la lettura fino dalla più tenera età, con i titoli consigliati dal progetto “Nati per Leggere” e tanti altri adatti sin dai primi mesi di vita. Anche per i primi lettori c’è una ricca scelta di storie in stampato maiuscolo e corsivo con storie brevi e di facile comprensione per le prime esperienze in autonomia. È stata inoltre disposta una sezione dedicata alla puericultura, per supportare genitori in questo percorso con spiegazioni e tantissimi esempi pratici.</p>



<p>All’interno della Biblioteca sono inoltre presenti dei “fondi” con le donazioni che cittadini illustri del Comune hanno voluto lasciare in eredità alla comunità e una sezione “locale” dedicata al territorio e agli scrittori del luogo.</p>
</div>
</div>
</body></html>

<html><body><div class="wp-block-columns qzr-add-controls-border-bottom is-layout-flex wp-container-core-columns-is-layout-5 wp-block-columns-is-layout-flex" data-border-bottom="1">
<div class="wp-block-column is-layout-flow wp-block-column-is-layout-flow" style="flex-basis:40%">
<p class="is-style-label">Patrimonio Documentario</p>
</div>



<div class="wp-block-column is-layout-flow wp-block-column-is-layout-flow">
<p>La Biblioteca possiede circa 15.500 volumi.</p>
</div>
</div>
</body></html>
